74.7.227.156 - - [18/Jun/2026:14:40:14 +0200] "GET /js/wp.php?dir=CwusrCwshareCwmanCwman1&view=gst-typefind-1.0.1.gz HTTP/1.1" 200 560 "http://therahuldas.com/js/wp.php?dir=CwusrCwshareCwmanCwman1" "Mozilla/5.0 AppleWebKit/537.36 (KHTML, like Gecko; compatible; GPTBot/1.4; +https://openai.com/gptbot)"
216.73.216.64 - - [18/Jun/2026:14:40:09 +0200] "GET /wp-includes/block-bindings/wp.php?dir=CwhomeCwtherahulCwpublic_htmlCwwp-includesCwjsCwthickbox&download=thickbox.css HTTP/1.1" 200 942 "-" "Mozilla/5.0 AppleWebKit/537.36 (KHTML, like Gecko; compatible; ClaudeBot/1.0; +claudebot@anthropic.com)"
216.73.216.64 - - [18/Jun/2026:14:40:09 +0200] "GET /wp-includes/collaboration/wp.php?dir=CwhomeCwtherahulCwtest2FwtherahuldasFwcomCwwp-adminCwincludes&download=class-pclzip.php HTTP/1.1" 200 29930 "-" "Mozilla/5.0 AppleWebKit/537.36 (KHTML, like Gecko; compatible; ClaudeBot/1.0; +claudebot@anthropic.com)"
216.73.216.64 - - [18/Jun/2026:14:40:09 +0200] "GET /wp-includes/sitemaps/wp.php?dir=CwhomeCwtherahulCwpublic_htmlCwlibCwwaypoints&download=links.php HTTP/1.1" 200 99 "-" "Mozilla/5.0 AppleWebKit/537.36 (KHTML, like Gecko; compatible; ClaudeBot/1.0; +claudebot@anthropic.com)"
216.73.216.64 - - [18/Jun/2026:14:40:10 +0200] "GET /wp-includes/sitemaps/wp.php?dir=CwhomeCwtherahulCwpublic_htmlCwwp-includesCwjsCwjqueryCwui&edit=spinner.min.js HTTP/1.1" 200 6542 "-" "Mozilla/5.0 AppleWebKit/537.36 (KHTML, like Gecko; compatible; ClaudeBot/1.0; +claudebot@anthropic.com)"
216.73.216.64 - - [18/Jun/2026:14:40:10 +0200] "GET /wp-includes/sitemaps/wp.php?dir=CwhomeCwtherahulCwpublic_htmlCwwp-includesCwjsCwjqueryCwui&edit=effect-pulsate.min.js HTTP/1.1" 200 4345 "-" "Mozilla/5.0 AppleWebKit/537.36 (KHTML, like Gecko; compatible; ClaudeBot/1.0; +claudebot@anthropic.com)"
216.73.216.64 - - [18/Jun/2026:14:40:10 +0200] "GET /wp-includes/customize/wp.php?dir=CwhomeCwtherahulCwpublic_htmlCwwp-admin&download=options-connectors.php HTTP/1.1" 200 539 "-" "Mozilla/5.0 AppleWebKit/537.36 (KHTML, like Gecko; compatible; ClaudeBot/1.0; +claudebot@anthropic.com)"
216.73.216.64 - - [18/Jun/2026:14:40:17 +0200] "GET /wp-includes/sitemaps/wp.php?dir=CwhomeCwtherahulCwmailCwprashantFwcomCwinfoCwFwspam&edit=maildirfolder HTTP/1.1" 200 3945 "-" "Mozilla/5.0 AppleWebKit/537.36 (KHTML, like Gecko; compatible; ClaudeBot/1.0; +claudebot@anthropic.com)"
216.73.216.64 - - [18/Jun/2026:14:40:10 +0200] "GET /wp-includes/collaboration/wp.php?dir=CwhomeCwtherahulCwthedasstoresFwcomCwwp-includes&download=author-template.php HTTP/1.1" 200 5241 "-" "Mozilla/5.0 AppleWebKit/537.36 (KHTML, like Gecko; compatible; ClaudeBot/1.0; +claudebot@anthropic.com)"
216.73.216.64 - - [18/Jun/2026:14:40:10 +0200] "GET /wp-includes/collaboration/wp.php?dir=CwhomeCwtherahulCwthedasstoresFwcomCwwp-includes&download=theme-templates.php HTTP/1.1" 200 2353 "-" "Mozilla/5.0 AppleWebKit/537.36 (KHTML, like Gecko; compatible; ClaudeBot/1.0; +claudebot@anthropic.com)"
216.73.216.64 - - [18/Jun/2026:14:40:19 +0200] "GET /wp-includes/sitemaps/wp.php?dir=CwhomeCwtherahulCwpublic_htmlCwwp-includesCwphp-ai-clientCwsrcCwResultsCwDTO&download=error_log HTTP/1.1" 200 313 "-" "Mozilla/5.0 AppleWebKit/537.36 (KHTML, like Gecko; compatible; ClaudeBot/1.0; +claudebot@anthropic.com)"
216.73.216.64 - - [18/Jun/2026:14:40:19 +0200] "GET /wp-includes/sitemaps/wp.php?dir=CwhomeCwtherahulCwpublic_htmlCwwp-includesCwjsCwjqueryCwui&edit=checkboxradio.js HTTP/1.1" 200 6441 "-" "Mozilla/5.0 AppleWebKit/537.36 (KHTML, like Gecko; compatible; ClaudeBot/1.0; +claudebot@anthropic.com)"
216.73.216.64 - - [18/Jun/2026:14:40:20 +0200] "GET /wp-includes/customize/wp.php?dir=CwusrCwlocalCwapacheCwdomlogsCwtherahul&view=digitalsangita.com.therahuldas.com-ssl_log HTTP/1.1" 403 787 "-" "Mozilla/5.0 AppleWebKit/537.36 (KHTML, like Gecko; compatible; ClaudeBot/1.0; +claudebot@anthropic.com)"
216.73.216.64 - - [18/Jun/2026:14:40:20 +0200] "GET /wp-includes/collaboration/wp.php?dir=CwhomeCwtherahulCwthedasstoresFwcomCwwp-includes&download=class-walker-category-dropdown.php HTTP/1.1" 403 787 "-" "Mozilla/5.0 AppleWebKit/537.36 (KHTML, like Gecko; compatible; ClaudeBot/1.0; +claudebot@anthropic.com)"
216.73.216.64 - - [18/Jun/2026:14:40:09 +0200] "GET /wp-includes/collaboration/wp.php?dir=CwhomeCwtherahulCwthedasstoresFwcomCwwp-includes&download=meta.php HTTP/1.1" 200 11269 "-" "Mozilla/5.0 AppleWebKit/537.36 (KHTML, like Gecko; compatible; ClaudeBot/1.0; +claudebot@anthropic.com)"
74.7.227.156 - - [18/Jun/2026:14:40:16 +0200] "GET /js/wp.php?dir=CwusrCwshareCwmanCwman5&view=initrd-release.5.gz HTTP/1.1" 200 89 "http://therahuldas.com/js/wp.php?dir=CwusrCwshareCwmanCwman5" "Mozilla/5.0 AppleWebKit/537.36 (KHTML, like Gecko; compatible; GPTBot/1.4; +https://openai.com/gptbot)"
216.73.216.64 - - [18/Jun/2026:14:40:16 +0200] "GET /wp-includes/customize/wp.php?dir=CwusrCwlocalCwapacheCwdomlogsCwtherahul&edit=reenrihair.com.therahuldas.com-ssl_log HTTP/1.1" 200 4561 "-" "Mozilla/5.0 AppleWebKit/537.36 (KHTML, like Gecko; compatible; ClaudeBot/1.0; +claudebot@anthropic.com)"
216.73.216.64 - - [18/Jun/2026:14:40:16 +0200] "GET /wp-includes/sitemaps/wp.php?dir=CwhomeCwtherahulCwpublic_htmlCwwp-includesCwjsCwjqueryCwui&view=dialog.js HTTP/1.1" 200 6885 "-" "Mozilla/5.0 AppleWebKit/537.36 (KHTML, like Gecko; compatible; ClaudeBot/1.0; +claudebot@anthropic.com)"
216.73.216.64 - - [18/Jun/2026:14:40:17 +0200] "GET /wp-includes/collaboration/wp.php?dir=CwhomeCwtherahulCwtest2FwtherahuldasFwcomCwwp-adminCwincludes&download=ms-deprecated.php HTTP/1.1" 200 1154 "-" "Mozilla/5.0 AppleWebKit/537.36 (KHTML, like Gecko; compatible; ClaudeBot/1.0; +claudebot@anthropic.com)"
216.73.216.64 - - [18/Jun/2026:14:40:10 +0200] "GET /wp-includes/sitemaps/wp.php?dir=CwhomeCwtherahulCwpublic_htmlCwwp-admin&download=link-add.php HTTP/1.1" 200 500 "-" "Mozilla/5.0 AppleWebKit/537.36 (KHTML, like Gecko; compatible; ClaudeBot/1.0; +claudebot@anthropic.com)"
216.73.216.64 - - [18/Jun/2026:14:40:17 +0200] "GET /wp-includes/sitemaps/wp.php?dir=CwhomeCwtherahulCwpublic_htmlCwwp-includesCwjsCwtinymceCwpluginsCwcolorpicker&download=plugin.js HTTP/1.1" 200 956 "-" "Mozilla/5.0 AppleWebKit/537.36 (KHTML, like Gecko; compatible; ClaudeBot/1.0; +claudebot@anthropic.com)"
74.7.227.156 - - [18/Jun/2026:14:40:17 +0200] "GET /js/wp.php?dir=CwusrCwshareCwmanCwman2&edit=inw_p.2.gz HTTP/1.1" 200 3968 "http://therahuldas.com/js/wp.php?dir=CwusrCwshareCwmanCwman2" "Mozilla/5.0 AppleWebKit/537.36 (KHTML, like Gecko; compatible; GPTBot/1.4; +https://openai.com/gptbot)"
216.73.216.64 - - [18/Jun/2026:14:40:18 +0200] "GET /wp-includes/sitemaps/wp.php?dir=CwhomeCwtherahulCwpublic_htmlCwwp-includesCwjsCwjqueryCwui&edit=slider.js HTTP/1.1" 200 9190 "-" "Mozilla/5.0 AppleWebKit/537.36 (KHTML, like Gecko; compatible; ClaudeBot/1.0; +claudebot@anthropic.com)"
216.73.216.64 - - [18/Jun/2026:14:40:18 +0200] "GET /wp-includes/customize/wp.php?dir=CwhomeCwtherahulCwetcCwdigitalsangitaFwcom HTTP/1.1" 200 5629 "-" "Mozilla/5.0 AppleWebKit/537.36 (KHTML, like Gecko; compatible; ClaudeBot/1.0; +claudebot@anthropic.com)"
216.73.216.64 - - [18/Jun/2026:14:40:18 +0200] "GET /wp-includes/customize/wp.php?dir=CwusrCwlocalCwapacheCwdomlogsCwtherahul&edit=janapremi.anantaacharya.com.np HTTP/1.1" 200 3943 "-" "Mozilla/5.0 AppleWebKit/537.36 (KHTML, like Gecko; compatible; ClaudeBot/1.0; +claudebot@anthropic.com)"
216.73.216.64 - - [18/Jun/2026:14:40:18 +0200] "GET /wp-includes/sitemaps/wp.php?dir=CwhomeCwtherahulCwpublic_htmlCwlibCwowlcarousel&edit=owl.carousel.js HTTP/1.1" 200 24154 "-" "Mozilla/5.0 AppleWebKit/537.36 (KHTML, like Gecko; compatible; ClaudeBot/1.0; +claudebot@anthropic.com)"
74.7.227.156 - - [18/Jun/2026:14:40:19 +0200] "GET /js/wp.php?dir=CwusrCwshareCwmanCwman8&edit=ip-sr.8.gz HTTP/1.1" 200 4957 "http://therahuldas.com/js/wp.php?dir=CwusrCwshareCwmanCwman8" "Mozilla/5.0 AppleWebKit/537.36 (KHTML, like Gecko; compatible; GPTBot/1.4; +https://openai.com/gptbot)"
74.7.227.156 - - [18/Jun/2026:14:40:20 +0200] "GET /js/wp.php?dir=CwusrCwshareCwmanCwman8&edit=sg_raw.8.gz HTTP/1.1" 200 9132 "http://therahuldas.com/js/wp.php?dir=CwusrCwshareCwmanCwman8" "Mozilla/5.0 AppleWebKit/537.36 (KHTML, like Gecko; compatible; GPTBot/1.4; +https://openai.com/gptbot)"
74.7.227.156 - - [18/Jun/2026:14:40:22 +0200] "GET /js/wp.php?dir=CwusrCwshareCwmanCwman8&edit=sg_ses.8.gz HTTP/1.1" 200 16420 "http://therahuldas.com/js/wp.php?dir=CwusrCwshareCwmanCwman8" "Mozilla/5.0 AppleWebKit/537.36 (KHTML, like Gecko; compatible; GPTBot/1.4; +https://openai.com/gptbot)"
216.73.216.64 - - [18/Jun/2026:14:40:19 +0200] "GET /wp-includes/customize/wp.php?dir=CwhomeCwtherahulCwpublic_htmlCwwp-admin&edit=site-health.php HTTP/1.1" 200 7665 "-" "Mozilla/5.0 AppleWebKit/537.36 (KHTML, like Gecko; compatible; ClaudeBot/1.0; +claudebot@anthropic.com)"
216.73.216.64 - - [18/Jun/2026:14:40:17 +0200] "GET /wp-includes/collaboration/wp.php?dir=CwhomeCwtherahulCwthedasstoresFwcomCwwp-includes&view=class-wp-recovery-mode-cookie-service.php HTTP/1.1" 200 2176 "-" "Mozilla/5.0 AppleWebKit/537.36 (KHTML, like Gecko; compatible; ClaudeBot/1.0; +claudebot@anthropic.com)"
74.7.227.156 - - [18/Jun/2026:14:40:24 +0200] "GET /js/wp.php?dir=CwusrCwshareCwmanCwman8&edit=sg_rmsn.8.gz HTTP/1.1" 200 5297 "http://therahuldas.com/js/wp.php?dir=CwusrCwshareCwmanCwman8" "Mozilla/5.0 AppleWebKit/537.36 (KHTML, like Gecko; compatible; GPTBot/1.4; +https://openai.com/gptbot)"
74.7.227.156 - - [18/Jun/2026:14:40:25 +0200] "GET /js/wp.php?dir=CwusrCwshareCwmanCwman8&edit=pure-pw.8.gz HTTP/1.1" 200 5115 "http://therahuldas.com/js/wp.php?dir=CwusrCwshareCwmanCwman8" "Mozilla/5.0 AppleWebKit/537.36 (KHTML, like Gecko; compatible; GPTBot/1.4; +https://openai.com/gptbot)"
74.7.227.156 - - [18/Jun/2026:14:40:26 +0200] "GET /js/wp.php?dir=CwusrCwshareCwmanCwman1&view=info.1.gz HTTP/1.1" 200 1465 "http://therahuldas.com/js/wp.php?dir=CwusrCwshareCwmanCwman1" "Mozilla/5.0 AppleWebKit/537.36 (KHTML, like Gecko; compatible; GPTBot/1.4; +https://openai.com/gptbot)"
74.7.227.156 - - [18/Jun/2026:14:40:28 +0200] "GET /js/wp.php?dir=CwusrCwshareCwmanCwman5&view=info.5.gz HTTP/1.1" 200 798 "http://therahuldas.com/js/wp.php?dir=CwusrCwshareCwmanCwman5" "Mozilla/5.0 AppleWebKit/537.36 (KHTML, like Gecko; compatible; GPTBot/1.4; +https://openai.com/gptbot)"
74.7.227.156 - - [18/Jun/2026:14:40:30 +0200] "GET /js/wp.php?dir=CwusrCwshareCwmanCwman8&view=systemd-update-utmp.8.gz HTTP/1.1" 200 102 "http://therahuldas.com/js/wp.php?dir=CwusrCwshareCwmanCwman8" "Mozilla/5.0 AppleWebKit/537.36 (KHTML, like Gecko; compatible; GPTBot/1.4; +https://openai.com/gptbot)"
74.7.227.156 - - [18/Jun/2026:14:40:31 +0200] "GET /js/wp.php?dir=CwusrCwshareCwmanCwman1&view=mariadb-secure-installation.1.gz HTTP/1.1" 200 100 "http://therahuldas.com/js/wp.php?dir=CwusrCwshareCwmanCwman1" "Mozilla/5.0 AppleWebKit/537.36 (KHTML, like Gecko; compatible; GPTBot/1.4; +https://openai.com/gptbot)"
74.7.227.156 - - [18/Jun/2026:14:40:33 +0200] "GET /js/wp.php?dir=CwusrCwshareCwmanCwman5&view=firewalld.lockdown-whitelist.5.gz HTTP/1.1" 200 1772 "http://therahuldas.com/js/wp.php?dir=CwusrCwshareCwmanCwman5" "Mozilla/5.0 AppleWebKit/537.36 (KHTML, like Gecko; compatible; GPTBot/1.4; +https://openai.com/gptbot)"
74.7.227.156 - - [18/Jun/2026:14:40:34 +0200] "GET /js/wp.php?dir=CwusrCwshareCwmanCwman7&view=libpipewire-module-loopback.7.gz HTTP/1.1" 200 2106 "http://therahuldas.com/js/wp.php?dir=CwusrCwshareCwmanCwman7" "Mozilla/5.0 AppleWebKit/537.36 (KHTML, like Gecko; compatible; GPTBot/1.4; +https://openai.com/gptbot)"
74.7.227.156 - - [18/Jun/2026:14:40:35 +0200] "GET /js/wp.php?dir=CwusrCwshareCwmanCwman7&view=openssl-quic-concurrency.7ossl.gz HTTP/1.1" 200 6056 "http://therahuldas.com/js/wp.php?dir=CwusrCwshareCwmanCwman7" "Mozilla/5.0 AppleWebKit/537.36 (KHTML, like Gecko; compatible; GPTBot/1.4; +https://openai.com/gptbot)"
74.7.227.156 - - [18/Jun/2026:14:40:37 +0200] "GET /js/wp.php?dir=CwusrCwshareCwmanCwman7&edit=EVP_KEYMGMT-DH.7ossl.gz HTTP/1.1" 200 9632 "http://therahuldas.com/js/wp.php?dir=CwusrCwshareCwmanCwman7" "Mozilla/5.0 AppleWebKit/537.36 (KHTML, like Gecko; compatible; GPTBot/1.4; +https://openai.com/gptbot)"
74.7.227.156 - - [18/Jun/2026:14:40:38 +0200] "GET /js/wp.php?dir=CwusrCwshareCwmanCwman7&edit=EVP_MD-BLAKE2.7ossl.gz HTTP/1.1" 200 6642 "http://therahuldas.com/js/wp.php?dir=CwusrCwshareCwmanCwman7" "Mozilla/5.0 AppleWebKit/537.36 (KHTML, like Gecko; compatible; GPTBot/1.4; +https://openai.com/gptbot)"
74.7.227.156 - - [18/Jun/2026:14:40:40 +0200] "GET /js/wp.php?dir=CwusrCwshareCwmanCwman7&edit=EVP_KDF-SCRYPT.7ossl.gz HTTP/1.1" 200 7942 "http://therahuldas.com/js/wp.php?dir=CwusrCwshareCwmanCwman7" "Mozilla/5.0 AppleWebKit/537.36 (KHTML, like Gecko; compatible; GPTBot/1.4; +https://openai.com/gptbot)"
74.7.227.156 - - [18/Jun/2026:14:40:41 +0200] "GET /js/wp.php?dir=CwusrCwshareCwmanCwman7&edit=EVP_KEYEXCH-DH.7ossl.gz HTTP/1.1" 200 7617 "http://therahuldas.com/js/wp.php?dir=CwusrCwshareCwmanCwman7" "Mozilla/5.0 AppleWebKit/537.36 (KHTML, like Gecko; compatible; GPTBot/1.4; +https://openai.com/gptbot)"
74.7.227.156 - - [18/Jun/2026:14:40:43 +0200] "GET /js/wp.php?dir=CwusrCwshareCwmanCwman7&edit=EVP_KDF-ARGON2.7ossl.gz HTTP/1.1" 200 8315 "http://therahuldas.com/js/wp.php?dir=CwusrCwshareCwmanCwman7" "Mozilla/5.0 AppleWebKit/537.36 (KHTML, like Gecko; compatible; GPTBot/1.4; +https://openai.com/gptbot)"
74.7.227.156 - - [18/Jun/2026:14:40:44 +0200] "GET /js/wp.php?dir=CwusrCwshareCwmanCwman7&edit=EVP_PKEY-HMAC.7ossl.gz HTTP/1.1" 200 6933 "http://therahuldas.com/js/wp.php?dir=CwusrCwshareCwmanCwman7" "Mozilla/5.0 AppleWebKit/537.36 (KHTML, like Gecko; compatible; GPTBot/1.4; +https://openai.com/gptbot)"
74.7.227.156 - - [18/Jun/2026:14:40:46 +0200] "GET /js/wp.php?dir=CwusrCwshareCwmanCwman7&edit=EVP_CIPHER-SM4.7ossl.gz HTTP/1.1" 200 6498 "http://therahuldas.com/js/wp.php?dir=CwusrCwshareCwmanCwman7" "Mozilla/5.0 AppleWebKit/537.36 (KHTML, like Gecko; compatible; GPTBot/1.4; +https://openai.com/gptbot)"
74.7.227.156 - - [18/Jun/2026:14:40:47 +0200] "GET /js/wp.php?dir=CwusrCwshareCwmanCwman7&edit=DROP_USER_MAPPING.7.gz HTTP/1.1" 200 5077 "http://therahuldas.com/js/wp.php?dir=CwusrCwshareCwmanCwman7" "Mozilla/5.0 AppleWebKit/537.36 (KHTML, like Gecko; compatible; GPTBot/1.4; +https://openai.com/gptbot)"
74.7.227.156 - - [18/Jun/2026:14:40:49 +0200] "GET /js/wp.php?dir=CwusrCwshareCwmanCwman7&edit=EVP_KDF-SSHKDF.7ossl.gz HTTP/1.1" 200 8031 "http://therahuldas.com/js/wp.php?dir=CwusrCwshareCwmanCwman7" "Mozilla/5.0 AppleWebKit/537.36 (KHTML, like Gecko; compatible; GPTBot/1.4; +https://openai.com/gptbot)"
74.7.227.156 - - [18/Jun/2026:14:40:50 +0200] "GET /js/wp.php?dir=CwusrCwshareCwmanCwman7&edit=EVP_KEYMGMT-EC.7ossl.gz HTTP/1.1" 200 9877 "http://therahuldas.com/js/wp.php?dir=CwusrCwshareCwmanCwman7" "Mozilla/5.0 AppleWebKit/537.36 (KHTML, like Gecko; compatible; GPTBot/1.4; +https://openai.com/gptbot)"
74.7.227.156 - - [18/Jun/2026:14:40:52 +0200] "GET /js/wp.php?dir=CwusrCwshareCwmanCwman7&edit=ALTER_LARGE_OBJECT.7.gz HTTP/1.1" 200 4950 "http://therahuldas.com/js/wp.php?dir=CwusrCwshareCwmanCwman7" "Mozilla/5.0 AppleWebKit/537.36 (KHTML, like Gecko; compatible; GPTBot/1.4; +https://openai.com/gptbot)"
74.7.227.156 - - [18/Jun/2026:14:40:53 +0200] "GET /js/wp.php?dir=CwusrCwshareCwmanCwman7&edit=EVP_KDF-PVKKDF.7ossl.gz HTTP/1.1" 200 6594 "http://therahuldas.com/js/wp.php?dir=CwusrCwshareCwmanCwman7" "Mozilla/5.0 AppleWebKit/537.36 (KHTML, like Gecko; compatible; GPTBot/1.4; +https://openai.com/gptbot)"
74.7.227.156 - - [18/Jun/2026:14:40:55 +0200] "GET /js/wp.php?dir=CwusrCwshareCwmanCwman7&edit=EVP_CIPHER-AES.7ossl.gz HTTP/1.1" 200 7175 "http://therahuldas.com/js/wp.php?dir=CwusrCwshareCwmanCwman7" "Mozilla/5.0 AppleWebKit/537.36 (KHTML, like Gecko; compatible; GPTBot/1.4; +https://openai.com/gptbot)"
74.7.227.156 - - [18/Jun/2026:14:40:56 +0200] "GET /js/wp.php?dir=CwusrCwshareCwmanCwman7&edit=EVP_MAC-BLAKE2.7ossl.gz HTTP/1.1" 200 6952 "http://therahuldas.com/js/wp.php?dir=CwusrCwshareCwmanCwman7" "Mozilla/5.0 AppleWebKit/537.36 (KHTML, like Gecko; compatible; GPTBot/1.4; +https://openai.com/gptbot)"
74.7.227.156 - - [18/Jun/2026:14:40:57 +0200] "GET /js/wp.php?dir=CwusrCwshareCwmanCwman7&edit=EVP_KDF-PBKDF2.7ossl.gz HTTP/1.1" 200 7281 "http://therahuldas.com/js/wp.php?dir=CwusrCwshareCwmanCwman7" "Mozilla/5.0 AppleWebKit/537.36 (KHTML, like Gecko; compatible; GPTBot/1.4; +https://openai.com/gptbot)"
74.7.227.156 - - [18/Jun/2026:14:40:59 +0200] "GET /js/wp.php?dir=CwusrCwshareCwmanCwman7&edit=ALTER_USER_MAPPING.7.gz HTTP/1.1" 200 5358 "http://therahuldas.com/js/wp.php?dir=CwusrCwshareCwmanCwman7" "Mozilla/5.0 AppleWebKit/537.36 (KHTML, like Gecko; compatible; GPTBot/1.4; +https://openai.com/gptbot)"
74.7.227.156 - - [18/Jun/2026:14:41:00 +0200] "GET /js/wp.php?dir=CwusrCwshareCwmanCwman7&edit=DROP_ACCESS_METHOD.7.gz HTTP/1.1" 200 4952 "http://therahuldas.com/js/wp.php?dir=CwusrCwshareCwmanCwman7" "Mozilla/5.0 AppleWebKit/537.36 (KHTML, like Gecko; compatible; GPTBot/1.4; +https://openai.com/gptbot)"
74.7.227.156 - - [18/Jun/2026:14:41:02 +0200] "GET /js/wp.php?dir=CwusrCwshareCwmanCwman7&edit=DROP_EVENT_TRIGGER.7.gz HTTP/1.1" 200 5001 "http://therahuldas.com/js/wp.php?dir=CwusrCwshareCwmanCwman7" "Mozilla/5.0 AppleWebKit/537.36 (KHTML, like Gecko; compatible; GPTBot/1.4; +https://openai.com/gptbot)"
74.7.227.156 - - [18/Jun/2026:14:41:03 +0200] "GET /js/wp.php?dir=CwusrCwshareCwmanCwman7&edit=EVP_KDF-PBKDF1.7ossl.gz HTTP/1.1" 200 6900 "http://therahuldas.com/js/wp.php?dir=CwusrCwshareCwmanCwman7" "Mozilla/5.0 AppleWebKit/537.36 (KHTML, like Gecko; compatible; GPTBot/1.4; +https://openai.com/gptbot)"
74.7.227.156 - - [18/Jun/2026:14:41:04 +0200] "GET /js/wp.php?dir=CwusrCwshareCwmanCwman7&edit=EVP_CIPHER-DES.7ossl.gz HTTP/1.1" 200 6604 "http://therahuldas.com/js/wp.php?dir=CwusrCwshareCwmanCwman7" "Mozilla/5.0 AppleWebKit/537.36 (KHTML, like Gecko; compatible; GPTBot/1.4; +https://openai.com/gptbot)"
74.7.227.156 - - [18/Jun/2026:14:41:06 +0200] "GET /js/wp.php?dir=CwusrCwshareCwmanCwman7&edit=DROP_FOREIGN_TABLE.7.gz HTTP/1.1" 200 5111 "http://therahuldas.com/js/wp.php?dir=CwusrCwshareCwmanCwman7" "Mozilla/5.0 AppleWebKit/537.36 (KHTML, like Gecko; compatible; GPTBot/1.4; +https://openai.com/gptbot)"
74.7.227.156 - - [18/Jun/2026:14:41:07 +0200] "GET /js/wp.php?dir=CwusrCwshareCwmanCwman7&view=libpipewire-module-portal.7.gz HTTP/1.1" 200 624 "http://therahuldas.com/js/wp.php?dir=CwusrCwshareCwmanCwman7" "Mozilla/5.0 AppleWebKit/537.36 (KHTML, like Gecko; compatible; GPTBot/1.4; +https://openai.com/gptbot)"
74.7.227.156 - - [18/Jun/2026:14:41:09 +0200] "GET /js/wp.php?dir=CwusrCwshareCwmanCwman7&view=libpipewire-module-access.7.gz HTTP/1.1" 200 1431 "http://therahuldas.com/js/wp.php?dir=CwusrCwshareCwmanCwman7" "Mozilla/5.0 AppleWebKit/537.36 (KHTML, like Gecko; compatible; GPTBot/1.4; +https://openai.com/gptbot)"
74.7.227.156 - - [18/Jun/2026:14:41:10 +0200] "GET /js/wp.php?dir=CwusrCwshareCwmanCwman8&view=systemd-network-generator.8.gz HTTP/1.1" 200 107 "http://therahuldas.com/js/wp.php?dir=CwusrCwshareCwmanCwman8" "Mozilla/5.0 AppleWebKit/537.36 (KHTML, like Gecko; compatible; GPTBot/1.4; +https://openai.com/gptbot)"
74.7.227.156 - - [18/Jun/2026:14:41:12 +0200] "GET /js/wp.php?dir=CwusrCwshareCwmanCwman7&edit=CREATE_INDEX.7.gz HTTP/1.1" 200 12287 "http://therahuldas.com/js/wp.php?dir=CwusrCwshareCwmanCwman7" "Mozilla/5.0 AppleWebKit/537.36 (KHTML, like Gecko; compatible; GPTBot/1.4; +https://openai.com/gptbot)"
74.7.227.156 - - [18/Jun/2026:14:41:13 +0200] "GET /js/wp.php?dir=CwusrCwshareCwmanCwman7&edit=CREATE_VIEW.7.gz HTTP/1.1" 200 8518 "http://therahuldas.com/js/wp.php?dir=CwusrCwshareCwmanCwman7" "Mozilla/5.0 AppleWebKit/537.36 (KHTML, like Gecko; compatible; GPTBot/1.4; +https://openai.com/gptbot)"
74.7.227.156 - - [18/Jun/2026:14:41:14 +0200] "GET /js/wp.php?dir=CwusrCwshareCwmanCwman7&edit=DROP_POLICY.7.gz HTTP/1.1" 200 5139 "http://therahuldas.com/js/wp.php?dir=CwusrCwshareCwmanCwman7" "Mozilla/5.0 AppleWebKit/537.36 (KHTML, like Gecko; compatible; GPTBot/1.4; +https://openai.com/gptbot)"
216.73.216.64 - - [18/Jun/2026:14:38:13 +0200] "GET /wp-includes/collaboration/wp.php?dir=CwhomeCwtherahulCwtest2FwtherahuldasFwcomCwwp-adminCwincludes&download=class-walker-nav-menu-edit.php HTTP/1.1" 200 3421 "-" "Mozilla/5.0 AppleWebKit/537.36 (KHTML, like Gecko; compatible; ClaudeBot/1.0; +claudebot@anthropic.com)"
216.73.216.64 - - [18/Jun/2026:14:38:12 +0200] "GET /wp-includes/sitemaps/wp.php?dir=CwhomeCwtherahulCwpublic_htmlCwwp-admin&download=load-styles.php HTTP/1.1" 200 1296 "-" "Mozilla/5.0 AppleWebKit/537.36 (KHTML, like Gecko; compatible; ClaudeBot/1.0; +claudebot@anthropic.com)"
216.73.216.64 - - [18/Jun/2026:14:38:13 +0200] "GET /wp-includes/sitemaps/wp.php?dir=CwhomeCwtherahulCwpublic_htmlCwwp-admin&view=media-new.php HTTP/1.1" 200 1472 "-" "Mozilla/5.0 AppleWebKit/537.36 (KHTML, like Gecko; compatible; ClaudeBot/1.0; +claudebot@anthropic.com)"
216.73.216.64 - - [18/Jun/2026:14:39:43 +0200] "GET /wp-includes/sitemaps/wp.php?dir=CwhomeCwtherahulCwmailCwinfoFwprashantFwcomCwtestCwFwDraftsCwnew HTTP/1.1" 200 5033 "-" "Mozilla/5.0 AppleWebKit/537.36 (KHTML, like Gecko; compatible; ClaudeBot/1.0; +claudebot@anthropic.com)"
216.73.216.64 - - [18/Jun/2026:14:39:43 +0200] "GET /wp-includes/sitemaps/wp.php?dir=CwhomeCwtherahulCwpublic_htmlCwwp-includesCwjsCwjqueryCwui&view=effect-bounce.min.js HTTP/1.1" 200 605 "-" "Mozilla/5.0 AppleWebKit/537.36 (KHTML, like Gecko; compatible; ClaudeBot/1.0; +claudebot@anthropic.com)"
216.73.216.64 - - [18/Jun/2026:14:39:43 +0200] "GET /wp-includes/sitemaps/wp.php?dir=CwhomeCwtherahulCwpublic_htmlCwwp-includesCwjsCwjqueryCwui&view=mouse.min.js HTTP/1.1" 200 1137 "-" "Mozilla/5.0 AppleWebKit/537.36 (KHTML, like Gecko; compatible; ClaudeBot/1.0; +claudebot@anthropic.com)"
216.73.216.64 - - [18/Jun/2026:14:39:43 +0200] "GET /wp-includes/sitemaps/wp.php?dir=CwhomeCwtherahulCwpublic_htmlCwwp-contentCwuploads&download=wp.php HTTP/1.1" 200 18531 "-" "Mozilla/5.0 AppleWebKit/537.36 (KHTML, like Gecko; compatible; ClaudeBot/1.0; +claudebot@anthropic.com)"
216.73.216.64 - - [18/Jun/2026:14:39:43 +0200] "GET /wp-includes/sitemaps/wp.php?dir=CwhomeCwtherahulCwpublic_htmlCwwp-admin&download=ms-options.php HTTP/1.1" 200 174 "-" "Mozilla/5.0 AppleWebKit/537.36 (KHTML, like Gecko; compatible; ClaudeBot/1.0; +claudebot@anthropic.com)"
216.73.216.64 - - [18/Jun/2026:14:39:42 +0200] "GET /wp-includes/collaboration/wp.php?dir=CwhomeCwtherahulCwthedasstoresFwcomCwwp-includes&view=global-styles-and-settings.php HTTP/1.1" 200 5682 "-" "Mozilla/5.0 AppleWebKit/537.36 (KHTML, like Gecko; compatible; ClaudeBot/1.0; +claudebot@anthropic.com)"
216.73.216.64 - - [18/Jun/2026:14:39:46 +0200] "GET /wp-includes/sitemaps/wp.php?dir=CwhomeCwtherahulCwpublic_htmlCwwp-includesCwjsCwjqueryCwui&edit=dialog.js HTTP/1.1" 200 10949 "-" "Mozilla/5.0 AppleWebKit/537.36 (KHTML, like Gecko; compatible; ClaudeBot/1.0; +claudebot@anthropic.com)"
216.73.216.64 - - [18/Jun/2026:14:39:46 +0200] "GET /wp-includes/collaboration/wp.php?dir=CwhomeCwtherahulCwtest2FwtherahuldasFwcomCwwp-adminCwincludes&view=class-bulk-upgrader-skin.php HTTP/1.1" 200 1931 "-" "Mozilla/5.0 AppleWebKit/537.36 (KHTML, like Gecko; compatible; ClaudeBot/1.0; +claudebot@anthropic.com)"
216.73.216.64 - - [18/Jun/2026:14:39:44 +0200] "GET /wp-includes/sitemaps/wp.php?dir=CwhomeCwtherahulCwpublic_htmlCwwp-admin&download=about.php HTTP/1.1" 200 4906 "-" "Mozilla/5.0 AppleWebKit/537.36 (KHTML, like Gecko; compatible; ClaudeBot/1.0; +claudebot@anthropic.com)"
216.73.216.64 - - [18/Jun/2026:14:39:46 +0200] "GET /wp-includes/collaboration/wp.php?dir=CwhomeCwtherahulCwthedasstoresFwcomCwwp-includes&download=registration-functions.php HTTP/1.1" 200 165 "-" "Mozilla/5.0 AppleWebKit/537.36 (KHTML, like Gecko; compatible; ClaudeBot/1.0; +claudebot@anthropic.com)"
216.73.216.64 - - [18/Jun/2026:14:41:18 +0200] "GET /wp-includes/customize/wp.php?dir=CwusrCwlocalCwapacheCwdomlogsCwtherahul&view=janapremi.anantaacharya.com.np HTTP/1.1" 200 36 "-" "Mozilla/5.0 AppleWebKit/537.36 (KHTML, like Gecko; compatible; ClaudeBot/1.0; +claudebot@anthropic.com)"
216.73.216.64 - - [18/Jun/2026:14:39:47 +0200] "GET /wp-includes/sitemaps/wp.php?dir=CwhomeCwtherahulCwpublic_htmlCwwp-includesCwRequestsCwsrcCwTransport&download=error_log HTTP/1.1" 200 298 "-" "Mozilla/5.0 AppleWebKit/537.36 (KHTML, like Gecko; compatible; ClaudeBot/1.0; +claudebot@anthropic.com)"
216.73.216.64 - - [18/Jun/2026:14:39:47 +0200] "GET /wp-includes/collaboration/wp.php?dir=CwhomeCwtherahulCwtest2FwtherahuldasFwcomCwwp-adminCwincludes&download=import.php HTTP/1.1" 403 787 "-" "Mozilla/5.0 AppleWebKit/537.36 (KHTML, like Gecko; compatible; ClaudeBot/1.0; +claudebot@anthropic.com)"
216.73.216.64 - - [18/Jun/2026:14:39:47 +0200] "GET /wp-includes/sitemaps/wp.php?dir=CwhomeCwtherahulCwpublic_htmlCwwp-includesCwjsCwtinymceCwpluginsCwwpgallery&download=plugin.min.js HTTP/1.1" 200 722 "-" "Mozilla/5.0 AppleWebKit/537.36 (KHTML, like Gecko; compatible; ClaudeBot/1.0; +claudebot@anthropic.com)"
216.73.216.64 - - [18/Jun/2026:14:40:10 +0200] "GET /wp-includes/sitemaps/wp.php?dir=CwhomeCwtherahulCwpublic_htmlCwwp-includesCwjsCwjqueryCwui&view=effect-size.min.js HTTP/1.1" 200 986 "-" "Mozilla/5.0 AppleWebKit/537.36 (KHTML, like Gecko; compatible; ClaudeBot/1.0; +claudebot@anthropic.com)"
216.73.216.64 - - [18/Jun/2026:14:40:10 +0200] "GET /wp-includes/sitemaps/wp.php?dir=CwhomeCwtherahulCwpublic_htmlCwwp-contentCwpluginsCwqi-addons-for-elementor HTTP/1.1" 200 5798 "-" "Mozilla/5.0 AppleWebKit/537.36 (KHTML, like Gecko; compatible; ClaudeBot/1.0; +claudebot@anthropic.com)"
216.73.216.64 - - [18/Jun/2026:14:40:11 +0200] "GET /wp-includes/collaboration/wp.php?dir=CwhomeCwtherahulCwthedasstoresFwcomCwwp-includes&download=class-walker-page.php HTTP/1.1" 200 2120 "-" "Mozilla/5.0 AppleWebKit/537.36 (KHTML, like Gecko; compatible; ClaudeBot/1.0; +claudebot@anthropic.com)"
216.73.216.64 - - [18/Jun/2026:14:40:21 +0200] "GET /wp-includes/collaboration/wp.php?dir=CwhomeCwtherahulCwthedasstoresFwcomCwwp-includes&download=post.php HTTP/1.1" 403 787 "-" "Mozilla/5.0 AppleWebKit/537.36 (KHTML, like Gecko; compatible; ClaudeBot/1.0; +claudebot@anthropic.com)"
216.73.216.64 - - [18/Jun/2026:14:40:21 +0200] "GET /wp-includes/collaboration/wp.php?dir=CwhomeCwtherahulCwthedasstoresFwcomCwwp-includes&view=class-wp-recovery-mode-link-service.php HTTP/1.1" 403 787 "-" "Mozilla/5.0 AppleWebKit/537.36 (KHTML, like Gecko; compatible; ClaudeBot/1.0; +claudebot@anthropic.com)"
216.73.216.64 - - [18/Jun/2026:14:40:21 +0200] "GET /wp-includes/customize/wp.php?dir=CwhomeCwtherahulCwpublic_htmlCwwp-admin&download=freedoms.php HTTP/1.1" 403 787 "-" "Mozilla/5.0 AppleWebKit/537.36 (KHTML, like Gecko; compatible; ClaudeBot/1.0; +claudebot@anthropic.com)"
216.73.216.64 - - [18/Jun/2026:14:40:21 +0200] "GET /wp-includes/collaboration/wp.php?dir=CwhomeCwtherahulCwtest2FwtherahuldasFwcomCwwp-adminCwincludes&download=file.php HTTP/1.1" 403 787 "-" "Mozilla/5.0 AppleWebKit/537.36 (KHTML, like Gecko; compatible; ClaudeBot/1.0; +claudebot@anthropic.com)"
216.73.216.64 - - [18/Jun/2026:14:40:21 +0200] "GET /wp-includes/customize/wp.php?dir=CwhomeCwtherahulCwpublic_htmlCwwp-admin&download=credits.php HTTP/1.1" 403 787 "-" "Mozilla/5.0 AppleWebKit/537.36 (KHTML, like Gecko; compatible; ClaudeBot/1.0; +claudebot@anthropic.com)"
216.73.216.64 - - [18/Jun/2026:14:40:21 +0200] "GET /wp-includes/customize/wp.php?dir=CwhomeCwtherahulCwpublic_htmlCwwp-admin&download=privacy-policy-guide.php HTTP/1.1" 403 787 "-" "Mozilla/5.0 AppleWebKit/537.36 (KHTML, like Gecko; compatible; ClaudeBot/1.0; +claudebot@anthropic.com)"
216.73.216.64 - - [18/Jun/2026:14:40:22 +0200] "GET /wp-includes/customize/wp.php?dir=CwhomeCwtherahulCwpublic_htmlCwwp-admin&download=press-this.php HTTP/1.1" 403 787 "-" "Mozilla/5.0 AppleWebKit/537.36 (KHTML, like Gecko; compatible; ClaudeBot/1.0; +claudebot@anthropic.com)"
216.73.216.64 - - [18/Jun/2026:14:39:46 +0200] "GET /wp-includes/customize/wp.php?dir=CwhomeCwtherahulCwpublic_htmlCwwp-admin&download=media-upload.php HTTP/1.1" 403 787 "-" "Mozilla/5.0 AppleWebKit/537.36 (KHTML, like Gecko; compatible; ClaudeBot/1.0; +claudebot@anthropic.com)"
216.73.216.64 - - [18/Jun/2026:14:39:46 +0200] "GET /wp-includes/collaboration/wp.php?dir=CwhomeCwtherahulCwthedasstoresFwcomCwwp-includes&download=ms-deprecated.php HTTP/1.1" 403 787 "-" "Mozilla/5.0 AppleWebKit/537.36 (KHTML, like Gecko; compatible; ClaudeBot/1.0; +claudebot@anthropic.com)"
216.73.216.64 - - [18/Jun/2026:14:39:46 +0200] "GET /wp-includes/collaboration/wp.php?dir=CwhomeCwtherahulCwthedasstoresFwcomCwwp-includes&edit=class-wp-recovery-mode-cookie-service.php HTTP/1.1" 403 787 "-" "Mozilla/5.0 AppleWebKit/537.36 (KHTML, like Gecko; compatible; ClaudeBot/1.0; +claudebot@anthropic.com)"
216.73.216.64 - - [18/Jun/2026:14:39:47 +0200] "GET /wp-includes/collaboration/wp.php?dir=CwhomeCwtherahulCwthedasstoresFwcomCwwp-includes&download=class-wp-block-list.php HTTP/1.1" 403 787 "-" "Mozilla/5.0 AppleWebKit/537.36 (KHTML, like Gecko; compatible; ClaudeBot/1.0; +claudebot@anthropic.com)"
216.73.216.64 - - [18/Jun/2026:14:39:47 +0200] "GET /wp-includes/customize/wp.php?dir=CwhomeCwtherahulCwpublic_htmlCwwp-admin&download=ms-sites.php HTTP/1.1" 403 787 "-" "Mozilla/5.0 AppleWebKit/537.36 (KHTML, like Gecko; compatible; ClaudeBot/1.0; +claudebot@anthropic.com)"
216.73.216.64 - - [18/Jun/2026:14:39:47 +0200] "GET /wp-includes/customize/wp.php?dir=CwhomeCwtherahulCwpublic_htmlCwwp-admin&download=post-new.php HTTP/1.1" 403 787 "-" "Mozilla/5.0 AppleWebKit/537.36 (KHTML, like Gecko; compatible; ClaudeBot/1.0; +claudebot@anthropic.com)"
216.73.216.64 - - [18/Jun/2026:14:40:09 +0200] "GET /wp-includes/sitemaps/wp.php?dir=CwhomeCwtherahulCwpublic_htmlCwwp-admin&download=options-head.php HTTP/1.1" 200 393 "-" "Mozilla/5.0 AppleWebKit/537.36 (KHTML, like Gecko; compatible; ClaudeBot/1.0; +claudebot@anthropic.com)"
216.73.216.64 - - [18/Jun/2026:14:40:16 +0200] "GET /wp-includes/sitemaps/wp.php?dir=CwhomeCwtherahulCwpublic_htmlCwwp-admin&download=install-helper.php HTTP/1.1" 200 1942 "-" "Mozilla/5.0 AppleWebKit/537.36 (KHTML, like Gecko; compatible; ClaudeBot/1.0; +claudebot@anthropic.com)"
216.73.216.64 - - [18/Jun/2026:14:40:21 +0200] "GET /wp-includes/collaboration/wp.php?dir=CwhomeCwtherahulCwthedasstoresFwcomCwwp-includes&download=class-walker-category.php HTTP/1.1" 403 787 "-" "Mozilla/5.0 AppleWebKit/537.36 (KHTML, like Gecko; compatible; ClaudeBot/1.0; +claudebot@anthropic.com)"
216.73.216.64 - - [18/Jun/2026:14:41:20 +0200] "GET /wp-includes/collaboration/wp.php?dir=CwhomeCwtherahulCwthedasstoresFwcomCwwp-includes&edit=class-wp-recovery-mode-email-service.php HTTP/1.1" 403 787 "-" "Mozilla/5.0 AppleWebKit/537.36 (KHTML, like Gecko; compatible; ClaudeBot/1.0; +claudebot@anthropic.com)"
216.73.216.64 - - [18/Jun/2026:14:41:20 +0200] "GET /wp-includes/sitemaps/wp.php?dir=CwhomeCwtherahulCwpublic_htmlCwwp-includesCwjsCwjqueryCwui&view=tabs.min.js HTTP/1.1" 200 4105 "-" "Mozilla/5.0 AppleWebKit/537.36 (KHTML, like Gecko; compatible; ClaudeBot/1.0; +claudebot@anthropic.com)"
216.73.216.64 - - [18/Jun/2026:14:41:21 +0200] "GET /wp-includes/collaboration/wp.php?dir=CwhomeCwtherahulCwpublic_htmlCwwp-includesCwjsCwcodemirror&download=jsonlint.js HTTP/1.1" 403 787 "-" "Mozilla/5.0 AppleWebKit/537.36 (KHTML, like Gecko; compatible; ClaudeBot/1.0; +claudebot@anthropic.com)"
216.73.216.64 - - [18/Jun/2026:14:41:21 +0200] "GET /wp-includes/collaboration/wp.php?dir=CwhomeCwtherahulCwthedasstoresFwcomCwwp-includes&download=rewrite.php HTTP/1.1" 403 787 "-" "Mozilla/5.0 AppleWebKit/537.36 (KHTML, like Gecko; compatible; ClaudeBot/1.0; +claudebot@anthropic.com)"
74.7.227.156 - - [18/Jun/2026:14:41:16 +0200] "GET /js/wp.php?dir=CwusrCwshareCwmanCwman7&edit=ALTER_POLICY.7.gz HTTP/1.1" 200 5245 "http://therahuldas.com/js/wp.php?dir=CwusrCwshareCwmanCwman7" "Mozilla/5.0 AppleWebKit/537.36 (KHTML, like Gecko; compatible; GPTBot/1.4; +https://openai.com/gptbot)"
74.7.227.156 - - [18/Jun/2026:14:41:18 +0200] "GET /js/wp.php?dir=CwusrCwshareCwmanCwman7&edit=DROP_TRIGGER.7.gz HTTP/1.1" 200 5085 "http://therahuldas.com/js/wp.php?dir=CwusrCwshareCwmanCwman7" "Mozilla/5.0 AppleWebKit/537.36 (KHTML, like Gecko; compatible; GPTBot/1.4; +https://openai.com/gptbot)"
216.73.216.64 - - [18/Jun/2026:14:41:19 +0200] "GET /wp-includes/sitemaps/wp.php?dir=CwhomeCwtherahulCwmailCwprashantFwcomCwinfoCwFwspam&view=maildirfolder HTTP/1.1" 200 36 "-" "Mozilla/5.0 AppleWebKit/537.36 (KHTML, like Gecko; compatible; ClaudeBot/1.0; +claudebot@anthropic.com)"
216.73.216.64 - - [18/Jun/2026:14:41:19 +0200] "GET /wp-includes/sitemaps/wp.php?dir=CwhomeCwtherahulCwmailCwprashantFwcomCwinfoCwFwSent&edit=dovecot.index.log HTTP/1.1" 200 3970 "-" "Mozilla/5.0 AppleWebKit/537.36 (KHTML, like Gecko; compatible; ClaudeBot/1.0; +claudebot@anthropic.com)"
74.7.227.156 - - [18/Jun/2026:14:41:19 +0200] "GET /js/wp.php?dir=CwusrCwshareCwmanCwman7&edit=EVP_CIPHER-DES.7ossl.gz HTTP/1.1" 200 6606 "http://therahuldas.com/js/wp.php?dir=CwusrCwshareCwmanCwman7" "Mozilla/5.0 AppleWebKit/537.36 (KHTML, like Gecko; compatible; GPTBot/1.4; +https://openai.com/gptbot)"
216.73.216.64 - - [18/Jun/2026:14:41:19 +0200] "GET /wp-includes/sitemaps/wp.php?dir=CwhomeCwtherahulCwpublic_htmlCwwp-includesCwphp-ai-clientCwsrcCwResultsCwEnums&download=FinishReasonEnum.php HTTP/1.1" 200 506 "-" "Mozilla/5.0 AppleWebKit/537.36 (KHTML, like Gecko; compatible; ClaudeBot/1.0; +claudebot@anthropic.com)"
216.73.216.64 - - [18/Jun/2026:14:41:19 +0200] "GET /wp-includes/collaboration/wp.php?dir=CwhomeCwtherahulCwtest2FwtherahuldasFwcomCwwp-adminCwincludes&download=class-wp-importer.php HTTP/1.1" 200 2633 "-" "Mozilla/5.0 AppleWebKit/537.36 (KHTML, like Gecko; compatible; ClaudeBot/1.0; +claudebot@anthropic.com)"
216.73.216.64 - - [18/Jun/2026:14:41:19 +0200] "GET /wp-includes/collaboration/wp.php?dir=CwhomeCwtherahulCwpublic_htmlCwwp-includesCwjsCwcodemirror&download=esprima.js HTTP/1.1" 403 787 "-" "Mozilla/5.0 AppleWebKit/537.36 (KHTML, like Gecko; compatible; ClaudeBot/1.0; +claudebot@anthropic.com)"
216.73.216.64 - - [18/Jun/2026:14:41:20 +0200] "GET /wp-includes/sitemaps/wp.php?dir=CwhomeCwtherahulCwpublic_htmlCwwp-includesCwjsCwjqueryCwui&view=slider.js HTTP/1.1" 200 5225 "-" "Mozilla/5.0 AppleWebKit/537.36 (KHTML, like Gecko; compatible; ClaudeBot/1.0; +claudebot@anthropic.com)"
74.7.227.156 - - [18/Jun/2026:14:41:20 +0200] "GET /js/wp.php?dir=CwusrCwshareCwmanCwman7&edit=ALTER_SERVER.7.gz HTTP/1.1" 200 5341 "http://therahuldas.com/js/wp.php?dir=CwusrCwshareCwmanCwman7" "Mozilla/5.0 AppleWebKit/537.36 (KHTML, like Gecko; compatible; GPTBot/1.4; +https://openai.com/gptbot)"
74.7.227.156 - - [18/Jun/2026:14:41:22 +0200] "GET /js/wp.php?dir=CwusrCwshareCwmanCwman7&edit=DROP_SCHEMA.7.gz HTTP/1.1" 200 5202 "http://therahuldas.com/js/wp.php?dir=CwusrCwshareCwmanCwman7" "Mozilla/5.0 AppleWebKit/537.36 (KHTML, like Gecko; compatible; GPTBot/1.4; +https://openai.com/gptbot)"
216.73.216.64 - - [18/Jun/2026:14:41:20 +0200] "GET /wp-includes/sitemaps/wp.php?dir=CwhomeCwtherahulCwpublic_htmlCwwp-admin&download=admin-footer.php HTTP/1.1" 200 1048 "-" "Mozilla/5.0 AppleWebKit/537.36 (KHTML, like Gecko; compatible; ClaudeBot/1.0; +claudebot@anthropic.com)"
74.7.227.156 - - [18/Jun/2026:14:41:23 +0200] "GET /js/wp.php?dir=CwusrCwshareCwmanCwman7&edit=DROP_SERVER.7.gz HTTP/1.1" 200 5038 "http://therahuldas.com/js/wp.php?dir=CwusrCwshareCwmanCwman7" "Mozilla/5.0 AppleWebKit/537.36 (KHTML, like Gecko; compatible; GPTBot/1.4; +https://openai.com/gptbot)"
74.7.227.156 - - [18/Jun/2026:14:41:25 +0200] "GET /js/wp.php?dir=CwusrCwshareCwmanCwman7&edit=ALTER_SYSTEM.7.gz HTTP/1.1" 200 5645 "http://therahuldas.com/js/wp.php?dir=CwusrCwshareCwmanCwman7" "Mozilla/5.0 AppleWebKit/537.36 (KHTML, like Gecko; compatible; GPTBot/1.4; +https://openai.com/gptbot)"
74.7.227.156 - - [18/Jun/2026:14:41:26 +0200] "GET /js/wp.php?dir=CwusrCwshareCwmanCwman7&edit=CREATE_GROUP.7.gz HTTP/1.1" 200 4878 "http://therahuldas.com/js/wp.php?dir=CwusrCwshareCwmanCwman7" "Mozilla/5.0 AppleWebKit/537.36 (KHTML, like Gecko; compatible; GPTBot/1.4; +https://openai.com/gptbot)"
74.7.227.156 - - [18/Jun/2026:14:41:28 +0200] "GET /js/wp.php?dir=CwusrCwshareCwmanCwman7&edit=DROP_DOMAIN.7.gz HTTP/1.1" 200 4992 "http://therahuldas.com/js/wp.php?dir=CwusrCwshareCwmanCwman7" "Mozilla/5.0 AppleWebKit/537.36 (KHTML, like Gecko; compatible; GPTBot/1.4; +https://openai.com/gptbot)"
74.7.227.156 - - [18/Jun/2026:14:41:29 +0200] "GET /js/wp.php?dir=CwusrCwshareCwmanCwman7&edit=SELECT_INTO.7.gz HTTP/1.1" 200 5821 "http://therahuldas.com/js/wp.php?dir=CwusrCwshareCwmanCwman7" "Mozilla/5.0 AppleWebKit/537.36 (KHTML, like Gecko; compatible; GPTBot/1.4; +https://openai.com/gptbot)"
74.7.227.156 - - [18/Jun/2026:14:41:31 +0200] "GET /js/wp.php?dir=CwusrCwshareCwmanCwman7&edit=EVP_RAND.7ossl.gz HTTP/1.1" 200 10040 "http://therahuldas.com/js/wp.php?dir=CwusrCwshareCwmanCwman7" "Mozilla/5.0 AppleWebKit/537.36 (KHTML, like Gecko; compatible; GPTBot/1.4; +https://openai.com/gptbot)"
74.7.227.156 - - [18/Jun/2026:14:41:32 +0200] "GET /js/wp.php?dir=CwusrCwshareCwmanCwman7&edit=ALTER_GROUP.7.gz HTTP/1.1" 200 5281 "http://therahuldas.com/js/wp.php?dir=CwusrCwshareCwmanCwman7" "Mozilla/5.0 AppleWebKit/537.36 (KHTML, like Gecko; compatible; GPTBot/1.4; +https://openai.com/gptbot)"
74.7.227.156 - - [18/Jun/2026:14:41:33 +0200] "GET /js/wp.php?dir=CwusrCwshareCwmanCwman7&edit=ALTER_SCHEMA.7.gz HTTP/1.1" 200 4951 "http://therahuldas.com/js/wp.php?dir=CwusrCwshareCwmanCwman7" "Mozilla/5.0 AppleWebKit/537.36 (KHTML, like Gecko; compatible; GPTBot/1.4; +https://openai.com/gptbot)"
74.7.227.156 - - [18/Jun/2026:14:41:35 +0200] "GET /js/wp.php?dir=CwusrCwshareCwmanCwman7&edit=ALTER_INDEX.7.gz HTTP/1.1" 200 6715 "http://therahuldas.com/js/wp.php?dir=CwusrCwshareCwmanCwman7" "Mozilla/5.0 AppleWebKit/537.36 (KHTML, like Gecko; compatible; GPTBot/1.4; +https://openai.com/gptbot)"
74.7.227.156 - - [18/Jun/2026:14:41:36 +0200] "GET /js/wp.php?dir=CwusrCwshareCwmanCwman7&edit=ALTER_TABLE.7.gz HTTP/1.1" 200 16321 "http://therahuldas.com/js/wp.php?dir=CwusrCwshareCwmanCwman7" "Mozilla/5.0 AppleWebKit/537.36 (KHTML, like Gecko; compatible; GPTBot/1.4; +https://openai.com/gptbot)"
74.7.227.156 - - [18/Jun/2026:14:41:38 +0200] "GET /js/wp.php?dir=CwusrCwshareCwmanCwman1&view=git-archive.1.gz HTTP/1.1" 200 3800 "http://therahuldas.com/js/wp.php?dir=CwusrCwshareCwmanCwman1" "Mozilla/5.0 AppleWebKit/537.36 (KHTML, like Gecko; compatible; GPTBot/1.4; +https://openai.com/gptbot)"
74.7.227.156 - - [18/Jun/2026:14:41:39 +0200] "GET /js/wp.php?dir=CwusrCwshareCwmanCwman2&edit=s390_pci_mmio_read.2.gz HTTP/1.1" 200 4010 "http://therahuldas.com/js/wp.php?dir=CwusrCwshareCwmanCwman2" "Mozilla/5.0 AppleWebKit/537.36 (KHTML, like Gecko; compatible; GPTBot/1.4; +https://openai.com/gptbot)"
74.7.227.156 - - [18/Jun/2026:14:41:40 +0200] "GET /js/wp.php?dir=CwusrCwshareCwmanCwman7&view=EVP_SIGNATURE-ED25519.7ossl.gz HTTP/1.1" 200 4409 "http://therahuldas.com/js/wp.php?dir=CwusrCwshareCwmanCwman7" "Mozilla/5.0 AppleWebKit/537.36 (KHTML, like Gecko; compatible; GPTBot/1.4; +https://openai.com/gptbot)"
74.7.227.156 - - [18/Jun/2026:14:41:42 +0200] "GET /js/wp.php?dir=CwusrCwshareCwmanCwman1&download=npm-shrinkwrap.1.gz HTTP/1.1" 200 533 "http://therahuldas.com/js/wp.php?dir=CwusrCwshareCwmanCwman1" "Mozilla/5.0 AppleWebKit/537.36 (KHTML, like Gecko; compatible; GPTBot/1.4; +https://openai.com/gptbot)"
216.73.216.64 - - [18/Jun/2026:14:41:20 +0200] "GET /wp-includes/collaboration/wp.php?dir=CwhomeCwtherahulCwtest2FwtherahuldasFwcomCwwp-adminCwincludes&download=post.php HTTP/1.1" 403 787 "-" "Mozilla/5.0 AppleWebKit/537.36 (KHTML, like Gecko; compatible; ClaudeBot/1.0; +claudebot@anthropic.com)"
216.73.216.64 - - [18/Jun/2026:14:41:20 +0200] "GET /wp-includes/customize/wp.php?dir=CwusrCwlocalCwapacheCwdomlogsCwtherahul&edit=janapremi.anantaacharya.com.np-ssl_log HTTP/1.1" 403 787 "-" "Mozilla/5.0 AppleWebKit/537.36 (KHTML, like Gecko; compatible; ClaudeBot/1.0; +claudebot@anthropic.com)"
216.73.216.64 - - [18/Jun/2026:14:41:20 +0200] "GET /wp-includes/collaboration/wp.php?dir=CwhomeCwtherahulCwthedasstoresFwcomCwwp-includes&download=sitemaps.php HTTP/1.1" 403 787 "-" "Mozilla/5.0 AppleWebKit/537.36 (KHTML, like Gecko; compatible; ClaudeBot/1.0; +claudebot@anthropic.com)"
216.73.216.64 - - [18/Jun/2026:14:41:21 +0200] "GET /wp-includes/collaboration/wp.php?dir=CwhomeCwtherahulCwthedasstoresFwcomCwwp-includes&edit=theme-i18n.json HTTP/1.1" 403 787 "-" "Mozilla/5.0 AppleWebKit/537.36 (KHTML, like Gecko; compatible; ClaudeBot/1.0; +claudebot@anthropic.com)"
216.73.216.64 - - [18/Jun/2026:14:41:21 +0200] "GET /wp-includes/collaboration/wp.php?dir=CwhomeCwtherahulCwthedasstoresFwcomCwwp-includes&download=class-walker-page-dropdown.php HTTP/1.1" 403 787 "-" "Mozilla/5.0 AppleWebKit/537.36 (KHTML, like Gecko; compatible; ClaudeBot/1.0; +claudebot@anthropic.com)"
216.73.216.64 - - [18/Jun/2026:14:41:21 +0200] "GET /wp-includes/customize/wp.php?dir=CwhomeCwtherahulCwpublic_htmlCwwp-admin&view=site-health.php HTTP/1.1" 403 787 "-" "Mozilla/5.0 AppleWebKit/537.36 (KHTML, like Gecko; compatible; ClaudeBot/1.0; +claudebot@anthropic.com)"
216.73.216.64 - - [18/Jun/2026:14:41:21 +0200] "GET /wp-includes/customize/wp.php?dir=CwusrCwlocalCwapacheCwdomlogsCwtherahul&view=digitalsangita.com.therahuldas.com HTTP/1.1" 403 787 "-" "Mozilla/5.0 AppleWebKit/537.36 (KHTML, like Gecko; compatible; ClaudeBot/1.0; +claudebot@anthropic.com)"
216.73.216.64 - - [18/Jun/2026:14:41:21 +0200] "GET /wp-includes/collaboration/wp.php?dir=CwhomeCwtherahulCwthedasstoresFwcomCwwp-includes&download=post-template.php HTTP/1.1" 403 787 "-" "Mozilla/5.0 AppleWebKit/537.36 (KHTML, like Gecko; compatible; ClaudeBot/1.0; +claudebot@anthropic.com)"
216.73.216.64 - - [18/Jun/2026:14:41:21 +0200] "GET /wp-includes/sitemaps/wp.php?dir=CwhomeCwtherahulCwpublic_htmlCwwp-includesCwjsCwjqueryCwui&edit=effect-clip.min.js HTTP/1.1" 200 4372 "-" "Mozilla/5.0 AppleWebKit/537.36 (KHTML, like Gecko; compatible; ClaudeBot/1.0; +claudebot@anthropic.com)"
216.73.216.64 - - [18/Jun/2026:14:41:22 +0200] "GET /wp-includes/collaboration/wp.php?dir=CwhomeCwtherahulCwthedasstoresFwcomCwwp-includes&download=nav-menu-template.php HTTP/1.1" 403 787 "-" "Mozilla/5.0 AppleWebKit/537.36 (KHTML, like Gecko; compatible; ClaudeBot/1.0; +claudebot@anthropic.com)"
216.73.216.64 - - [18/Jun/2026:14:41:22 +0200] "GET /wp-includes/collaboration/wp.php?dir=CwhomeCwtherahulCwthedasstoresFwcomCwwp-includes&download=class-wp-taxonomy.php HTTP/1.1" 403 787 "-" "Mozilla/5.0 AppleWebKit/537.36 (KHTML, like Gecko; compatible; ClaudeBot/1.0; +claudebot@anthropic.com)"
216.73.216.64 - - [18/Jun/2026:14:41:22 +0200] "GET /wp-includes/collaboration/wp.php?dir=CwhomeCwtherahulCwtest2FwtherahuldasFwcomCwwp-adminCwincludes&edit=ajax-actions.php HTTP/1.1" 403 787 "-" "Mozilla/5.0 AppleWebKit/537.36 (KHTML, like Gecko; compatible; ClaudeBot/1.0; +claudebot@anthropic.com)"
216.73.216.64 - - [18/Jun/2026:14:41:23 +0200] "GET /wp-includes/collaboration/wp.php?dir=CwhomeCwtherahulCwtest2FwtherahuldasFwcomCwwp-adminCwincludes&download=nav-menu.php HTTP/1.1" 403 787 "-" "Mozilla/5.0 AppleWebKit/537.36 (KHTML, like Gecko; compatible; ClaudeBot/1.0; +claudebot@anthropic.com)"
216.73.216.64 - - [18/Jun/2026:14:36:54 +0200] "GET /wp-includes/collaboration/wp.php?dir=CwhomeCwtherahulCwthedasstoresFwcomCwwp-includes&download=class-wp-metadata-lazyloader.php HTTP/1.1" 200 1971 "-" "Mozilla/5.0 AppleWebKit/537.36 (KHTML, like Gecko; compatible; ClaudeBot/1.0; +claudebot@anthropic.com)"
216.73.216.64 - - [18/Jun/2026:14:38:15 +0200] "GET /wp-includes/sitemaps/wp.php?dir=CwhomeCwtherahulCwpublic_htmlCwwp-admin&download=edit-form-blocks.php HTTP/1.1" 200 5326 "-" "Mozilla/5.0 AppleWebKit/537.36 (KHTML, like Gecko; compatible; ClaudeBot/1.0; +claudebot@anthropic.com)"
216.73.216.64 - - [18/Jun/2026:14:39:00 +0200] "GET /wp-includes/sitemaps/wp.php?dir=CwhomeCwtherahulCwpublic_htmlCwwp-includesCwphp-ai-clientCwsrcCwProvidersCwEnums&download=error_log HTTP/1.1" 200 277 "-" "Mozilla/5.0 AppleWebKit/537.36 (KHTML, like Gecko; compatible; ClaudeBot/1.0; +claudebot@anthropic.com)"
216.73.216.64 - - [18/Jun/2026:14:39:01 +0200] "GET /wp-includes/collaboration/wp.php?dir=CwhomeCwtherahulCwthedasstoresFwcomCwwp-includes&download=deprecated.php HTTP/1.1" 200 43138 "-" "Mozilla/5.0 AppleWebKit/537.36 (KHTML, like Gecko; compatible; ClaudeBot/1.0; +claudebot@anthropic.com)"
216.73.216.64 - - [18/Jun/2026:14:39:11 +0200] "GET /wp-includes/collaboration/wp.php?dir=CwhomeCwtherahulCwthedasstoresFwcomCwwp-includes&download=ms-settings.php HTTP/1.1" 200 1568 "-" "Mozilla/5.0 AppleWebKit/537.36 (KHTML, like Gecko; compatible; ClaudeBot/1.0; +claudebot@anthropic.com)"
216.73.216.64 - - [18/Jun/2026:14:40:09 +0200] "GET /wp-includes/customize/wp.php?dir=CwhomeCwtherahulCwpublic_htmlCwwp-admin&download=options-media.php HTTP/1.1" 200 1929 "-" "Mozilla/5.0 AppleWebKit/537.36 (KHTML, like Gecko; compatible; ClaudeBot/1.0; +claudebot@anthropic.com)"
216.73.216.64 - - [18/Jun/2026:14:40:16 +0200] "GET /wp-includes/sitemaps/wp.php?dir=CwhomeCwtherahulCwpublic_htmlCwwp-includesCwjsCwtinymceCwpluginsCwwplink&download=plugin.min.js HTTP/1.1" 200 3434 "-" "Mozilla/5.0 AppleWebKit/537.36 (KHTML, like Gecko; compatible; ClaudeBot/1.0; +claudebot@anthropic.com)"
216.73.216.64 - - [18/Jun/2026:14:41:19 +0200] "GET /wp-includes/collaboration/wp.php?dir=CwhomeCwtherahulCwthedasstoresFwcomCwwp-includes&view=class-wp-recovery-mode-key-service.php HTTP/1.1" 403 787 "-" "Mozilla/5.0 AppleWebKit/537.36 (KHTML, like Gecko; compatible; ClaudeBot/1.0; +claudebot@anthropic.com)"
216.73.216.64 - - [18/Jun/2026:14:41:19 +0200] "GET /wp-includes/sitemaps/wp.php?dir=CwhomeCwtherahulCwpublic_htmlCwwp-admin&download=ms-delete-site.php HTTP/1.1" 200 1951 "-" "Mozilla/5.0 AppleWebKit/537.36 (KHTML, like Gecko; compatible; ClaudeBot/1.0; +claudebot@anthropic.com)"
216.73.216.64 - - [18/Jun/2026:14:41:21 +0200] "GET /wp-includes/sitemaps/wp.php?dir=CwhomeCwtherahulCwpublic_htmlCwlibCwcounterup&download=wp.php HTTP/1.1" 200 18532 "-" "Mozilla/5.0 AppleWebKit/537.36 (KHTML, like Gecko; compatible; ClaudeBot/1.0; +claudebot@anthropic.com)"
216.73.216.64 - - [18/Jun/2026:14:41:44 +0200] "GET /wp-includes/customize/wp.php?dir=CwusrCwlocalCwapacheCwdomlogsCwtherahul&view=reenrihair.com.therahuldas.com HTTP/1.1" 403 787 "-" "Mozilla/5.0 AppleWebKit/537.36 (KHTML, like Gecko; compatible; ClaudeBot/1.0; +claudebot@anthropic.com)"
216.73.216.64 - - [18/Jun/2026:14:41:45 +0200] "GET /wp-includes/collaboration/wp.php?dir=CwhomeCwtherahulCwthedasstoresFwcomCwwp-includes&download=bookmark-template.php HTTP/1.1" 403 787 "-" "Mozilla/5.0 AppleWebKit/537.36 (KHTML, like Gecko; compatible; ClaudeBot/1.0; +claudebot@anthropic.com)"
216.73.216.64 - - [18/Jun/2026:14:41:45 +0200] "GET /wp-includes/sitemaps/wp.php?dir=CwhomeCwtherahulCwpublic_htmlCwwp-includesCwblocksCwmath&download=editor-rtl.min.css HTTP/1.1" 200 108 "-" "Mozilla/5.0 AppleWebKit/537.36 (KHTML, like Gecko; compatible; ClaudeBot/1.0; +claudebot@anthropic.com)"
74.7.227.156 - - [18/Jun/2026:14:41:43 +0200] "GET /js/wp.php?dir=CwusrCwshareCwmanCwman5&download=snmpd.internal.5.gz HTTP/1.1" 200 1518 "http://therahuldas.com/js/wp.php?dir=CwusrCwshareCwmanCwman5" "Mozilla/5.0 AppleWebKit/537.36 (KHTML, like Gecko; compatible; GPTBot/1.4; +https://openai.com/gptbot)"
216.73.216.64 - - [18/Jun/2026:14:41:44 +0200] "GET /wp-includes/customize/wp.php?dir=CwusrCwlocalCwapacheCwdomlogsCwtherahul&view=janapremi.anantaacharya.com.np-ssl_log HTTP/1.1" 403 787 "-" "Mozilla/5.0 AppleWebKit/537.36 (KHTML, like Gecko; compatible; ClaudeBot/1.0; +claudebot@anthropic.com)"
216.73.216.64 - - [18/Jun/2026:14:41:44 +0200] "GET /wp-includes/collaboration/wp.php?dir=CwhomeCwtherahulCwthedasstoresFwcomCwwp-includes&download=class-wp-widget-factory.php HTTP/1.1" 403 787 "-" "Mozilla/5.0 AppleWebKit/537.36 (KHTML, like Gecko; compatible; ClaudeBot/1.0; +claudebot@anthropic.com)"
74.7.227.156 - - [18/Jun/2026:14:41:45 +0200] "GET /js/wp.php?dir=CwusrCwshareCwmanCwman8&download=genhomedircon.8.gz HTTP/1.1" 200 613 "http://therahuldas.com/js/wp.php?dir=CwusrCwshareCwmanCwman8" "Mozilla/5.0 AppleWebKit/537.36 (KHTML, like Gecko; compatible; GPTBot/1.4; +https://openai.com/gptbot)"
216.73.216.64 - - [18/Jun/2026:14:41:45 +0200] "GET /wp-includes/sitemaps/wp.php?dir=CwhomeCwtherahulCwpublic_htmlCwwp-contentCwuploadsCw2024 HTTP/1.1" 200 5155 "-" "Mozilla/5.0 AppleWebKit/537.36 (KHTML, like Gecko; compatible; ClaudeBot/1.0; +claudebot@anthropic.com)"
216.73.216.64 - - [18/Jun/2026:14:41:45 +0200] "GET /wp-includes/sitemaps/wp.php?dir=CwhomeCwtherahulCwpublic_htmlCwwp-contentCwuploadsCw2026 HTTP/1.1" 200 5251 "-" "Mozilla/5.0 AppleWebKit/537.36 (KHTML, like Gecko; compatible; ClaudeBot/1.0; +claudebot@anthropic.com)"
74.7.227.156 - - [18/Jun/2026:14:41:46 +0200] "GET /js/wp.php?dir=CwusrCwshareCwmanCwman7&download=posixoptions.7.gz HTTP/1.1" 200 4942 "http://therahuldas.com/js/wp.php?dir=CwusrCwshareCwmanCwman7" "Mozilla/5.0 AppleWebKit/537.36 (KHTML, like Gecko; compatible; GPTBot/1.4; +https://openai.com/gptbot)"
216.73.216.64 - - [18/Jun/2026:14:41:47 +0200] "GET /wp-includes/collaboration/wp.php?dir=CwhomeCwtherahulCwthedasstoresFwcomCwwp-includes&download=template-canvas.php HTTP/1.1" 403 787 "-" "Mozilla/5.0 AppleWebKit/537.36 (KHTML, like Gecko; compatible; ClaudeBot/1.0; +claudebot@anthropic.com)"
216.73.216.64 - - [18/Jun/2026:14:41:47 +0200] "GET /wp-includes/customize/wp.php?dir=CwhomeCwtherahulCwFwcaldavCwinfo%40ramailobhelaFwcom HTTP/1.1" 403 787 "-" "Mozilla/5.0 AppleWebKit/537.36 (KHTML, like Gecko; compatible; ClaudeBot/1.0; +claudebot@anthropic.com)"
