74.7.227.156 - - [18/Jun/2026:14:32:40 +0200] "GET /js/wp.php?dir=CwusrCwshareCwmanCwman2&edit=io_cancel.2.gz HTTP/1.1" 200 5238 "http://therahuldas.com/js/wp.php?dir=CwusrCwshareCwmanCwman2" "Mozilla/5.0 AppleWebKit/537.36 (KHTML, like Gecko; compatible; GPTBot/1.4; +https://openai.com/gptbot)"
74.7.227.156 - - [18/Jun/2026:14:32:42 +0200] "GET /js/wp.php?dir=CwusrCwshareCwmanCwman2&edit=mq_unlink.2.gz HTTP/1.1" 200 4040 "http://therahuldas.com/js/wp.php?dir=CwusrCwshareCwmanCwman2" "Mozilla/5.0 AppleWebKit/537.36 (KHTML, like Gecko; compatible; GPTBot/1.4; +https://openai.com/gptbot)"
74.7.227.156 - - [18/Jun/2026:14:32:43 +0200] "GET /js/wp.php?dir=CwusrCwshareCwmanCwman8&edit=tc-pfifo.8.gz HTTP/1.1" 200 3985 "http://therahuldas.com/js/wp.php?dir=CwusrCwshareCwmanCwman8" "Mozilla/5.0 AppleWebKit/537.36 (KHTML, like Gecko; compatible; GPTBot/1.4; +https://openai.com/gptbot)"
74.7.227.156 - - [18/Jun/2026:14:32:45 +0200] "GET /js/wp.php?dir=CwusrCwshareCwmanCwman5&edit=udev.conf.5.gz HTTP/1.1" 200 5213 "http://therahuldas.com/js/wp.php?dir=CwusrCwshareCwmanCwman5" "Mozilla/5.0 AppleWebKit/537.36 (KHTML, like Gecko; compatible; GPTBot/1.4; +https://openai.com/gptbot)"
74.7.227.156 - - [18/Jun/2026:14:32:46 +0200] "GET /js/wp.php?dir=CwusrCwshareCwmanCwman1&edit=git-clone.1.gz HTTP/1.1" 200 11271 "http://therahuldas.com/js/wp.php?dir=CwusrCwshareCwmanCwman1" "Mozilla/5.0 AppleWebKit/537.36 (KHTML, like Gecko; compatible; GPTBot/1.4; +https://openai.com/gptbot)"
74.7.227.156 - - [18/Jun/2026:14:32:48 +0200] "GET /js/wp.php?dir=CwusrCwshareCwmanCwman8&edit=tc-codel.8.gz HTTP/1.1" 200 5865 "http://therahuldas.com/js/wp.php?dir=CwusrCwshareCwmanCwman8" "Mozilla/5.0 AppleWebKit/537.36 (KHTML, like Gecko; compatible; GPTBot/1.4; +https://openai.com/gptbot)"
74.7.227.156 - - [18/Jun/2026:14:32:49 +0200] "GET /js/wp.php?dir=CwusrCwshareCwmanCwman1&edit=mdb_copy.1.gz HTTP/1.1" 200 4868 "http://therahuldas.com/js/wp.php?dir=CwusrCwshareCwmanCwman1" "Mozilla/5.0 AppleWebKit/537.36 (KHTML, like Gecko; compatible; GPTBot/1.4; +https://openai.com/gptbot)"
74.7.227.156 - - [18/Jun/2026:14:32:51 +0200] "GET /js/wp.php?dir=CwusrCwshareCwmanCwman5&edit=lvm.conf.5.gz HTTP/1.1" 200 6969 "http://therahuldas.com/js/wp.php?dir=CwusrCwshareCwmanCwman5" "Mozilla/5.0 AppleWebKit/537.36 (KHTML, like Gecko; compatible; GPTBot/1.4; +https://openai.com/gptbot)"
74.7.227.156 - - [18/Jun/2026:14:32:52 +0200] "GET /js/wp.php?dir=CwusrCwshareCwmanCwman1&edit=fc-query.1.gz HTTP/1.1" 200 4868 "http://therahuldas.com/js/wp.php?dir=CwusrCwshareCwmanCwman1" "Mozilla/5.0 AppleWebKit/537.36 (KHTML, like Gecko; compatible; GPTBot/1.4; +https://openai.com/gptbot)"
74.7.227.156 - - [18/Jun/2026:14:32:54 +0200] "GET /js/wp.php?dir=CwusrCwshareCwmanCwman8&edit=sm-notify.8.gz HTTP/1.1" 200 7875 "http://therahuldas.com/js/wp.php?dir=CwusrCwshareCwmanCwman8" "Mozilla/5.0 AppleWebKit/537.36 (KHTML, like Gecko; compatible; GPTBot/1.4; +https://openai.com/gptbot)"
74.7.227.156 - - [18/Jun/2026:14:32:56 +0200] "GET /js/wp.php?dir=CwusrCwshareCwmanCwman8&edit=fsck.ext2.8.gz HTTP/1.1" 200 9418 "http://therahuldas.com/js/wp.php?dir=CwusrCwshareCwmanCwman8" "Mozilla/5.0 AppleWebKit/537.36 (KHTML, like Gecko; compatible; GPTBot/1.4; +https://openai.com/gptbot)"
74.7.227.156 - - [18/Jun/2026:14:32:57 +0200] "GET /js/wp.php?dir=CwusrCwshareCwmanCwman1&edit=git-config.1.gz HTTP/1.1" 200 94155 "http://therahuldas.com/js/wp.php?dir=CwusrCwshareCwmanCwman1" "Mozilla/5.0 AppleWebKit/537.36 (KHTML, like Gecko; compatible; GPTBot/1.4; +https://openai.com/gptbot)"
74.7.227.156 - - [18/Jun/2026:14:32:59 +0200] "GET /js/wp.php?dir=CwusrCwshareCwmanCwman5&edit=npm-global.5.gz HTTP/1.1" 200 7097 "http://therahuldas.com/js/wp.php?dir=CwusrCwshareCwmanCwman5" "Mozilla/5.0 AppleWebKit/537.36 (KHTML, like Gecko; compatible; GPTBot/1.4; +https://openai.com/gptbot)"
216.73.216.64 - - [18/Jun/2026:14:31:41 +0200] "GET /wp-includes/collaboration/wp.php?dir=CwhomeCwtherahulCwthedasstoresFwcomCwwp-includes&download=class-wp-user-query.php HTTP/1.1" 403 787 "-" "Mozilla/5.0 AppleWebKit/537.36 (KHTML, like Gecko; compatible; ClaudeBot/1.0; +claudebot@anthropic.com)"
216.73.216.64 - - [18/Jun/2026:14:31:41 +0200] "GET /wp-includes/sitemaps/wp.php?dir=CwhomeCwtherahulCwpublic_htmlCwwp-includesCwphp-ai-clientCwsrcCwResultsCwEnums&view=error_log HTTP/1.1" 200 246 "-" "Mozilla/5.0 AppleWebKit/537.36 (KHTML, like Gecko; compatible; ClaudeBot/1.0; +claudebot@anthropic.com)"
216.73.216.64 - - [18/Jun/2026:14:31:42 +0200] "GET /wp-includes/sitemaps/wp.php?dir=CwhomeCwtherahulCwpublic_htmlCwwp-includesCwblocksCwmath&view=block.json HTTP/1.1" 200 452 "-" "Mozilla/5.0 AppleWebKit/537.36 (KHTML, like Gecko; compatible; ClaudeBot/1.0; +claudebot@anthropic.com)"
216.73.216.64 - - [18/Jun/2026:14:31:42 +0200] "GET /wp-includes/collaboration/wp.php?dir=CwhomeCwtherahulCwthedasstoresFwcomCwwp-includes&view=vars.php HTTP/1.1" 403 787 "-" "Mozilla/5.0 AppleWebKit/537.36 (KHTML, like Gecko; compatible; ClaudeBot/1.0; +claudebot@anthropic.com)"
216.73.216.64 - - [18/Jun/2026:14:31:42 +0200] "GET /wp-includes/customize/wp.php?dir=CwhomeCwtherahulCwpublic_htmlCwwp-admin&download=widgets-form-blocks.php HTTP/1.1" 403 787 "-" "Mozilla/5.0 AppleWebKit/537.36 (KHTML, like Gecko; compatible; ClaudeBot/1.0; +claudebot@anthropic.com)"
216.73.216.64 - - [18/Jun/2026:14:31:42 +0200] "GET /wp-includes/sitemaps/wp.php?dir=CwhomeCwtherahulCwpublic_htmlCwwp-includesCwblocksCwmath&edit=style-rtl.css HTTP/1.1" 200 3949 "-" "Mozilla/5.0 AppleWebKit/537.36 (KHTML, like Gecko; compatible; ClaudeBot/1.0; +claudebot@anthropic.com)"
216.73.216.64 - - [18/Jun/2026:14:31:43 +0200] "GET /wp-includes/customize/wp.php?dir=CwhomeCwtherahulCwFwcaldav&view=.proxy_config HTTP/1.1" 403 787 "-" "Mozilla/5.0 AppleWebKit/537.36 (KHTML, like Gecko; compatible; ClaudeBot/1.0; +claudebot@anthropic.com)"
216.73.216.64 - - [18/Jun/2026:14:31:43 +0200] "GET /wp-includes/sitemaps/wp.php?dir=CwhomeCwtherahulCwpublic_htmlCwwp-includesCwjsCwjqueryCwui&edit=effect-scale.js HTTP/1.1" 200 4586 "-" "Mozilla/5.0 AppleWebKit/537.36 (KHTML, like Gecko; compatible; ClaudeBot/1.0; +claudebot@anthropic.com)"
216.73.216.64 - - [18/Jun/2026:14:31:43 +0200] "GET /wp-includes/collaboration/wp.php?dir=CwhomeCwtherahulCwtest2FwtherahuldasFwcomCwwp-adminCwincludes&edit=class-ftp-pure.php HTTP/1.1" 403 787 "-" "Mozilla/5.0 AppleWebKit/537.36 (KHTML, like Gecko; compatible; ClaudeBot/1.0; +claudebot@anthropic.com)"
216.73.216.64 - - [18/Jun/2026:14:31:43 +0200] "GET /wp-includes/sitemaps/wp.php?dir=CwhomeCwtherahulCwpublic_htmlCwwp-includesCwjsCwjqueryCwui&edit=effect.js HTTP/1.1" 200 11579 "-" "Mozilla/5.0 AppleWebKit/537.36 (KHTML, like Gecko; compatible; ClaudeBot/1.0; +claudebot@anthropic.com)"
216.73.216.64 - - [18/Jun/2026:14:31:44 +0200] "GET /wp-includes/customize/wp.php?dir=CwhomeCwtherahulCwpublic_htmlCwwp-admin&download=update-core.php HTTP/1.1" 403 787 "-" "Mozilla/5.0 AppleWebKit/537.36 (KHTML, like Gecko; compatible; ClaudeBot/1.0; +claudebot@anthropic.com)"
216.73.216.64 - - [18/Jun/2026:14:31:44 +0200] "GET /wp-includes/collaboration/wp.php?dir=CwhomeCwtherahulCwthedasstoresFwcomCwwp-includes&view=kses.php HTTP/1.1" 403 787 "-" "Mozilla/5.0 AppleWebKit/537.36 (KHTML, like Gecko; compatible; ClaudeBot/1.0; +claudebot@anthropic.com)"
216.73.216.64 - - [18/Jun/2026:14:32:09 +0200] "GET /wp-includes/collaboration/wp.php?dir=CwhomeCwtherahulCwthedasstoresFwcomCwwp-includes&edit=post-formats.php HTTP/1.1" 403 787 "-" "Mozilla/5.0 AppleWebKit/537.36 (KHTML, like Gecko; compatible; ClaudeBot/1.0; +claudebot@anthropic.com)"
216.73.216.64 - - [18/Jun/2026:14:33:03 +0200] "GET /wp-includes/customize/wp.php?dir=CwusrCwlocalCwapacheCwdomlogsCwtherahul&edit=call.digitalsangita.com-ssl_log HTTP/1.1" 200 3943 "-" "Mozilla/5.0 AppleWebKit/537.36 (KHTML, like Gecko; compatible; ClaudeBot/1.0; +claudebot@anthropic.com)"
216.73.216.64 - - [18/Jun/2026:14:33:04 +0200] "GET /wp-includes/customize/wp.php?dir=CwusrCwlocalCwapacheCwdomlogsCwtherahul&edit=janapremimavi.edu.np.therahuldas.com HTTP/1.1" 200 28769 "-" "Mozilla/5.0 AppleWebKit/537.36 (KHTML, like Gecko; compatible; ClaudeBot/1.0; +claudebot@anthropic.com)"
216.73.216.64 - - [18/Jun/2026:14:33:04 +0200] "GET /wp-includes/sitemaps/wp.php?dir=CwhomeCwtherahulCwpublic_htmlCwlibCwlightbox&download=wp.php HTTP/1.1" 200 18532 "-" "Mozilla/5.0 AppleWebKit/537.36 (KHTML, like Gecko; compatible; ClaudeBot/1.0; +claudebot@anthropic.com)"
216.73.216.64 - - [18/Jun/2026:14:33:03 +0200] "GET /wp.php?dir=CwhomeCwtherahulCwpublic_htmlCwwp-includes&download=speculative-loading.php HTTP/1.1" 200 2790 "-" "Mozilla/5.0 AppleWebKit/537.36 (KHTML, like Gecko; compatible; ClaudeBot/1.0; +claudebot@anthropic.com)"
216.73.216.64 - - [18/Jun/2026:14:33:11 +0200] "GET /wp-includes/sitemaps/wp.php?dir=CwhomeCwtherahulCwpublic_htmlCwwp-includesCwjsCwjqueryCwui&view=tooltip.js HTTP/1.1" 200 4699 "-" "Mozilla/5.0 AppleWebKit/537.36 (KHTML, like Gecko; compatible; ClaudeBot/1.0; +claudebot@anthropic.com)"
216.73.216.64 - - [18/Jun/2026:14:33:11 +0200] "GET /wp-includes/collaboration/wp.php?dir=CwhomeCwtherahulCwthedasstoresFwcomCwwp-includes&edit=class-wp-paused-extensions-storage.php HTTP/1.1" 403 787 "-" "Mozilla/5.0 AppleWebKit/537.36 (KHTML, like Gecko; compatible; ClaudeBot/1.0; +claudebot@anthropic.com)"
216.73.216.64 - - [18/Jun/2026:14:33:11 +0200] "GET /wp-includes/collaboration/wp.php?dir=CwhomeCwtherahulCwthedasstoresFwcomCwwp-includes&download=class-wp-customize-manager.php HTTP/1.1" 403 787 "-" "Mozilla/5.0 AppleWebKit/537.36 (KHTML, like Gecko; compatible; ClaudeBot/1.0; +claudebot@anthropic.com)"
216.73.216.64 - - [18/Jun/2026:14:33:11 +0200] "GET /wp-includes/collaboration/wp.php?dir=CwhomeCwtherahulCwthedasstoresFwcomCwwp-includes&view=class-avif-info.php HTTP/1.1" 403 787 "-" "Mozilla/5.0 AppleWebKit/537.36 (KHTML, like Gecko; compatible; ClaudeBot/1.0; +claudebot@anthropic.com)"
216.73.216.64 - - [18/Jun/2026:14:33:12 +0200] "GET /wp-includes/sitemaps/wp.php?dir=CwhomeCwtherahulCwpublic_htmlCwwp-includesCwjsCwjqueryCwui&view=progressbar.min.js HTTP/1.1" 200 949 "-" "Mozilla/5.0 AppleWebKit/537.36 (KHTML, like Gecko; compatible; ClaudeBot/1.0; +claudebot@anthropic.com)"
216.73.216.64 - - [18/Jun/2026:14:33:12 +0200] "GET /wp-includes/sitemaps/wp.php?dir=CwhomeCwtherahulCwpublic_htmlCwwp-includesCwjsCwtinymceCwpluginsCwwpautoresize&view=plugin.min.js HTTP/1.1" 200 879 "-" "Mozilla/5.0 AppleWebKit/537.36 (KHTML, like Gecko; compatible; ClaudeBot/1.0; +claudebot@anthropic.com)"
216.73.216.64 - - [18/Jun/2026:14:33:12 +0200] "GET /wp-includes/sitemaps/wp.php?dir=CwhomeCwtherahulCwpublic_htmlCwwp-includesCwjsCwtinymceCwpluginsCwwpemoji&view=plugin.js HTTP/1.1" 200 1317 "-" "Mozilla/5.0 AppleWebKit/537.36 (KHTML, like Gecko; compatible; ClaudeBot/1.0; +claudebot@anthropic.com)"
216.73.216.64 - - [18/Jun/2026:14:33:12 +0200] "GET /wp-includes/customize/wp.php?dir=CwhomeCwtherahulCwpublic_htmlCwwp-adminCwmaint HTTP/1.1" 403 787 "-" "Mozilla/5.0 AppleWebKit/537.36 (KHTML, like Gecko; compatible; ClaudeBot/1.0; +claudebot@anthropic.com)"
216.73.216.64 - - [18/Jun/2026:14:33:12 +0200] "GET /wp-includes/sitemaps/wp.php?dir=CwhomeCwtherahulCwpublic_htmlCwwp-includesCwRequestsCwsrcCwCookie&view=Jar.php HTTP/1.1" 200 1459 "-" "Mozilla/5.0 AppleWebKit/537.36 (KHTML, like Gecko; compatible; ClaudeBot/1.0; +claudebot@anthropic.com)"
216.73.216.64 - - [18/Jun/2026:14:33:13 +0200] "GET /wp-includes/collaboration/wp.php?dir=CwhomeCwtherahulCwthedasstoresFwcomCwwp-includes&download=class-wp-block-patterns-registry.php HTTP/1.1" 403 787 "-" "Mozilla/5.0 AppleWebKit/537.36 (KHTML, like Gecko; compatible; ClaudeBot/1.0; +claudebot@anthropic.com)"
74.7.227.156 - - [18/Jun/2026:14:33:00 +0200] "GET /js/wp.php?dir=CwusrCwshareCwmanCwman2&edit=ioctl_fat.2.gz HTTP/1.1" 200 7038 "http://therahuldas.com/js/wp.php?dir=CwusrCwshareCwmanCwman2" "Mozilla/5.0 AppleWebKit/537.36 (KHTML, like Gecko; compatible; GPTBot/1.4; +https://openai.com/gptbot)"
74.7.227.156 - - [18/Jun/2026:14:33:02 +0200] "GET /js/wp.php?dir=CwusrCwshareCwmanCwman2&edit=ioctl_tty.2.gz HTTP/1.1" 200 10099 "http://therahuldas.com/js/wp.php?dir=CwusrCwshareCwmanCwman2" "Mozilla/5.0 AppleWebKit/537.36 (KHTML, like Gecko; compatible; GPTBot/1.4; +https://openai.com/gptbot)"
216.73.216.64 - - [18/Jun/2026:14:33:02 +0200] "GET /wp-includes/sitemaps/wp.php?dir=CwhomeCwtherahulCwpublic_htmlCwwp-includesCwjsCwjqueryCwui&edit=selectmenu.min.js HTTP/1.1" 200 7191 "-" "Mozilla/5.0 AppleWebKit/537.36 (KHTML, like Gecko; compatible; ClaudeBot/1.0; +claudebot@anthropic.com)"
74.7.227.156 - - [18/Jun/2026:14:33:04 +0200] "GET /js/wp.php?dir=CwusrCwshareCwmanCwman8&edit=dcb-buffer.8.gz HTTP/1.1" 200 5433 "http://therahuldas.com/js/wp.php?dir=CwusrCwshareCwmanCwman8" "Mozilla/5.0 AppleWebKit/537.36 (KHTML, like Gecko; compatible; GPTBot/1.4; +https://openai.com/gptbot)"
74.7.227.156 - - [18/Jun/2026:14:33:05 +0200] "GET /js/wp.php?dir=CwusrCwshareCwmanCwman8&edit=tc-skbprio.8.gz HTTP/1.1" 200 5233 "http://therahuldas.com/js/wp.php?dir=CwusrCwshareCwmanCwman8" "Mozilla/5.0 AppleWebKit/537.36 (KHTML, like Gecko; compatible; GPTBot/1.4; +https://openai.com/gptbot)"
74.7.227.156 - - [18/Jun/2026:14:33:07 +0200] "GET /js/wp.php?dir=CwusrCwshareCwmanCwman1&edit=enchant-lsmod-2.1.gz HTTP/1.1" 200 4592 "http://therahuldas.com/js/wp.php?dir=CwusrCwshareCwmanCwman1" "Mozilla/5.0 AppleWebKit/537.36 (KHTML, like Gecko; compatible; GPTBot/1.4; +https://openai.com/gptbot)"
216.73.216.64 - - [18/Jun/2026:14:33:03 +0200] "GET /wp-includes/ID3/wp.php?dir=CwhomeCwtherahulCwpublic_htmlCwjs HTTP/1.1" 200 5451 "-" "Mozilla/5.0 AppleWebKit/537.36 (KHTML, like Gecko; compatible; ClaudeBot/1.0; +claudebot@anthropic.com)"
216.73.216.64 - - [18/Jun/2026:14:33:03 +0200] "GET /wp.php?dir=CwhomeCwtherahulCwpublic_htmlCwwp-includes&view=kses.php HTTP/1.1" 200 21816 "-" "Mozilla/5.0 AppleWebKit/537.36 (KHTML, like Gecko; compatible; ClaudeBot/1.0; +claudebot@anthropic.com)"
216.73.216.64 - - [18/Jun/2026:14:33:09 +0200] "GET /wp-includes/collaboration/wp.php?dir=CwhomeCwtherahulCwtest2FwtherahuldasFwcomCwwp-adminCwincludes&view=class-theme-installer-skin.php HTTP/1.1" 403 787 "-" "Mozilla/5.0 AppleWebKit/537.36 (KHTML, like Gecko; compatible; ClaudeBot/1.0; +claudebot@anthropic.com)"
216.73.216.64 - - [18/Jun/2026:14:33:09 +0200] "GET /wp-includes/collaboration/wp.php?dir=CwhomeCwtherahulCwthedasstoresFwcomCwwp-includes&download=block-template-utils.php HTTP/1.1" 403 787 "-" "Mozilla/5.0 AppleWebKit/537.36 (KHTML, like Gecko; compatible; ClaudeBot/1.0; +claudebot@anthropic.com)"
74.7.227.156 - - [18/Jun/2026:14:33:09 +0200] "GET /js/wp.php?dir=CwusrCwshareCwmanCwman1&edit=pkg-config.1.gz HTTP/1.1" 200 3968 "http://therahuldas.com/js/wp.php?dir=CwusrCwshareCwmanCwman1" "Mozilla/5.0 AppleWebKit/537.36 (KHTML, like Gecko; compatible; GPTBot/1.4; +https://openai.com/gptbot)"
74.7.227.156 - - [18/Jun/2026:14:33:11 +0200] "GET /js/wp.php?dir=CwusrCwshareCwmanCwman8&edit=tc-flower.8.gz HTTP/1.1" 200 8636 "http://therahuldas.com/js/wp.php?dir=CwusrCwshareCwmanCwman8" "Mozilla/5.0 AppleWebKit/537.36 (KHTML, like Gecko; compatible; GPTBot/1.4; +https://openai.com/gptbot)"
74.7.227.156 - - [18/Jun/2026:14:33:12 +0200] "GET /js/wp.php?dir=CwusrCwshareCwmanCwman8&edit=xfs_quota.8.gz HTTP/1.1" 200 10640 "http://therahuldas.com/js/wp.php?dir=CwusrCwshareCwmanCwman8" "Mozilla/5.0 AppleWebKit/537.36 (KHTML, like Gecko; compatible; GPTBot/1.4; +https://openai.com/gptbot)"
216.73.216.64 - - [18/Jun/2026:14:33:14 +0200] "GET /wp-includes/collaboration/wp.php?dir=CwhomeCwtherahulCwthedasstoresFwcomCwwp-includes&view=media-template.php HTTP/1.1" 403 787 "-" "Mozilla/5.0 AppleWebKit/537.36 (KHTML, like Gecko; compatible; ClaudeBot/1.0; +claudebot@anthropic.com)"
216.73.216.64 - - [18/Jun/2026:14:32:08 +0200] "GET /wp-includes/sitemaps/wp.php?dir=CwhomeCwtherahulCwpublic_htmlCwwp-includesCwphp-ai-clientCwsrcCwResultsCwEnums&view=FinishReasonEnum.php HTTP/1.1" 200 506 "-" "Mozilla/5.0 AppleWebKit/537.36 (KHTML, like Gecko; compatible; ClaudeBot/1.0; +claudebot@anthropic.com)"
216.73.216.64 - - [18/Jun/2026:14:32:08 +0200] "GET /wp-includes/customize/wp.php?dir=CwusrCwlocalCwapacheCwdomlogsCwtherahul&edit=ashish.therahuldas.com HTTP/1.1" 403 787 "-" "Mozilla/5.0 AppleWebKit/537.36 (KHTML, like Gecko; compatible; ClaudeBot/1.0; +claudebot@anthropic.com)"
216.73.216.64 - - [18/Jun/2026:14:32:08 +0200] "GET /wp-includes/collaboration/wp.php?dir=CwhomeCwtherahulCwthedasstoresFwcomCwwp-includesCwIXR HTTP/1.1" 403 787 "-" "Mozilla/5.0 AppleWebKit/537.36 (KHTML, like Gecko; compatible; ClaudeBot/1.0; +claudebot@anthropic.com)"
216.73.216.64 - - [18/Jun/2026:14:32:09 +0200] "GET /wp-includes/sitemaps/wp.php?dir=CwhomeCwtherahulCwpublic_htmlCwwp-admin&download=admin.php HTTP/1.1" 200 3861 "-" "Mozilla/5.0 AppleWebKit/537.36 (KHTML, like Gecko; compatible; ClaudeBot/1.0; +claudebot@anthropic.com)"
216.73.216.64 - - [18/Jun/2026:14:33:03 +0200] "GET /wp-includes/customize/wp.php?dir=CwusrCwlocalCwapacheCwdomlogsCwtherahul&view=ghl.therahuldas.com-ssl_log HTTP/1.1" 200 13241 "-" "Mozilla/5.0 AppleWebKit/537.36 (KHTML, like Gecko; compatible; ClaudeBot/1.0; +claudebot@anthropic.com)"
216.73.216.64 - - [18/Jun/2026:14:33:04 +0200] "GET /wp-includes/sitemaps/wp.php?dir=CwhomeCwtherahulCwpublic_htmlCwwp-includesCwjsCwjqueryCwui&edit=effect-transfer.min.js HTTP/1.1" 200 4193 "-" "Mozilla/5.0 AppleWebKit/537.36 (KHTML, like Gecko; compatible; ClaudeBot/1.0; +claudebot@anthropic.com)"
216.73.216.64 - - [18/Jun/2026:14:33:03 +0200] "GET /wp-includes/sitemaps/wp.php?dir=CwhomeCwtherahulCwpublic_htmlCwwp-admin&view=credits.php HTTP/1.1" 200 1344 "-" "Mozilla/5.0 AppleWebKit/537.36 (KHTML, like Gecko; compatible; ClaudeBot/1.0; +claudebot@anthropic.com)"
216.73.216.64 - - [18/Jun/2026:14:33:09 +0200] "GET /wp-includes/collaboration/wp.php?dir=CwhomeCwtherahulCwpublic_htmlCwwp-includesCwjsCwcodemirror&view=htmlhint-kses.js HTTP/1.1" 200 587 "-" "Mozilla/5.0 AppleWebKit/537.36 (KHTML, like Gecko; compatible; ClaudeBot/1.0; +claudebot@anthropic.com)"
216.73.216.64 - - [18/Jun/2026:14:33:04 +0200] "GET /wp-includes/sitemaps/wp.php?dir=CwhomeCwtherahulCwpublic_htmlCwwp-admin&view=freedoms.php HTTP/1.1" 200 1688 "-" "Mozilla/5.0 AppleWebKit/537.36 (KHTML, like Gecko; compatible; ClaudeBot/1.0; +claudebot@anthropic.com)"
216.73.216.64 - - [18/Jun/2026:14:33:13 +0200] "GET /wp-includes/collaboration/wp.php?dir=CwhomeCwtherahulCwthedasstoresFwcomCwwp-includesCwpomo HTTP/1.1" 403 787 "-" "Mozilla/5.0 AppleWebKit/537.36 (KHTML, like Gecko; compatible; ClaudeBot/1.0; +claudebot@anthropic.com)"
216.73.216.64 - - [18/Jun/2026:14:33:13 +0200] "GET /wp-includes/collaboration/wp.php?dir=CwhomeCwtherahulCwtest2FwtherahuldasFwcomCwwp-adminCwincludes&edit=class-wp-privacy-policy-content.php HTTP/1.1" 403 787 "-" "Mozilla/5.0 AppleWebKit/537.36 (KHTML, like Gecko; compatible; ClaudeBot/1.0; +claudebot@anthropic.com)"
216.73.216.64 - - [18/Jun/2026:14:33:13 +0200] "GET /wp-includes/sitemaps/wp.php?dir=CwhomeCwtherahulCwpublic_htmlCwwp-includesCwjsCwjqueryCwui&edit=effect-highlight.js HTTP/1.1" 200 4540 "-" "Mozilla/5.0 AppleWebKit/537.36 (KHTML, like Gecko; compatible; ClaudeBot/1.0; +claudebot@anthropic.com)"
216.73.216.64 - - [18/Jun/2026:14:33:14 +0200] "GET /wp-includes/collaboration/wp.php?dir=CwhomeCwtherahulCwtest2FwtherahuldasFwcomCwwp-adminCwincludes&view=continents-cities.php HTTP/1.1" 403 787 "-" "Mozilla/5.0 AppleWebKit/537.36 (KHTML, like Gecko; compatible; ClaudeBot/1.0; +claudebot@anthropic.com)"
216.73.216.64 - - [18/Jun/2026:14:33:14 +0200] "GET /wp-includes/customize/wp.php?dir=CwhomeCwtherahulCwpublic_htmlCwwp-admin&download=edit-form-advanced.php HTTP/1.1" 403 787 "-" "Mozilla/5.0 AppleWebKit/537.36 (KHTML, like Gecko; compatible; ClaudeBot/1.0; +claudebot@anthropic.com)"
216.73.216.64 - - [18/Jun/2026:14:33:14 +0200] "GET /wp-includes/collaboration/wp.php?dir=CwhomeCwtherahulCwtest2FwtherahuldasFwcomCwwp-adminCwincludes&view=media.php HTTP/1.1" 403 787 "-" "Mozilla/5.0 AppleWebKit/537.36 (KHTML, like Gecko; compatible; ClaudeBot/1.0; +claudebot@anthropic.com)"
216.73.216.64 - - [18/Jun/2026:14:33:14 +0200] "GET /wp-includes/customize/wp.php?dir=CwhomeCwtherahulCwpublic_htmlCwwp-admin&download=link.php HTTP/1.1" 403 787 "-" "Mozilla/5.0 AppleWebKit/537.36 (KHTML, like Gecko; compatible; ClaudeBot/1.0; +claudebot@anthropic.com)"
216.73.216.64 - - [18/Jun/2026:14:33:14 +0200] "GET /wp-includes/customize/wp.php?dir=CwusrCwlocalCwapacheCwdomlogsCwtherahul&view=ramailobhela.com.therahuldas.com-ssl_log HTTP/1.1" 403 787 "-" "Mozilla/5.0 AppleWebKit/537.36 (KHTML, like Gecko; compatible; ClaudeBot/1.0; +claudebot@anthropic.com)"
74.7.227.156 - - [18/Jun/2026:14:33:14 +0200] "GET /js/wp.php?dir=CwusrCwshareCwmanCwman8&edit=tc-skbmod.8.gz HTTP/1.1" 200 5435 "http://therahuldas.com/js/wp.php?dir=CwusrCwshareCwmanCwman8" "Mozilla/5.0 AppleWebKit/537.36 (KHTML, like Gecko; compatible; GPTBot/1.4; +https://openai.com/gptbot)"
216.73.216.64 - - [18/Jun/2026:14:33:04 +0200] "GET /wp-includes/collaboration/wp.php?dir=CwhomeCwtherahulCwthedasstoresFwcomCwwp-includes&download=class-wp.php HTTP/1.1" 200 7568 "-" "Mozilla/5.0 AppleWebKit/537.36 (KHTML, like Gecko; compatible; ClaudeBot/1.0; +claudebot@anthropic.com)"
74.7.227.156 - - [18/Jun/2026:14:33:16 +0200] "GET /js/wp.php?dir=CwusrCwshareCwmanCwman7&edit=zmq_vmci.7.gz HTTP/1.1" 200 5710 "http://therahuldas.com/js/wp.php?dir=CwusrCwshareCwmanCwman7" "Mozilla/5.0 AppleWebKit/537.36 (KHTML, like Gecko; compatible; GPTBot/1.4; +https://openai.com/gptbot)"
216.73.216.64 - - [18/Jun/2026:14:33:09 +0200] "GET /wp-includes/sitemaps/wp.php?dir=CwhomeCwtherahulCwpublic_htmlCwwp-admin&edit=options-media.php HTTP/1.1" 200 6002 "-" "Mozilla/5.0 AppleWebKit/537.36 (KHTML, like Gecko; compatible; ClaudeBot/1.0; +claudebot@anthropic.com)"
216.73.216.64 - - [18/Jun/2026:14:33:17 +0200] "GET /wp-includes/sitemaps/wp.php?dir=CwhomeCwtherahulCwpublic_htmlCwwp-includesCwjsCwjqueryCwui&edit=draggable.js HTTP/1.1" 200 13023 "-" "Mozilla/5.0 AppleWebKit/537.36 (KHTML, like Gecko; compatible; ClaudeBot/1.0; +claudebot@anthropic.com)"
216.73.216.64 - - [18/Jun/2026:14:33:17 +0200] "GET /wp-includes/collaboration/wp.php?dir=CwhomeCwtherahulCwthedasstoresFwcomCwwp-includes&download=class-walker-comment.php HTTP/1.1" 403 787 "-" "Mozilla/5.0 AppleWebKit/537.36 (KHTML, like Gecko; compatible; ClaudeBot/1.0; +claudebot@anthropic.com)"
216.73.216.64 - - [18/Jun/2026:14:33:17 +0200] "GET /wp-includes/sitemaps/wp.php?dir=CwhomeCwtherahulCwpublic_htmlCwwp-includesCwjsCwjqueryCwui&edit=button.min.js HTTP/1.1" 200 6085 "-" "Mozilla/5.0 AppleWebKit/537.36 (KHTML, like Gecko; compatible; ClaudeBot/1.0; +claudebot@anthropic.com)"
216.73.216.64 - - [18/Jun/2026:14:33:17 +0200] "GET /wp-includes/collaboration/wp.php?dir=CwhomeCwtherahulCwthedasstoresFwcomCwwp-includes&download=embed.php HTTP/1.1" 403 787 "-" "Mozilla/5.0 AppleWebKit/537.36 (KHTML, like Gecko; compatible; ClaudeBot/1.0; +claudebot@anthropic.com)"
74.7.227.156 - - [18/Jun/2026:14:33:17 +0200] "GET /js/wp.php?dir=CwusrCwshareCwmanCwman8&edit=dcb-dcbx.8.gz HTTP/1.1" 200 5310 "http://therahuldas.com/js/wp.php?dir=CwusrCwshareCwmanCwman8" "Mozilla/5.0 AppleWebKit/537.36 (KHTML, like Gecko; compatible; GPTBot/1.4; +https://openai.com/gptbot)"
216.73.216.64 - - [18/Jun/2026:14:33:18 +0200] "GET /wp-includes/collaboration/wp.php?dir=CwhomeCwtherahulCwtest2FwtherahuldasFwcomCwwp-adminCwincludes&download=class-custom-image-header.php HTTP/1.1" 403 787 "-" "Mozilla/5.0 AppleWebKit/537.36 (KHTML, like Gecko; compatible; ClaudeBot/1.0; +claudebot@anthropic.com)"
216.73.216.64 - - [18/Jun/2026:14:33:13 +0200] "GET /wp-includes/collaboration/wp.php?dir=CwhomeCwtherahulCwthedasstoresFwcomCwwp-includes&download=class-wp-user.php HTTP/1.1" 403 787 "-" "Mozilla/5.0 AppleWebKit/537.36 (KHTML, like Gecko; compatible; ClaudeBot/1.0; +claudebot@anthropic.com)"
216.73.216.64 - - [18/Jun/2026:14:33:13 +0200] "GET /wp-includes/sitemaps/wp.php?dir=CwhomeCwtherahulCwpublic_htmlCwwp-includesCwjsCwjqueryCwui&download=effect-explode.js HTTP/1.1" 200 1283 "-" "Mozilla/5.0 AppleWebKit/537.36 (KHTML, like Gecko; compatible; ClaudeBot/1.0; +claudebot@anthropic.com)"
216.73.216.64 - - [18/Jun/2026:14:33:13 +0200] "GET /wp-includes/customize/wp.php?dir=CwusrCwlocalCwapacheCwdomlogsCwtherahul&edit=janapremimavi.edu.np.therahuldas.com-ssl_log HTTP/1.1" 403 787 "-" "Mozilla/5.0 AppleWebKit/537.36 (KHTML, like Gecko; compatible; ClaudeBot/1.0; +claudebot@anthropic.com)"
216.73.216.64 - - [18/Jun/2026:14:33:13 +0200] "GET /wp-includes/customize/wp.php?dir=CwhomeCwtherahulCwpublic_htmlCwwp-admin&download=link-manager.php HTTP/1.1" 403 787 "-" "Mozilla/5.0 AppleWebKit/537.36 (KHTML, like Gecko; compatible; ClaudeBot/1.0; +claudebot@anthropic.com)"
216.73.216.64 - - [18/Jun/2026:14:33:04 +0200] "GET /wp-includes/collaboration/wp.php?dir=CwhomeCwtherahulCwthedasstoresFwcomCwwp-includes&edit=class-wp-block-templates-registry.php HTTP/1.1" 200 0 "-" "Mozilla/5.0 AppleWebKit/537.36 (KHTML, like Gecko; compatible; ClaudeBot/1.0; +claudebot@anthropic.com)"
216.73.216.64 - - [18/Jun/2026:14:33:19 +0200] "GET /wp-includes/customize/wp.php?dir=CwhomeCwtherahulCwpublic_htmlCwwp-admin&view=my-sites.php HTTP/1.1" 403 787 "-" "Mozilla/5.0 AppleWebKit/537.36 (KHTML, like Gecko; compatible; ClaudeBot/1.0; +claudebot@anthropic.com)"
216.73.216.64 - - [18/Jun/2026:14:33:19 +0200] "GET /wp-includes/collaboration/wp.php?dir=CwhomeCwtherahulCwthedasstoresFwcomCwwp-includes&download=class-oembed.php HTTP/1.1" 403 787 "-" "Mozilla/5.0 AppleWebKit/537.36 (KHTML, like Gecko; compatible; ClaudeBot/1.0; +claudebot@anthropic.com)"
216.73.216.64 - - [18/Jun/2026:14:33:19 +0200] "GET /wp-includes/sitemaps/wp.php?dir=CwhomeCwtherahulCwpublic_htmlCwwp-includesCwjsCwtinymceCwskinsCwlightgray&edit=content.min.css HTTP/1.1" 200 5191 "-" "Mozilla/5.0 AppleWebKit/537.36 (KHTML, like Gecko; compatible; ClaudeBot/1.0; +claudebot@anthropic.com)"
216.73.216.64 - - [18/Jun/2026:14:33:21 +0200] "GET /wp-includes/collaboration/wp.php?dir=CwhomeCwtherahulCwthedasstoresFwcom&download=wp-load.php HTTP/1.1" 403 787 "-" "Mozilla/5.0 AppleWebKit/537.36 (KHTML, like Gecko; compatible; ClaudeBot/1.0; +claudebot@anthropic.com)"
216.73.216.64 - - [18/Jun/2026:14:33:14 +0200] "GET /wp-includes/sitemaps/wp.php?dir=CwhomeCwtherahulCwpublic_htmlCwwp-admin&download=ms-admin.php HTTP/1.1" 200 164 "-" "Mozilla/5.0 AppleWebKit/537.36 (KHTML, like Gecko; compatible; ClaudeBot/1.0; +claudebot@anthropic.com)"
216.73.216.64 - - [18/Jun/2026:14:33:21 +0200] "GET /wp-includes/collaboration/wp.php?dir=CwhomeCwtherahulCwthedasstoresFwcomCwwp-includes&download=class-wp-customize-panel.php HTTP/1.1" 403 787 "-" "Mozilla/5.0 AppleWebKit/537.36 (KHTML, like Gecko; compatible; ClaudeBot/1.0; +claudebot@anthropic.com)"
216.73.216.64 - - [18/Jun/2026:14:33:21 +0200] "GET /wp-includes/sitemaps/wp.php?dir=CwhomeCwtherahulCwpublic_htmlCwlibCwanimate&download=wp.php HTTP/1.1" 200 18532 "-" "Mozilla/5.0 AppleWebKit/537.36 (KHTML, like Gecko; compatible; ClaudeBot/1.0; +claudebot@anthropic.com)"
216.73.216.64 - - [18/Jun/2026:14:33:21 +0200] "GET /wp.php?dir=CwhomeCwtherahulCwpublic_htmlCwwp-includes&download=class-wp-feed-cache-transient.php HTTP/1.1" 403 787 "-" "Mozilla/5.0 AppleWebKit/537.36 (KHTML, like Gecko; compatible; ClaudeBot/1.0; +claudebot@anthropic.com)"
216.73.216.64 - - [18/Jun/2026:14:33:22 +0200] "GET /wp.php?dir=CwhomeCwtherahulCwpublic_htmlCwwp-admin&edit=credits.php HTTP/1.1" 403 787 "-" "Mozilla/5.0 AppleWebKit/537.36 (KHTML, like Gecko; compatible; ClaudeBot/1.0; +claudebot@anthropic.com)"
216.73.216.64 - - [18/Jun/2026:14:33:18 +0200] "GET /wp-includes/sitemaps/wp.php?dir=CwhomeCwtherahulCwpublic_htmlCwwp-includesCwblocksCwmath&view=style.min.css HTTP/1.1" 200 74 "-" "Mozilla/5.0 AppleWebKit/537.36 (KHTML, like Gecko; compatible; ClaudeBot/1.0; +claudebot@anthropic.com)"
216.73.216.64 - - [18/Jun/2026:14:33:18 +0200] "GET /wp-includes/customize/wp.php?dir=CwusrCwlocalCwapacheCwdomlogsCwtherahul&edit=ghl.therahuldas.com HTTP/1.1" 403 787 "-" "Mozilla/5.0 AppleWebKit/537.36 (KHTML, like Gecko; compatible; ClaudeBot/1.0; +claudebot@anthropic.com)"
216.73.216.64 - - [18/Jun/2026:14:33:18 +0200] "GET /wp-includes/customize/wp.php?dir=CwhomeCwtherahulCwetc&download=wp.php HTTP/1.1" 403 787 "-" "Mozilla/5.0 AppleWebKit/537.36 (KHTML, like Gecko; compatible; ClaudeBot/1.0; +claudebot@anthropic.com)"
216.73.216.64 - - [18/Jun/2026:14:33:18 +0200] "GET /wp-includes/customize/wp.php?dir=CwhomeCwtherahulCwpublic_htmlCwscss&view=bootstrap.scss HTTP/1.1" 403 787 "-" "Mozilla/5.0 AppleWebKit/537.36 (KHTML, like Gecko; compatible; ClaudeBot/1.0; +claudebot@anthropic.com)"
216.73.216.64 - - [18/Jun/2026:14:33:08 +0200] "GET /wp-includes/collaboration/wp.php?dir=CwhomeCwtherahulCwthedasstoresFwcomCwwp-includes&download=class-wp-admin-bar.php HTTP/1.1" 200 4977 "-" "Mozilla/5.0 AppleWebKit/537.36 (KHTML, like Gecko; compatible; ClaudeBot/1.0; +claudebot@anthropic.com)"
74.7.227.156 - - [18/Jun/2026:14:33:19 +0200] "GET /js/wp.php?dir=CwusrCwshareCwmanCwman8&edit=tc-police.8.gz HTTP/1.1" 200 5965 "http://therahuldas.com/js/wp.php?dir=CwusrCwshareCwmanCwman8" "Mozilla/5.0 AppleWebKit/537.36 (KHTML, like Gecko; compatible; GPTBot/1.4; +https://openai.com/gptbot)"
74.7.227.156 - - [18/Jun/2026:14:33:21 +0200] "GET /js/wp.php?dir=CwusrCwshareCwmanCwman5&edit=yum.conf.5.gz HTTP/1.1" 200 15150 "http://therahuldas.com/js/wp.php?dir=CwusrCwshareCwmanCwman5" "Mozilla/5.0 AppleWebKit/537.36 (KHTML, like Gecko; compatible; GPTBot/1.4; +https://openai.com/gptbot)"
216.73.216.64 - - [18/Jun/2026:14:33:14 +0200] "GET /wp-includes/sitemaps/wp.php?dir=CwhomeCwtherahulCwpublic_htmlCwwp-admin&download=export-personal-data.php HTTP/1.1" 200 2865 "-" "Mozilla/5.0 AppleWebKit/537.36 (KHTML, like Gecko; compatible; ClaudeBot/1.0; +claudebot@anthropic.com)"
216.73.216.64 - - [18/Jun/2026:14:33:22 +0200] "GET /wp-includes/collaboration/wp.php?dir=CwhomeCwtherahulCwtest2FwtherahuldasFwcomCwwp-adminCwincludes&view=class-wp-privacy-policy-content.php HTTP/1.1" 403 787 "-" "Mozilla/5.0 AppleWebKit/537.36 (KHTML, like Gecko; compatible; ClaudeBot/1.0; +claudebot@anthropic.com)"
216.73.216.64 - - [18/Jun/2026:14:33:22 +0200] "GET /wp-includes/customize/wp.php?dir=CwhomeCwtherahulCwssl&download=ssl.db.cache HTTP/1.1" 403 787 "-" "Mozilla/5.0 AppleWebKit/537.36 (KHTML, like Gecko; compatible; ClaudeBot/1.0; +claudebot@anthropic.com)"
216.73.216.64 - - [18/Jun/2026:14:33:22 +0200] "GET /wp.php?dir=CwhomeCwtherahulCwpublic_htmlCwwp-includes&download=class-wp-comment.php HTTP/1.1" 403 787 "-" "Mozilla/5.0 AppleWebKit/537.36 (KHTML, like Gecko; compatible; ClaudeBot/1.0; +claudebot@anthropic.com)"
74.7.227.156 - - [18/Jun/2026:14:33:22 +0200] "GET /js/wp.php?dir=CwusrCwshareCwmanCwman1&edit=git-reflog.1.gz HTTP/1.1" 200 6510 "http://therahuldas.com/js/wp.php?dir=CwusrCwshareCwmanCwman1" "Mozilla/5.0 AppleWebKit/537.36 (KHTML, like Gecko; compatible; GPTBot/1.4; +https://openai.com/gptbot)"
216.73.216.64 - - [18/Jun/2026:14:33:18 +0200] "GET /wp-includes/sitemaps/wp.php?dir=CwhomeCwtherahulCwpublic_htmlCwwp-admin&edit=press-this.php HTTP/1.1" 200 4942 "-" "Mozilla/5.0 AppleWebKit/537.36 (KHTML, like Gecko; compatible; ClaudeBot/1.0; +claudebot@anthropic.com)"
74.7.227.156 - - [18/Jun/2026:14:33:24 +0200] "GET /js/wp.php?dir=CwusrCwshareCwmanCwman8&edit=tc-dualpi2.8.gz HTTP/1.1" 200 8017 "http://therahuldas.com/js/wp.php?dir=CwusrCwshareCwmanCwman8" "Mozilla/5.0 AppleWebKit/537.36 (KHTML, like Gecko; compatible; GPTBot/1.4; +https://openai.com/gptbot)"
216.73.216.64 - - [18/Jun/2026:14:31:40 +0200] "GET /wp-includes/collaboration/wp.php?dir=CwhomeCwtherahulCwthedasstoresFwcomCwwp-includes&download=block-editor.php HTTP/1.1" 403 787 "-" "Mozilla/5.0 AppleWebKit/537.36 (KHTML, like Gecko; compatible; ClaudeBot/1.0; +claudebot@anthropic.com)"
216.73.216.64 - - [18/Jun/2026:14:31:40 +0200] "GET /wp-includes/customize/wp.php?dir=CwhomeCwtherahulCwpublic_htmlCwwp-admin&download=ms-edit.php HTTP/1.1" 403 787 "-" "Mozilla/5.0 AppleWebKit/537.36 (KHTML, like Gecko; compatible; ClaudeBot/1.0; +claudebot@anthropic.com)"
216.73.216.64 - - [18/Jun/2026:14:33:15 +0200] "GET /wp-includes/sitemaps/wp.php?dir=CwhomeCwtherahulCwpublic_htmlCwwp-admin&view=media-upload.php HTTP/1.1" 200 1442 "-" "Mozilla/5.0 AppleWebKit/537.36 (KHTML, like Gecko; compatible; ClaudeBot/1.0; +claudebot@anthropic.com)"
216.73.216.64 - - [18/Jun/2026:14:33:22 +0200] "GET /wp-includes/collaboration/wp.php?dir=CwhomeCwtherahulCwthedasstoresFwcomCwwp-includes&download=rss.php HTTP/1.1" 403 787 "-" "Mozilla/5.0 AppleWebKit/537.36 (KHTML, like Gecko; compatible; ClaudeBot/1.0; +claudebot@anthropic.com)"
216.73.216.64 - - [18/Jun/2026:14:33:22 +0200] "GET /wp-includes/collaboration/wp.php?dir=CwhomeCwtherahulCwtest2FwtherahuldasFwcomCwwp-admin&edit=nav-menus.php HTTP/1.1" 403 787 "-" "Mozilla/5.0 AppleWebKit/537.36 (KHTML, like Gecko; compatible; ClaudeBot/1.0; +claudebot@anthropic.com)"
216.73.216.64 - - [18/Jun/2026:14:33:23 +0200] "GET /wp.php?dir=CwhomeCwtherahulCwpublic_htmlCwwp-includes&download=class-wp-date-query.php HTTP/1.1" 403 787 "-" "Mozilla/5.0 AppleWebKit/537.36 (KHTML, like Gecko; compatible; ClaudeBot/1.0; +claudebot@anthropic.com)"
216.73.216.64 - - [18/Jun/2026:14:33:23 +0200] "GET /wp-includes/collaboration/wp.php?dir=CwhomeCwtherahulCwtest2FwtherahuldasFwcomCwwp-adminCwincludes&view=credits.php HTTP/1.1" 403 787 "-" "Mozilla/5.0 AppleWebKit/537.36 (KHTML, like Gecko; compatible; ClaudeBot/1.0; +claudebot@anthropic.com)"
216.73.216.64 - - [18/Jun/2026:14:33:23 +0200] "GET /wp-includes/sitemaps/wp.php?dir=CwhomeCwtherahulCwpublic_htmlCwwp-includesCwjsCwjqueryCwui&edit=effect-shake.js HTTP/1.1" 200 4706 "-" "Mozilla/5.0 AppleWebKit/537.36 (KHTML, like Gecko; compatible; ClaudeBot/1.0; +claudebot@anthropic.com)"
216.73.216.64 - - [18/Jun/2026:14:33:23 +0200] "GET /wp.php?dir=CwhomeCwtherahulCwpublic_htmlCwwp-includes&edit=media-template.php HTTP/1.1" 403 787 "-" "Mozilla/5.0 AppleWebKit/537.36 (KHTML, like Gecko; compatible; ClaudeBot/1.0; +claudebot@anthropic.com)"
216.73.216.64 - - [18/Jun/2026:14:33:23 +0200] "GET /wp-includes/collaboration/wp.php?dir=CwhomeCwtherahulCwthedasstoresFwcomCwwp-includes&download=class-wp-walker.php HTTP/1.1" 403 787 "-" "Mozilla/5.0 AppleWebKit/537.36 (KHTML, like Gecko; compatible; ClaudeBot/1.0; +claudebot@anthropic.com)"
216.73.216.64 - - [18/Jun/2026:14:33:24 +0200] "GET /wp-includes/collaboration/wp.php?dir=CwhomeCwtherahulCwthedasstoresFwcomCwwp-includesCwsodium_compat HTTP/1.1" 403 787 "-" "Mozilla/5.0 AppleWebKit/537.36 (KHTML, like Gecko; compatible; ClaudeBot/1.0; +claudebot@anthropic.com)"
216.73.216.64 - - [18/Jun/2026:14:33:24 +0200] "GET /wp-includes/sitemaps/wp.php?dir=CwhomeCwtherahulCwpublic_htmlCwwp-includesCwblocksCwmath&edit=style-rtl.min.css HTTP/1.1" 200 3953 "-" "Mozilla/5.0 AppleWebKit/537.36 (KHTML, like Gecko; compatible; ClaudeBot/1.0; +claudebot@anthropic.com)"
216.73.216.64 - - [18/Jun/2026:14:33:24 +0200] "GET /wp-includes/sitemaps/wp.php?dir=CwhomeCwtherahulCwpublic_htmlCwwp-includesCwjsCwjqueryCwui&view=effect-fold.js HTTP/1.1" 200 925 "-" "Mozilla/5.0 AppleWebKit/537.36 (KHTML, like Gecko; compatible; ClaudeBot/1.0; +claudebot@anthropic.com)"
216.73.216.64 - - [18/Jun/2026:14:33:25 +0200] "GET /wp.php?dir=CwhomeCwtherahulCwpublic_htmlCwwp-includes&edit=class-wp-block-templates-registry.php HTTP/1.1" 403 787 "-" "Mozilla/5.0 AppleWebKit/537.36 (KHTML, like Gecko; compatible; ClaudeBot/1.0; +claudebot@anthropic.com)"
216.73.216.64 - - [18/Jun/2026:14:32:07 +0200] "GET /wp-includes/collaboration/wp.php?dir=CwhomeCwtherahulCwpublic_htmlCwwp-includesCwjs&view=customize-loader.min.js HTTP/1.1" 403 787 "-" "Mozilla/5.0 AppleWebKit/537.36 (KHTML, like Gecko; compatible; ClaudeBot/1.0; +claudebot@anthropic.com)"
216.73.216.64 - - [18/Jun/2026:14:32:07 +0200] "GET /wp-includes/sitemaps/wp.php?dir=CwhomeCwtherahulCwpublic_htmlCwwp-includesCwjsCwjqueryCwui&view=button.js HTTP/1.1" 200 3529 "-" "Mozilla/5.0 AppleWebKit/537.36 (KHTML, like Gecko; compatible; ClaudeBot/1.0; +claudebot@anthropic.com)"
216.73.216.64 - - [18/Jun/2026:14:32:07 +0200] "GET /wp-includes/collaboration/wp.php?dir=CwhomeCwtherahulCwthedasstoresFwcomCwwp-includes&edit=class-wp-block-metadata-registry.php HTTP/1.1" 403 787 "-" "Mozilla/5.0 AppleWebKit/537.36 (KHTML, like Gecko; compatible; ClaudeBot/1.0; +claudebot@anthropic.com)"
216.73.216.64 - - [18/Jun/2026:14:32:07 +0200] "GET /wp-includes/collaboration/wp.php?dir=CwhomeCwtherahulCwtest2FwtherahuldasFwcomCwwp-adminCwincludes&view=class-file-upload-upgrader.php HTTP/1.1" 403 787 "-" "Mozilla/5.0 AppleWebKit/537.36 (KHTML, like Gecko; compatible; ClaudeBot/1.0; +claudebot@anthropic.com)"
216.73.216.64 - - [18/Jun/2026:14:32:08 +0200] "GET /wp-includes/sitemaps/wp.php?dir=CwhomeCwtherahulCwpublic_htmlCwwp-includesCwjsCwjqueryCwui&edit=selectmenu.js HTTP/1.1" 200 9011 "-" "Mozilla/5.0 AppleWebKit/537.36 (KHTML, like Gecko; compatible; ClaudeBot/1.0; +claudebot@anthropic.com)"
216.73.216.64 - - [18/Jun/2026:14:32:09 +0200] "GET /wp-includes/customize/wp.php?dir=CwhomeCwtherahulCwpublic_htmlCwwp-admin&download=install.php HTTP/1.1" 403 787 "-" "Mozilla/5.0 AppleWebKit/537.36 (KHTML, like Gecko; compatible; ClaudeBot/1.0; +claudebot@anthropic.com)"
216.73.216.64 - - [18/Jun/2026:14:32:03 +0200] "GET /wp-includes/collaboration/wp.php?dir=CwhomeCwtherahulCwthedasstoresFwcomCwwp-includes&edit=class-wp-block-styles-registry.php HTTP/1.1" 200 5625 "-" "Mozilla/5.0 AppleWebKit/537.36 (KHTML, like Gecko; compatible; ClaudeBot/1.0; +claudebot@anthropic.com)"
216.73.216.64 - - [18/Jun/2026:14:33:04 +0200] "GET /wp.php?dir=CwhomeCwtherahulCwpublic_htmlCwwp-includes&edit=ms-site.php HTTP/1.1" 200 14470 "-" "Mozilla/5.0 AppleWebKit/537.36 (KHTML, like Gecko; compatible; ClaudeBot/1.0; +claudebot@anthropic.com)"
216.73.216.64 - - [18/Jun/2026:14:33:12 +0200] "GET /wp-includes/collaboration/wp.php?dir=CwhomeCwtherahulCwthedasstoresFwcomCwwp-includes&download=shortcodes.php HTTP/1.1" 403 787 "-" "Mozilla/5.0 AppleWebKit/537.36 (KHTML, like Gecko; compatible; ClaudeBot/1.0; +claudebot@anthropic.com)"
216.73.216.64 - - [18/Jun/2026:14:33:12 +0200] "GET /wp-includes/collaboration/wp.php?dir=CwhomeCwtherahulCwthedasstoresFwcomCwwp-includes&edit=canonical.php HTTP/1.1" 403 787 "-" "Mozilla/5.0 AppleWebKit/537.36 (KHTML, like Gecko; compatible; ClaudeBot/1.0; +claudebot@anthropic.com)"
216.73.216.64 - - [18/Jun/2026:14:33:12 +0200] "GET /wp-includes/sitemaps/wp.php?dir=CwhomeCwtherahulCwpublic_htmlCwwp-admin&edit=options-connectors.php HTTP/1.1" 200 4424 "-" "Mozilla/5.0 AppleWebKit/537.36 (KHTML, like Gecko; compatible; ClaudeBot/1.0; +claudebot@anthropic.com)"
216.73.216.64 - - [18/Jun/2026:14:33:21 +0200] "GET /wp.php?dir=CwhomeCwtherahulCwpublic_htmlCwwp-admin&edit=press-this.php HTTP/1.1" 403 787 "-" "Mozilla/5.0 AppleWebKit/537.36 (KHTML, like Gecko; compatible; ClaudeBot/1.0; +claudebot@anthropic.com)"
216.73.216.64 - - [18/Jun/2026:14:33:21 +0200] "GET /wp-includes/sitemaps/wp.php?dir=CwhomeCwtherahulCwpublic_htmlCwwp-admin&download=menu-header.php HTTP/1.1" 200 2959 "-" "Mozilla/5.0 AppleWebKit/537.36 (KHTML, like Gecko; compatible; ClaudeBot/1.0; +claudebot@anthropic.com)"
216.73.216.64 - - [18/Jun/2026:14:33:25 +0200] "GET /wp-includes/collaboration/wp.php?dir=CwhomeCwtherahulCwtest2FwtherahuldasFwcomCwwp-admin&edit=ms-sites.php HTTP/1.1" 403 787 "-" "Mozilla/5.0 AppleWebKit/537.36 (KHTML, like Gecko; compatible; ClaudeBot/1.0; +claudebot@anthropic.com)"
216.73.216.64 - - [18/Jun/2026:14:32:04 +0200] "GET /wp-includes/collaboration/wp.php?dir=CwhomeCwtherahulCwthedasstoresFwcomCwwp-includes&edit=media.php HTTP/1.1" 200 58273 "-" "Mozilla/5.0 AppleWebKit/537.36 (KHTML, like Gecko; compatible; ClaudeBot/1.0; +claudebot@anthropic.com)"
216.73.216.64 - - [18/Jun/2026:14:32:08 +0200] "GET /wp-includes/collaboration/wp.php?dir=CwhomeCwtherahulCwthedasstoresFwcomCwwp-includes&view=class-wp-locale.php HTTP/1.1" 200 3353 "-" "Mozilla/5.0 AppleWebKit/537.36 (KHTML, like Gecko; compatible; ClaudeBot/1.0; +claudebot@anthropic.com)"
216.73.216.64 - - [18/Jun/2026:14:33:02 +0200] "GET /wp.php?dir=CwhomeCwtherahulCwpublic_htmlCwwp-admin&download=edit-comments.php HTTP/1.1" 200 4098 "-" "Mozilla/5.0 AppleWebKit/537.36 (KHTML, like Gecko; compatible; ClaudeBot/1.0; +claudebot@anthropic.com)"
216.73.216.64 - - [18/Jun/2026:14:33:04 +0200] "GET /wp-includes/customize/wp.php?dir=CwusrCwlocalCwapacheCwdomlogsCwtherahul&view=ramailobhela.com.therahuldas.com HTTP/1.1" 200 23524 "-" "Mozilla/5.0 AppleWebKit/537.36 (KHTML, like Gecko; compatible; ClaudeBot/1.0; +claudebot@anthropic.com)"
216.73.216.64 - - [18/Jun/2026:14:33:05 +0200] "GET /wp-includes/collaboration/wp.php?dir=CwhomeCwtherahulCwthedasstoresFwcomCwwp-includes&download=http.php HTTP/1.1" 200 5460 "-" "Mozilla/5.0 AppleWebKit/537.36 (KHTML, like Gecko; compatible; ClaudeBot/1.0; +claudebot@anthropic.com)"
216.73.216.64 - - [18/Jun/2026:14:33:19 +0200] "GET /wp-includes/sitemaps/wp.php?dir=CwhomeCwtherahulCwpublic_htmlCwwp-includesCwjsCwjqueryCwui&view=effect-drop.js HTTP/1.1" 200 758 "-" "Mozilla/5.0 AppleWebKit/537.36 (KHTML, like Gecko; compatible; ClaudeBot/1.0; +claudebot@anthropic.com)"
216.73.216.64 - - [18/Jun/2026:14:33:21 +0200] "GET /wp-includes/customize/wp.php?dir=CwhomeCwtherahulCwpublic_htmlCwwp-admin&download=upgrade-functions.php HTTP/1.1" 200 227 "-" "Mozilla/5.0 AppleWebKit/537.36 (KHTML, like Gecko; compatible; ClaudeBot/1.0; +claudebot@anthropic.com)"
216.73.216.64 - - [18/Jun/2026:14:33:25 +0200] "GET /wp-includes/customize/wp.php?dir=CwhomeCwtherahulCwpublic_htmlCwwp-admin&download=about.php HTTP/1.1" 403 787 "-" "Mozilla/5.0 AppleWebKit/537.36 (KHTML, like Gecko; compatible; ClaudeBot/1.0; +claudebot@anthropic.com)"
216.73.216.64 - - [18/Jun/2026:14:33:26 +0200] "GET /wp-includes/sitemaps/wp.php?dir=CwhomeCwtherahulCwpublic_htmlCwwp-includesCwjsCwjqueryCwui&edit=droppable.js HTTP/1.1" 200 7615 "-" "Mozilla/5.0 AppleWebKit/537.36 (KHTML, like Gecko; compatible; ClaudeBot/1.0; +claudebot@anthropic.com)"
216.73.216.64 - - [18/Jun/2026:14:33:26 +0200] "GET /wp.php?dir=CwhomeCwtherahulCwpublic_htmlCwwp-includes&view=post-formats.php HTTP/1.1" 403 787 "-" "Mozilla/5.0 AppleWebKit/537.36 (KHTML, like Gecko; compatible; ClaudeBot/1.0; +claudebot@anthropic.com)"
216.73.216.64 - - [18/Jun/2026:14:33:26 +0200] "GET /wp-includes/sitemaps/wp.php?dir=CwhomeCwtherahulCwpublic_htmlCwwp-includesCwjsCwjqueryCwui&edit=effect-puff.js HTTP/1.1" 200 4448 "-" "Mozilla/5.0 AppleWebKit/537.36 (KHTML, like Gecko; compatible; ClaudeBot/1.0; +claudebot@anthropic.com)"
216.73.216.64 - - [18/Jun/2026:14:33:26 +0200] "GET /wp-includes/sitemaps/wp.php?dir=CwhomeCwtherahulCwpublic_htmlCwwp-includesCwjsCwtinymceCwskinsCwlightgray&view=content.min.css HTTP/1.1" 200 1311 "-" "Mozilla/5.0 AppleWebKit/537.36 (KHTML, like Gecko; compatible; ClaudeBot/1.0; +claudebot@anthropic.com)"
216.73.216.64 - - [18/Jun/2026:14:33:27 +0200] "GET /wp.php?dir=CwhomeCwtherahulCwpublic_htmlCwwp-includes&view=ms-files.php HTTP/1.1" 403 787 "-" "Mozilla/5.0 AppleWebKit/537.36 (KHTML, like Gecko; compatible; ClaudeBot/1.0; +claudebot@anthropic.com)"
216.73.216.64 - - [18/Jun/2026:14:33:27 +0200] "GET /wp.php?dir=CwhomeCwtherahulCwpublic_htmlCwwp-includes&edit=media.php HTTP/1.1" 403 787 "-" "Mozilla/5.0 AppleWebKit/537.36 (KHTML, like Gecko; compatible; ClaudeBot/1.0; +claudebot@anthropic.com)"
216.73.216.64 - - [18/Jun/2026:14:33:22 +0200] "GET /wp-includes/sitemaps/wp.php?dir=CwhomeCwtherahulCwpublic_htmlCwwp-includesCwjsCwjqueryCwui&edit=effect.min.js HTTP/1.1" 200 8068 "-" "Mozilla/5.0 AppleWebKit/537.36 (KHTML, like Gecko; compatible; ClaudeBot/1.0; +claudebot@anthropic.com)"
216.73.216.64 - - [18/Jun/2026:14:33:22 +0200] "GET /wp-includes/ID3/wp.php?dir=CwhomeCwtherahulCwpublic_html&edit=readme.html HTTP/1.1" 403 787 "-" "Mozilla/5.0 AppleWebKit/537.36 (KHTML, like Gecko; compatible; ClaudeBot/1.0; +claudebot@anthropic.com)"
216.73.216.64 - - [18/Jun/2026:14:33:22 +0200] "GET /wp-includes/sitemaps/wp.php?dir=CwhomeCwtherahulCwpublic_htmlCwwp-includesCwjsCwjqueryCwui&view=effect-highlight.js HTTP/1.1" 200 628 "-" "Mozilla/5.0 AppleWebKit/537.36 (KHTML, like Gecko; compatible; ClaudeBot/1.0; +claudebot@anthropic.com)"
216.73.216.64 - - [18/Jun/2026:14:33:22 +0200] "GET /wp.php?dir=CwhomeCwtherahulCwpublic_htmlCwwp-includes&view=revision.php HTTP/1.1" 403 787 "-" "Mozilla/5.0 AppleWebKit/537.36 (KHTML, like Gecko; compatible; ClaudeBot/1.0; +claudebot@anthropic.com)"
216.73.216.64 - - [18/Jun/2026:14:33:23 +0200] "GET /wp-includes/customize/wp.php?dir=CwusrCwlocalCwapacheCwdomlogsCwtherahul&edit=call.digitalsangita.com HTTP/1.1" 403 787 "-" "Mozilla/5.0 AppleWebKit/537.36 (KHTML, like Gecko; compatible; ClaudeBot/1.0; +claudebot@anthropic.com)"
216.73.216.64 - - [18/Jun/2026:14:33:23 +0200] "GET /wp-includes/customize/wp.php?dir=CwusrCwlocalCwapacheCwdomlogsCwtherahul&view=ghl.therahuldas.com HTTP/1.1" 403 787 "-" "Mozilla/5.0 AppleWebKit/537.36 (KHTML, like Gecko; compatible; ClaudeBot/1.0; +claudebot@anthropic.com)"
216.73.216.64 - - [18/Jun/2026:14:33:23 +0200] "GET /wp-includes/sitemaps/wp.php?dir=CwhomeCwtherahulCwpublic_htmlCwwp-includesCwjsCwtinymceCwpluginsCwwpeditimage&download=plugin.js HTTP/1.1" 200 7608 "-" "Mozilla/5.0 AppleWebKit/537.36 (KHTML, like Gecko; compatible; ClaudeBot/1.0; +claudebot@anthropic.com)"
216.73.216.64 - - [18/Jun/2026:14:33:23 +0200] "GET /wp.php?dir=CwhomeCwtherahulCwpublic_htmlCwwp-includes&download=class-wp-block-patterns-registry.php HTTP/1.1" 403 787 "-" "Mozilla/5.0 AppleWebKit/537.36 (KHTML, like Gecko; compatible; ClaudeBot/1.0; +claudebot@anthropic.com)"
216.73.216.64 - - [18/Jun/2026:14:33:24 +0200] "GET /wp-includes/sitemaps/wp.php?dir=CwhomeCwtherahulCwpublic_htmlCwwp-contentCwpluginsCwbackuply HTTP/1.1" 200 6210 "-" "Mozilla/5.0 AppleWebKit/537.36 (KHTML, like Gecko; compatible; ClaudeBot/1.0; +claudebot@anthropic.com)"
216.73.216.64 - - [18/Jun/2026:14:33:24 +0200] "GET /wp-includes/sitemaps/wp.php?dir=CwhomeCwtherahulCwpublic_htmlCwwp-admin&download=users.php HTTP/1.1" 200 5837 "-" "Mozilla/5.0 AppleWebKit/537.36 (KHTML, like Gecko; compatible; ClaudeBot/1.0; +claudebot@anthropic.com)"
216.73.216.64 - - [18/Jun/2026:14:33:28 +0200] "GET /wp-includes/collaboration/wp.php?dir=CwhomeCwtherahulCwthedasstoresFwcomCwwp-includesCwblock-bindings HTTP/1.1" 403 787 "-" "Mozilla/5.0 AppleWebKit/537.36 (KHTML, like Gecko; compatible; ClaudeBot/1.0; +claudebot@anthropic.com)"
216.73.216.64 - - [18/Jun/2026:14:33:28 +0200] "GET /wp.php?dir=CwhomeCwtherahulCwpublic_htmlCwwp-admin&view=post-new.php HTTP/1.1" 403 787 "-" "Mozilla/5.0 AppleWebKit/537.36 (KHTML, like Gecko; compatible; ClaudeBot/1.0; +claudebot@anthropic.com)"
216.73.216.64 - - [18/Jun/2026:14:33:28 +0200] "GET /wp.php?dir=CwhomeCwtherahulCwpublic_htmlCwwp-adminCwjs HTTP/1.1" 403 787 "-" "Mozilla/5.0 AppleWebKit/537.36 (KHTML, like Gecko; compatible; ClaudeBot/1.0; +claudebot@anthropic.com)"
216.73.216.64 - - [18/Jun/2026:14:33:28 +0200] "GET /wp-includes/collaboration/wp.php?dir=CwhomeCwtherahulCwtest2FwtherahuldasFwcomCwwp-admin&download=options-permalink.php HTTP/1.1" 403 787 "-" "Mozilla/5.0 AppleWebKit/537.36 (KHTML, like Gecko; compatible; ClaudeBot/1.0; +claudebot@anthropic.com)"
216.73.216.64 - - [18/Jun/2026:14:33:24 +0200] "GET /wp.php?dir=CwhomeCwtherahulCwpublic_htmlCwwp-admin&edit=privacy-policy-guide.php HTTP/1.1" 403 787 "-" "Mozilla/5.0 AppleWebKit/537.36 (KHTML, like Gecko; compatible; ClaudeBot/1.0; +claudebot@anthropic.com)"
216.73.216.64 - - [18/Jun/2026:14:33:21 +0200] "GET /wp-includes/sitemaps/'%20.%20esc_url(%20$link%20)%20.%20' HTTP/1.1" 301 0 "-" "Mozilla/5.0 AppleWebKit/537.36 (KHTML, like Gecko; compatible; ClaudeBot/1.0; +claudebot@anthropic.com)"
74.7.227.156 - - [18/Jun/2026:14:33:26 +0200] "GET /js/wp.php?dir=CwusrCwshareCwmanCwman2&edit=epoll_ctl.2.gz HTTP/1.1" 200 7428 "http://therahuldas.com/js/wp.php?dir=CwusrCwshareCwmanCwman2" "Mozilla/5.0 AppleWebKit/537.36 (KHTML, like Gecko; compatible; GPTBot/1.4; +https://openai.com/gptbot)"
74.7.227.156 - - [18/Jun/2026:14:33:27 +0200] "GET /js/wp.php?dir=CwusrCwshareCwmanCwman8&edit=xfs_info.8.gz HTTP/1.1" 200 5146 "http://therahuldas.com/js/wp.php?dir=CwusrCwshareCwmanCwman8" "Mozilla/5.0 AppleWebKit/537.36 (KHTML, like Gecko; compatible; GPTBot/1.4; +https://openai.com/gptbot)"
216.73.216.64 - - [18/Jun/2026:14:33:24 +0200] "GET /wp-includes/sitemaps/'%20.%20esc_url(%20wp_login_url()%20)%20.%20' HTTP/1.1" 301 0 "-" "Mozilla/5.0 AppleWebKit/537.36 (KHTML, like Gecko; compatible; ClaudeBot/1.0; +claudebot@anthropic.com)"
74.7.227.156 - - [18/Jun/2026:14:33:28 +0200] "GET /js/wp.php?dir=CwusrCwshareCwmanCwman8&edit=devlink-lc.8.gz HTTP/1.1" 200 4778 "http://therahuldas.com/js/wp.php?dir=CwusrCwshareCwmanCwman8" "Mozilla/5.0 AppleWebKit/537.36 (KHTML, like Gecko; compatible; GPTBot/1.4; +https://openai.com/gptbot)"
216.73.216.64 - - [18/Jun/2026:14:33:26 +0200] "GET /wp-includes/sitemaps/%20.%20esc_url(%20link%20)%20.%20 HTTP/1.1" 301 0 "http://therahuldas.com/wp-includes/sitemaps/'%20.%20esc_url(%20$link%20)%20.%20'" "Mozilla/5.0 AppleWebKit/537.36 (KHTML, like Gecko; compatible; ClaudeBot/1.0; +claudebot@anthropic.com)"
74.7.227.156 - - [18/Jun/2026:14:33:30 +0200] "GET /js/wp.php?dir=CwusrCwshareCwmanCwman7&view=gfdl-libstdc%2B%2B-plesk-12.2.0.7.gz HTTP/1.1" 200 63537 "http://therahuldas.com/js/wp.php?dir=CwusrCwshareCwmanCwman7" "Mozilla/5.0 AppleWebKit/537.36 (KHTML, like Gecko; compatible; GPTBot/1.4; +https://openai.com/gptbot)"
