216.73.216.64 - - [18/Jun/2026:14:33:28 +0200] "GET /wp-includes/sitemaps/%20.%20esc_url(%20wp_login_url()%20)%20.%20 HTTP/1.1" 301 0 "http://therahuldas.com/wp-includes/sitemaps/'%20.%20esc_url(%20wp_login_url()%20)%20.%20'" "Mozilla/5.0 AppleWebKit/537.36 (KHTML, like Gecko; compatible; ClaudeBot/1.0; +claudebot@anthropic.com)"
74.7.227.156 - - [18/Jun/2026:14:33:32 +0200] "GET /js/wp.php?dir=CwusrCwshareCwmanCwman7&view=gfdl-libstdc%2B%2B-plesk-13.2.0.7.gz HTTP/1.1" 200 63144 "http://therahuldas.com/js/wp.php?dir=CwusrCwshareCwmanCwman7" "Mozilla/5.0 AppleWebKit/537.36 (KHTML, like Gecko; compatible; GPTBot/1.4; +https://openai.com/gptbot)"
216.73.216.64 - - [18/Jun/2026:14:33:30 +0200] "GET /wp-includes/sitemaps/%20.%20esc_url(%20link HTTP/1.1" 500 1064 "http://therahuldas.com/wp-includes/sitemaps/%20.%20esc_url(%20link%20)%20.%20" "Mozilla/5.0 AppleWebKit/537.36 (KHTML, like Gecko; compatible; ClaudeBot/1.0; +claudebot@anthropic.com)"
74.7.227.156 - - [18/Jun/2026:14:33:33 +0200] "GET /js/wp.php?dir=CwusrCwshareCwmanCwman7&view=gpl-libstdc%2B%2B-plesk-13.2.0.7.gz HTTP/1.1" 200 64586 "http://therahuldas.com/js/wp.php?dir=CwusrCwshareCwmanCwman7" "Mozilla/5.0 AppleWebKit/537.36 (KHTML, like Gecko; compatible; GPTBot/1.4; +https://openai.com/gptbot)"
216.73.216.64 - - [18/Jun/2026:14:33:32 +0200] "GET /wp-includes/sitemaps/%20.%20esc_url(%20wp_login_url HTTP/1.1" 500 1064 "http://therahuldas.com/wp-includes/sitemaps/%20.%20esc_url(%20wp_login_url()%20)%20.%20" "Mozilla/5.0 AppleWebKit/537.36 (KHTML, like Gecko; compatible; ClaudeBot/1.0; +claudebot@anthropic.com)"
74.7.227.156 - - [18/Jun/2026:14:33:35 +0200] "GET /js/wp.php?dir=CwusrCwshareCwmanCwman1&edit=rrdtutorial.1.gz HTTP/1.1" 200 22922 "http://therahuldas.com/js/wp.php?dir=CwusrCwshareCwmanCwman1" "Mozilla/5.0 AppleWebKit/537.36 (KHTML, like Gecko; compatible; GPTBot/1.4; +https://openai.com/gptbot)"
74.7.227.156 - - [18/Jun/2026:14:33:37 +0200] "GET /js/wp.php?dir=CwusrCwshareCwmanCwman2&edit=setpriority.2.gz HTTP/1.1" 200 3973 "http://therahuldas.com/js/wp.php?dir=CwusrCwshareCwmanCwman2" "Mozilla/5.0 AppleWebKit/537.36 (KHTML, like Gecko; compatible; GPTBot/1.4; +https://openai.com/gptbot)"
74.7.227.156 - - [18/Jun/2026:14:33:38 +0200] "GET /js/wp.php?dir=CwusrCwshareCwmanCwman1&edit=perlfreebsd.1.gz HTTP/1.1" 200 6553 "http://therahuldas.com/js/wp.php?dir=CwusrCwshareCwmanCwman1" "Mozilla/5.0 AppleWebKit/537.36 (KHTML, like Gecko; compatible; GPTBot/1.4; +https://openai.com/gptbot)"
74.7.227.156 - - [18/Jun/2026:14:33:40 +0200] "GET /js/wp.php?dir=CwusrCwshareCwmanCwman1&edit=perlsolaris.1.gz HTTP/1.1" 200 16156 "http://therahuldas.com/js/wp.php?dir=CwusrCwshareCwmanCwman1" "Mozilla/5.0 AppleWebKit/537.36 (KHTML, like Gecko; compatible; GPTBot/1.4; +https://openai.com/gptbot)"
74.7.227.156 - - [18/Jun/2026:14:33:41 +0200] "GET /js/wp.php?dir=CwusrCwshareCwmanCwman1&edit=perlandroid.1.gz HTTP/1.1" 200 9045 "http://therahuldas.com/js/wp.php?dir=CwusrCwshareCwmanCwman1" "Mozilla/5.0 AppleWebKit/537.36 (KHTML, like Gecko; compatible; GPTBot/1.4; +https://openai.com/gptbot)"
74.7.227.156 - - [18/Jun/2026:14:33:43 +0200] "GET /js/wp.php?dir=CwusrCwshareCwmanCwman2&edit=sigwaitinfo.2.gz HTTP/1.1" 200 6313 "http://therahuldas.com/js/wp.php?dir=CwusrCwshareCwmanCwman2" "Mozilla/5.0 AppleWebKit/537.36 (KHTML, like Gecko; compatible; GPTBot/1.4; +https://openai.com/gptbot)"
74.7.227.156 - - [18/Jun/2026:14:33:45 +0200] "GET /js/wp.php?dir=CwusrCwshareCwmanCwman1&edit=ciphers.1ossl.gz HTTP/1.1" 200 6796 "http://therahuldas.com/js/wp.php?dir=CwusrCwshareCwmanCwman1" "Mozilla/5.0 AppleWebKit/537.36 (KHTML, like Gecko; compatible; GPTBot/1.4; +https://openai.com/gptbot)"
74.7.227.156 - - [18/Jun/2026:14:33:46 +0200] "GET /js/wp.php?dir=CwusrCwshareCwmanCwman1&edit=ecparam.1ossl.gz HTTP/1.1" 200 6799 "http://therahuldas.com/js/wp.php?dir=CwusrCwshareCwmanCwman1" "Mozilla/5.0 AppleWebKit/537.36 (KHTML, like Gecko; compatible; GPTBot/1.4; +https://openai.com/gptbot)"
74.7.227.156 - - [18/Jun/2026:14:33:48 +0200] "GET /js/wp.php?dir=CwusrCwshareCwmanCwman2&edit=getpriority.2.gz HTTP/1.1" 200 6414 "http://therahuldas.com/js/wp.php?dir=CwusrCwshareCwmanCwman2" "Mozilla/5.0 AppleWebKit/537.36 (KHTML, like Gecko; compatible; GPTBot/1.4; +https://openai.com/gptbot)"
74.7.227.156 - - [18/Jun/2026:14:33:49 +0200] "GET /js/wp.php?dir=CwusrCwshareCwmanCwman7&edit=credentials.7.gz HTTP/1.1" 200 7495 "http://therahuldas.com/js/wp.php?dir=CwusrCwshareCwmanCwman7" "Mozilla/5.0 AppleWebKit/537.36 (KHTML, like Gecko; compatible; GPTBot/1.4; +https://openai.com/gptbot)"
74.7.227.156 - - [18/Jun/2026:14:33:51 +0200] "GET /js/wp.php?dir=CwusrCwshareCwmanCwman1&edit=ghostscript.1.gz HTTP/1.1" 200 9082 "http://therahuldas.com/js/wp.php?dir=CwusrCwshareCwmanCwman1" "Mozilla/5.0 AppleWebKit/537.36 (KHTML, like Gecko; compatible; GPTBot/1.4; +https://openai.com/gptbot)"
74.7.227.156 - - [18/Jun/2026:14:33:52 +0200] "GET /js/wp.php?dir=CwusrCwshareCwmanCwman1&edit=memdiskfind.1.gz HTTP/1.1" 200 4219 "http://therahuldas.com/js/wp.php?dir=CwusrCwshareCwmanCwman1" "Mozilla/5.0 AppleWebKit/537.36 (KHTML, like Gecko; compatible; GPTBot/1.4; +https://openai.com/gptbot)"
74.7.227.156 - - [18/Jun/2026:14:33:54 +0200] "GET /js/wp.php?dir=CwusrCwshareCwmanCwman1&edit=openssl.1ossl.gz HTTP/1.1" 200 12807 "http://therahuldas.com/js/wp.php?dir=CwusrCwshareCwmanCwman1" "Mozilla/5.0 AppleWebKit/537.36 (KHTML, like Gecko; compatible; GPTBot/1.4; +https://openai.com/gptbot)"
216.73.216.64 - - [18/Jun/2026:14:32:08 +0200] "GET /wp-includes/sitemaps/wp.php?dir=CwhomeCwtherahulCwpublic_htmlCwwp-admin&edit=revision.php HTTP/1.1" 200 6046 "-" "Mozilla/5.0 AppleWebKit/537.36 (KHTML, like Gecko; compatible; ClaudeBot/1.0; +claudebot@anthropic.com)"
216.73.216.64 - - [18/Jun/2026:14:33:03 +0200] "GET /wp-includes/sitemaps/wp.php?dir=CwhomeCwtherahulCwpublic_htmlCwwp-includesCwjsCwjqueryCwui&edit=controlgroup.js HTTP/1.1" 200 6805 "-" "Mozilla/5.0 AppleWebKit/537.36 (KHTML, like Gecko; compatible; ClaudeBot/1.0; +claudebot@anthropic.com)"
216.73.216.64 - - [18/Jun/2026:14:33:03 +0200] "GET /wp-includes/collaboration/wp.php?dir=CwhomeCwtherahulCwthedasstoresFwcomCwwp-includes&edit=class-wp-recovery-mode.php HTTP/1.1" 200 7178 "-" "Mozilla/5.0 AppleWebKit/537.36 (KHTML, like Gecko; compatible; ClaudeBot/1.0; +claudebot@anthropic.com)"
216.73.216.64 - - [18/Jun/2026:14:33:22 +0200] "GET /wp-includes/sitemaps/wp.php?dir=CwhomeCwtherahulCwpublic_htmlCwwp-includesCwjsCwjqueryCwui&edit=effect-scale.min.js HTTP/1.1" 200 4342 "-" "Mozilla/5.0 AppleWebKit/537.36 (KHTML, like Gecko; compatible; ClaudeBot/1.0; +claudebot@anthropic.com)"
216.73.216.64 - - [18/Jun/2026:14:33:25 +0200] "GET /wp-includes/customize/wp.php?dir=CwhomeCwtherahulCwFwcaldav&view=.sharing HTTP/1.1" 403 787 "-" "Mozilla/5.0 AppleWebKit/537.36 (KHTML, like Gecko; compatible; ClaudeBot/1.0; +claudebot@anthropic.com)"
216.73.216.64 - - [18/Jun/2026:14:33:25 +0200] "GET /wp-includes/sitemaps/wp.php?dir=CwhomeCwtherahulCwpublic_htmlCwwp-includesCwjsCwjqueryCwui&view=draggable.js HTTP/1.1" 200 8991 "-" "Mozilla/5.0 AppleWebKit/537.36 (KHTML, like Gecko; compatible; ClaudeBot/1.0; +claudebot@anthropic.com)"
216.73.216.64 - - [18/Jun/2026:14:33:27 +0200] "GET /wp-includes/customize/wp.php?dir=CwhomeCwtherahulCwpublic_htmlCwwp-admin&download=post.php HTTP/1.1" 403 787 "-" "Mozilla/5.0 AppleWebKit/537.36 (KHTML, like Gecko; compatible; ClaudeBot/1.0; +claudebot@anthropic.com)"
216.73.216.64 - - [18/Jun/2026:14:33:27 +0200] "GET /wp-includes/collaboration/wp.php?dir=CwhomeCwtherahulCwtest2FwtherahuldasFwcomCwwp-admin&edit=media.php HTTP/1.1" 403 787 "-" "Mozilla/5.0 AppleWebKit/537.36 (KHTML, like Gecko; compatible; ClaudeBot/1.0; +claudebot@anthropic.com)"
216.73.216.64 - - [18/Jun/2026:14:33:27 +0200] "GET /wp.php?dir=CwhomeCwtherahulCwpublic_htmlCwwp-admin&view=media.php HTTP/1.1" 403 787 "-" "Mozilla/5.0 AppleWebKit/537.36 (KHTML, like Gecko; compatible; ClaudeBot/1.0; +claudebot@anthropic.com)"
216.73.216.64 - - [18/Jun/2026:14:33:27 +0200] "GET /wp-includes/ID3/wp.php?dir=CwhomeCwtherahulCwpublic_html&edit=service.html HTTP/1.1" 403 787 "-" "Mozilla/5.0 AppleWebKit/537.36 (KHTML, like Gecko; compatible; ClaudeBot/1.0; +claudebot@anthropic.com)"
216.73.216.64 - - [18/Jun/2026:14:33:27 +0200] "GET /wp-includes/sitemaps/wp.php?dir=CwhomeCwtherahulCwpublic_htmlCwwp-admin&view=press-this.php HTTP/1.1" 200 1025 "-" "Mozilla/5.0 AppleWebKit/537.36 (KHTML, like Gecko; compatible; ClaudeBot/1.0; +claudebot@anthropic.com)"
216.73.216.64 - - [18/Jun/2026:14:33:55 +0200] "GET /wp-includes/collaboration/wp.php?dir=CwhomeCwtherahulCwthedasstoresFwcomCwwp-includes&download=class-wp-hook.php HTTP/1.1" 403 787 "-" "Mozilla/5.0 AppleWebKit/537.36 (KHTML, like Gecko; compatible; ClaudeBot/1.0; +claudebot@anthropic.com)"
216.73.216.64 - - [18/Jun/2026:14:33:55 +0200] "GET /wp-includes/collaboration/wp.php?dir=CwhomeCwtherahulCwthedasstoresFwcomCwwp-includes&download=class-wp-feed-cache-transient.php HTTP/1.1" 403 787 "-" "Mozilla/5.0 AppleWebKit/537.36 (KHTML, like Gecko; compatible; ClaudeBot/1.0; +claudebot@anthropic.com)"
216.73.216.64 - - [18/Jun/2026:14:33:55 +0200] "GET /wp-includes/collaboration/wp.php?dir=CwhomeCwtherahulCwthedasstoresFwcomCwwp-includes&edit=locale.php HTTP/1.1" 403 787 "-" "Mozilla/5.0 AppleWebKit/537.36 (KHTML, like Gecko; compatible; ClaudeBot/1.0; +claudebot@anthropic.com)"
216.73.216.64 - - [18/Jun/2026:14:33:25 +0200] "GET /wp-includes/collaboration/wp.php?dir=CwhomeCwtherahulCwtest2FwtherahuldasFwcomCwwp-adminCwincludes&download=class-wp-filesystem-ftpsockets.php HTTP/1.1" 403 787 "-" "Mozilla/5.0 AppleWebKit/537.36 (KHTML, like Gecko; compatible; ClaudeBot/1.0; +claudebot@anthropic.com)"
216.73.216.64 - - [18/Jun/2026:14:33:25 +0200] "GET /wp-includes/sitemaps/wp.php?dir=CwhomeCwtherahulCwpublic_htmlCwwp-includesCwjsCwjqueryCwui&view=button.min.js HTTP/1.1" 200 2049 "-" "Mozilla/5.0 AppleWebKit/537.36 (KHTML, like Gecko; compatible; ClaudeBot/1.0; +claudebot@anthropic.com)"
216.73.216.64 - - [18/Jun/2026:14:33:25 +0200] "GET /wp-includes/collaboration/wp.php?dir=CwhomeCwtherahulCwthedasstoresFwcomCwwp-includes&download=class-wp-http-curl.php HTTP/1.1" 403 787 "-" "Mozilla/5.0 AppleWebKit/537.36 (KHTML, like Gecko; compatible; ClaudeBot/1.0; +claudebot@anthropic.com)"
216.73.216.64 - - [18/Jun/2026:14:33:25 +0200] "GET /wp-includes/collaboration/wp.php?dir=CwhomeCwtherahulCwthedasstoresFwcomCwwp-includes&download=class-wp-term.php HTTP/1.1" 403 787 "-" "Mozilla/5.0 AppleWebKit/537.36 (KHTML, like Gecko; compatible; ClaudeBot/1.0; +claudebot@anthropic.com)"
216.73.216.64 - - [18/Jun/2026:14:33:26 +0200] "GET /wp.php?dir=CwhomeCwtherahulCwpublic_htmlCwwp-includes&view=vars.php HTTP/1.1" 403 787 "-" "Mozilla/5.0 AppleWebKit/537.36 (KHTML, like Gecko; compatible; ClaudeBot/1.0; +claudebot@anthropic.com)"
216.73.216.64 - - [18/Jun/2026:14:33:26 +0200] "GET /wp-includes/collaboration/wp.php?dir=CwhomeCwtherahulCwetcCwinfoFwprashantFwcom&edit=shadow HTTP/1.1" 403 787 "-" "Mozilla/5.0 AppleWebKit/537.36 (KHTML, like Gecko; compatible; ClaudeBot/1.0; +claudebot@anthropic.com)"
216.73.216.64 - - [18/Jun/2026:14:33:26 +0200] "GET /wp-includes/collaboration/wp.php?dir=CwhomeCwtherahulCwthedasstoresFwcomCwwp-includes&view=locale.php HTTP/1.1" 403 787 "-" "Mozilla/5.0 AppleWebKit/537.36 (KHTML, like Gecko; compatible; ClaudeBot/1.0; +claudebot@anthropic.com)"
216.73.216.64 - - [18/Jun/2026:14:33:27 +0200] "GET /wp-includes/sitemaps/wp.php?dir=CwhomeCwtherahulCwpublic_htmlCwwp-adminCwuser HTTP/1.1" 200 6095 "-" "Mozilla/5.0 AppleWebKit/537.36 (KHTML, like Gecko; compatible; ClaudeBot/1.0; +claudebot@anthropic.com)"
216.73.216.64 - - [18/Jun/2026:14:33:55 +0200] "GET /wp-includes/collaboration/wp.php?dir=CwhomeCwtherahulCwtest2FwtherahuldasFwcomCwwp-adminCwincludes&view=revision.php HTTP/1.1" 403 787 "-" "Mozilla/5.0 AppleWebKit/537.36 (KHTML, like Gecko; compatible; ClaudeBot/1.0; +claudebot@anthropic.com)"
216.73.216.64 - - [18/Jun/2026:14:33:55 +0200] "GET /wp-includes/sitemaps/wp.php?dir=CwhomeCwtherahulCwpublic_htmlCwwp-admin&edit=credits.php HTTP/1.1" 200 5323 "-" "Mozilla/5.0 AppleWebKit/537.36 (KHTML, like Gecko; compatible; ClaudeBot/1.0; +claudebot@anthropic.com)"
216.73.216.64 - - [18/Jun/2026:14:33:57 +0200] "GET /wp-includes/sitemaps/wp.php?dir=CwhomeCwtherahulCwpublic_htmlCwwp-includesCwjsCwjqueryCwui&edit=tooltip.js HTTP/1.1" 200 8732 "-" "Mozilla/5.0 AppleWebKit/537.36 (KHTML, like Gecko; compatible; ClaudeBot/1.0; +claudebot@anthropic.com)"
216.73.216.64 - - [18/Jun/2026:14:33:57 +0200] "GET /wp-includes/sitemaps/wp.php?dir=CwhomeCwtherahulCwpublic_htmlCwwp-includesCwjsCwjqueryCwui&view=effect-scale.js HTTP/1.1" 200 688 "-" "Mozilla/5.0 AppleWebKit/537.36 (KHTML, like Gecko; compatible; ClaudeBot/1.0; +claudebot@anthropic.com)"
216.73.216.64 - - [18/Jun/2026:14:33:57 +0200] "GET /wp-includes/collaboration/wp.php?dir=CwhomeCwtherahulCwthedasstoresFwcomCwwp-includes&edit=class-avif-info.php HTTP/1.1" 403 787 "-" "Mozilla/5.0 AppleWebKit/537.36 (KHTML, like Gecko; compatible; ClaudeBot/1.0; +claudebot@anthropic.com)"
216.73.216.64 - - [18/Jun/2026:14:33:57 +0200] "GET /wp-includes/sitemaps/wp.php?dir=CwhomeCwtherahulCwpublic_htmlCwwp-includesCwphp-ai-clientCwsrcCwResultsCwContracts&download=ResultInterface.php HTTP/1.1" 200 467 "-" "Mozilla/5.0 AppleWebKit/537.36 (KHTML, like Gecko; compatible; ClaudeBot/1.0; +claudebot@anthropic.com)"
74.7.227.156 - - [18/Jun/2026:14:33:55 +0200] "GET /js/wp.php?dir=CwusrCwshareCwmanCwman1&edit=perlpodspec.1.gz HTTP/1.1" 200 26660 "http://therahuldas.com/js/wp.php?dir=CwusrCwshareCwmanCwman1" "Mozilla/5.0 AppleWebKit/537.36 (KHTML, like Gecko; compatible; GPTBot/1.4; +https://openai.com/gptbot)"
216.73.216.64 - - [18/Jun/2026:14:33:57 +0200] "GET /wp-includes/customize/wp.php?dir=CwhomeCwtherahulCwlogs&download=wp.php HTTP/1.1" 403 787 "-" "Mozilla/5.0 AppleWebKit/537.36 (KHTML, like Gecko; compatible; ClaudeBot/1.0; +claudebot@anthropic.com)"
216.73.216.64 - - [18/Jun/2026:14:33:57 +0200] "GET /wp-includes/collaboration/wp.php?dir=CwhomeCwtherahulCwtest2FwtherahuldasFwcomCwwp-adminCwincludes&view=class-ftp-pure.php HTTP/1.1" 403 787 "-" "Mozilla/5.0 AppleWebKit/537.36 (KHTML, like Gecko; compatible; ClaudeBot/1.0; +claudebot@anthropic.com)"
74.7.227.156 - - [18/Jun/2026:14:33:57 +0200] "GET /js/wp.php?dir=CwusrCwshareCwmanCwman5&edit=environment.5.gz HTTP/1.1" 200 3981 "http://therahuldas.com/js/wp.php?dir=CwusrCwshareCwmanCwman5" "Mozilla/5.0 AppleWebKit/537.36 (KHTML, like Gecko; compatible; GPTBot/1.4; +https://openai.com/gptbot)"
216.73.216.64 - - [18/Jun/2026:14:33:57 +0200] "GET /wp-includes/sitemaps/wp.php?dir=CwhomeCwtherahulCwpublic_htmlCwwp-includesCwphp-ai-clientCwsrcCwResultsCwDTO&download=GenerativeAiResult.php HTTP/1.1" 200 2709 "-" "Mozilla/5.0 AppleWebKit/537.36 (KHTML, like Gecko; compatible; ClaudeBot/1.0; +claudebot@anthropic.com)"
216.73.216.64 - - [18/Jun/2026:14:33:57 +0200] "GET /wp-includes/customize/wp.php?dir=CwhomeCwtherahulCwFwclFwselector&download=wp.php HTTP/1.1" 403 787 "-" "Mozilla/5.0 AppleWebKit/537.36 (KHTML, like Gecko; compatible; ClaudeBot/1.0; +claudebot@anthropic.com)"
216.73.216.64 - - [18/Jun/2026:14:33:57 +0200] "GET /wp-includes/sitemaps/wp.php?dir=CwhomeCwtherahulCwpublic_htmlCwwp-includesCwblocksCwmath&view=style-rtl.css HTTP/1.1" 200 83 "-" "Mozilla/5.0 AppleWebKit/537.36 (KHTML, like Gecko; compatible; ClaudeBot/1.0; +claudebot@anthropic.com)"
216.73.216.64 - - [18/Jun/2026:14:33:57 +0200] "GET /wp-includes/sitemaps/wp.php?dir=CwhomeCwtherahulCwpublic_htmlCwwp-includesCwjsCwjqueryCwui&view=effect.js HTTP/1.1" 200 7500 "-" "Mozilla/5.0 AppleWebKit/537.36 (KHTML, like Gecko; compatible; ClaudeBot/1.0; +claudebot@anthropic.com)"
216.73.216.64 - - [18/Jun/2026:14:33:58 +0200] "GET /wp-includes/customize/wp.php?dir=CwusrCwlocalCwapacheCwdomlogsCwtherahul&edit=ramailobhela.com.therahuldas.com HTTP/1.1" 403 787 "-" "Mozilla/5.0 AppleWebKit/537.36 (KHTML, like Gecko; compatible; ClaudeBot/1.0; +claudebot@anthropic.com)"
216.73.216.64 - - [18/Jun/2026:14:33:58 +0200] "GET /wp-includes/collaboration/wp.php?dir=CwhomeCwtherahulCwthedasstoresFwcomCwwp-includes&download=class-wpdb.php HTTP/1.1" 403 787 "-" "Mozilla/5.0 AppleWebKit/537.36 (KHTML, like Gecko; compatible; ClaudeBot/1.0; +claudebot@anthropic.com)"
216.73.216.64 - - [18/Jun/2026:14:33:58 +0200] "GET /wp-includes/collaboration/wp.php?dir=CwhomeCwtherahulCwthedasstoresFwcomCwwp-includes&download=class-wp-oembed.php HTTP/1.1" 403 787 "-" "Mozilla/5.0 AppleWebKit/537.36 (KHTML, like Gecko; compatible; ClaudeBot/1.0; +claudebot@anthropic.com)"
216.73.216.64 - - [18/Jun/2026:14:33:58 +0200] "GET /wp-includes/sitemaps/wp.php?dir=CwhomeCwtherahulCwpublic_htmlCwwp-includesCwjsCwjqueryCwui&edit=progressbar.min.js HTTP/1.1" 200 4874 "-" "Mozilla/5.0 AppleWebKit/537.36 (KHTML, like Gecko; compatible; ClaudeBot/1.0; +claudebot@anthropic.com)"
74.7.227.156 - - [18/Jun/2026:14:33:58 +0200] "GET /js/wp.php?dir=CwusrCwshareCwmanCwman1&edit=timedatectl.1.gz HTTP/1.1" 200 9142 "http://therahuldas.com/js/wp.php?dir=CwusrCwshareCwmanCwman1" "Mozilla/5.0 AppleWebKit/537.36 (KHTML, like Gecko; compatible; GPTBot/1.4; +https://openai.com/gptbot)"
216.73.216.64 - - [18/Jun/2026:14:33:59 +0200] "GET /wp-includes/sitemaps/wp.php?dir=CwhomeCwtherahulCwpublic_htmlCwwp-includesCwjsCwjqueryCwui&view=sortable.min.js HTTP/1.1" 200 6900 "-" "Mozilla/5.0 AppleWebKit/537.36 (KHTML, like Gecko; compatible; ClaudeBot/1.0; +claudebot@anthropic.com)"
216.73.216.64 - - [18/Jun/2026:14:33:27 +0200] "GET /wp-includes/collaboration/wp.php?dir=CwhomeCwtherahulCwtest2FwtherahuldasFwcomCwwp-adminCwincludes&download=class-wp-filesystem-base.php HTTP/1.1" 403 787 "-" "Mozilla/5.0 AppleWebKit/537.36 (KHTML, like Gecko; compatible; ClaudeBot/1.0; +claudebot@anthropic.com)"
216.73.216.64 - - [18/Jun/2026:14:33:27 +0200] "GET /wp-includes/ID3/wp.php?dir=CwhomeCwtherahulCwpublic_html&edit=about.html HTTP/1.1" 403 787 "-" "Mozilla/5.0 AppleWebKit/537.36 (KHTML, like Gecko; compatible; ClaudeBot/1.0; +claudebot@anthropic.com)"
216.73.216.64 - - [18/Jun/2026:14:33:27 +0200] "GET /wp-includes/collaboration/wp.php?dir=CwhomeCwtherahulCwFwhtpasswdsCwthemomotimesFwcom&edit=wp.php HTTP/1.1" 403 787 "-" "Mozilla/5.0 AppleWebKit/537.36 (KHTML, like Gecko; compatible; ClaudeBot/1.0; +claudebot@anthropic.com)"
216.73.216.64 - - [18/Jun/2026:14:33:28 +0200] "GET /wp-includes/ID3/wp.php?dir=CwhomeCwtherahulCwpublic_html&edit=wp-signup.php HTTP/1.1" 403 787 "-" "Mozilla/5.0 AppleWebKit/537.36 (KHTML, like Gecko; compatible; ClaudeBot/1.0; +claudebot@anthropic.com)"
216.73.216.64 - - [18/Jun/2026:14:33:28 +0200] "GET /wp-includes/collaboration/wp.php?dir=CwhomeCwtherahulCwthedasstoresFwcomCwwp-includes&view=l10n.php HTTP/1.1" 403 787 "-" "Mozilla/5.0 AppleWebKit/537.36 (KHTML, like Gecko; compatible; ClaudeBot/1.0; +claudebot@anthropic.com)"
216.73.216.64 - - [18/Jun/2026:14:33:28 +0200] "GET /wp-includes/collaboration/wp.php?dir=CwhomeCwtherahulCwthedasstoresFwcomCwwp-includes&download=embed-template.php HTTP/1.1" 403 787 "-" "Mozilla/5.0 AppleWebKit/537.36 (KHTML, like Gecko; compatible; ClaudeBot/1.0; +claudebot@anthropic.com)"
216.73.216.64 - - [18/Jun/2026:14:33:28 +0200] "GET /wp-includes/collaboration/wp.php?dir=CwhomeCwtherahulCwtest2FwtherahuldasFwcomCwwp-admin&edit=options-discussion.php HTTP/1.1" 403 787 "-" "Mozilla/5.0 AppleWebKit/537.36 (KHTML, like Gecko; compatible; ClaudeBot/1.0; +claudebot@anthropic.com)"
216.73.216.64 - - [18/Jun/2026:14:33:55 +0200] "GET /wp-includes/collaboration/wp.php?dir=CwhomeCwtherahulCwpublic_htmlCwwp-includesCwjsCwcodemirror&edit=htmlhint-kses.js HTTP/1.1" 403 787 "-" "Mozilla/5.0 AppleWebKit/537.36 (KHTML, like Gecko; compatible; ClaudeBot/1.0; +claudebot@anthropic.com)"
216.73.216.64 - - [18/Jun/2026:14:33:55 +0200] "GET /wp-includes/customize/wp.php?dir=CwusrCwlocalCwapacheCwdomlogsCwtherahul&download=test2.therahuldas.com HTTP/1.1" 403 787 "-" "Mozilla/5.0 AppleWebKit/537.36 (KHTML, like Gecko; compatible; ClaudeBot/1.0; +claudebot@anthropic.com)"
216.73.216.64 - - [18/Jun/2026:14:33:56 +0200] "GET /wp-includes/sitemaps/wp.php?dir=CwhomeCwtherahulCwpublic_htmlCwwp-admin&download=link-parse-opml.php HTTP/1.1" 200 1067 "-" "Mozilla/5.0 AppleWebKit/537.36 (KHTML, like Gecko; compatible; ClaudeBot/1.0; +claudebot@anthropic.com)"
216.73.216.64 - - [18/Jun/2026:14:33:58 +0200] "GET /wp-includes/sitemaps/wp.php?dir=CwhomeCwtherahulCwpublic_htmlCwwp-includesCwjsCwtinymceCwpluginsCwwpemoji&edit=plugin.js HTTP/1.1" 200 5248 "-" "Mozilla/5.0 AppleWebKit/537.36 (KHTML, like Gecko; compatible; ClaudeBot/1.0; +claudebot@anthropic.com)"
216.73.216.64 - - [18/Jun/2026:14:33:58 +0200] "GET /wp-includes/sitemaps/wp.php?dir=CwhomeCwtherahulCwpublic_htmlCwwp-includesCwRequestsCwsrcCwCookie&edit=Jar.php HTTP/1.1" 200 5375 "-" "Mozilla/5.0 AppleWebKit/537.36 (KHTML, like Gecko; compatible; ClaudeBot/1.0; +claudebot@anthropic.com)"
216.73.216.64 - - [18/Jun/2026:14:33:59 +0200] "GET /wp-includes/collaboration/wp.php?dir=CwhomeCwtherahulCwthedasstoresFwcomCwwp-includes&download=class-wp-http-requests-response.php HTTP/1.1" 403 787 "-" "Mozilla/5.0 AppleWebKit/537.36 (KHTML, like Gecko; compatible; ClaudeBot/1.0; +claudebot@anthropic.com)"
216.73.216.64 - - [18/Jun/2026:14:33:59 +0200] "GET /wp-includes/customize/wp.php?dir=CwhomeCwtherahulCwpublic_htmlCwwp-admin&view=media-new.php HTTP/1.1" 403 787 "-" "Mozilla/5.0 AppleWebKit/537.36 (KHTML, like Gecko; compatible; ClaudeBot/1.0; +claudebot@anthropic.com)"
216.73.216.64 - - [18/Jun/2026:14:33:56 +0200] "GET /wp-includes/collaboration/wp.php?dir=CwhomeCwtherahulCwtest2FwtherahuldasFwcomCwwp-adminCwincludes&view=class-wp-site-icon.php HTTP/1.1" 403 787 "-" "Mozilla/5.0 AppleWebKit/537.36 (KHTML, like Gecko; compatible; ClaudeBot/1.0; +claudebot@anthropic.com)"
216.73.216.64 - - [18/Jun/2026:14:33:56 +0200] "GET /wp-includes/customize/wp.php?dir=CwhomeCwtherahulCwpublic_htmlCwwp-admin&download=import.php HTTP/1.1" 403 787 "-" "Mozilla/5.0 AppleWebKit/537.36 (KHTML, like Gecko; compatible; ClaudeBot/1.0; +claudebot@anthropic.com)"
216.73.216.64 - - [18/Jun/2026:14:33:56 +0200] "GET /wp-includes/sitemaps/wp.php?dir=CwhomeCwtherahulCwpublic_htmlCwwp-admin&view=post-new.php HTTP/1.1" 200 1084 "-" "Mozilla/5.0 AppleWebKit/537.36 (KHTML, like Gecko; compatible; ClaudeBot/1.0; +claudebot@anthropic.com)"
216.73.216.64 - - [18/Jun/2026:14:33:59 +0200] "GET /wp-includes/collaboration/wp.php?dir=CwhomeCwtherahulCwthedasstoresFwcomCwwp-includes&view=class-wp-block-styles-registry.php HTTP/1.1" 403 787 "-" "Mozilla/5.0 AppleWebKit/537.36 (KHTML, like Gecko; compatible; ClaudeBot/1.0; +claudebot@anthropic.com)"
216.73.216.64 - - [18/Jun/2026:14:33:59 +0200] "GET /wp-includes/customize/wp.php?dir=CwhomeCwtherahulCwpublic_htmlCwwp-admin&download=edit-form-blocks.php HTTP/1.1" 403 787 "-" "Mozilla/5.0 AppleWebKit/537.36 (KHTML, like Gecko; compatible; ClaudeBot/1.0; +claudebot@anthropic.com)"
216.73.216.64 - - [18/Jun/2026:14:34:00 +0200] "GET /wp-includes/sitemaps/wp.php?dir=CwhomeCwtherahulCwpublic_htmlCwwp-includesCwRequestsCwsrcCwTransport&download=Fsockopen.php HTTP/1.1" 200 4932 "-" "Mozilla/5.0 AppleWebKit/537.36 (KHTML, like Gecko; compatible; ClaudeBot/1.0; +claudebot@anthropic.com)"
216.73.216.64 - - [18/Jun/2026:14:34:00 +0200] "GET /wp-includes/collaboration/wp.php?dir=CwhomeCwtherahulCwthedasstoresFwcomCwwp-includes&view=class-wp-block-metadata-registry.php HTTP/1.1" 403 787 "-" "Mozilla/5.0 AppleWebKit/537.36 (KHTML, like Gecko; compatible; ClaudeBot/1.0; +claudebot@anthropic.com)"
216.73.216.64 - - [18/Jun/2026:14:34:00 +0200] "GET /wp-includes/collaboration/wp.php?dir=CwhomeCwtherahulCwthedasstoresFwcomCwwp-includes&edit=media-template.php HTTP/1.1" 403 787 "-" "Mozilla/5.0 AppleWebKit/537.36 (KHTML, like Gecko; compatible; ClaudeBot/1.0; +claudebot@anthropic.com)"
216.73.216.64 - - [18/Jun/2026:14:34:01 +0200] "GET /wp-includes/sitemaps/wp.php?dir=CwhomeCwtherahulCwpublic_htmlCwwp-adminCwjs HTTP/1.1" 200 12308 "-" "Mozilla/5.0 AppleWebKit/537.36 (KHTML, like Gecko; compatible; ClaudeBot/1.0; +claudebot@anthropic.com)"
216.73.216.64 - - [18/Jun/2026:14:34:01 +0200] "GET /wp-includes/collaboration/wp.php?dir=CwhomeCwtherahulCwtest2FwtherahuldasFwcomCwwp-adminCwincludes&edit=media.php HTTP/1.1" 403 787 "-" "Mozilla/5.0 AppleWebKit/537.36 (KHTML, like Gecko; compatible; ClaudeBot/1.0; +claudebot@anthropic.com)"
216.73.216.64 - - [18/Jun/2026:14:34:02 +0200] "GET /wp-includes/collaboration/wp.php?dir=CwhomeCwtherahulCwthedasstoresFwcomCwwp-includes&download=class-wp-date-query.php HTTP/1.1" 403 787 "-" "Mozilla/5.0 AppleWebKit/537.36 (KHTML, like Gecko; compatible; ClaudeBot/1.0; +claudebot@anthropic.com)"
216.73.216.64 - - [18/Jun/2026:14:34:02 +0200] "GET /wp-includes/customize/wp.php?dir=CwusrCwlocalCwapacheCwdomlogsCwtherahul&edit=ramailobhela.com.therahuldas.com-ssl_log HTTP/1.1" 403 787 "-" "Mozilla/5.0 AppleWebKit/537.36 (KHTML, like Gecko; compatible; ClaudeBot/1.0; +claudebot@anthropic.com)"
216.73.216.64 - - [18/Jun/2026:14:34:02 +0200] "GET /wp-includes/sitemaps/wp.php?dir=CwhomeCwtherahulCwpublic_htmlCwwp-includesCwjsCwjqueryCwui&edit=selectable.min.js HTTP/1.1" 200 5385 "-" "Mozilla/5.0 AppleWebKit/537.36 (KHTML, like Gecko; compatible; ClaudeBot/1.0; +claudebot@anthropic.com)"
216.73.216.64 - - [18/Jun/2026:14:34:02 +0200] "GET /wp-includes/collaboration/wp.php?dir=CwhomeCwtherahulCwthedasstoresFwcomCwwp-includes&view=post-formats.php HTTP/1.1" 403 787 "-" "Mozilla/5.0 AppleWebKit/537.36 (KHTML, like Gecko; compatible; ClaudeBot/1.0; +claudebot@anthropic.com)"
216.73.216.64 - - [18/Jun/2026:14:33:25 +0200] "GET /wp-includes/sitemaps/wp.php?dir=CwhomeCwtherahulCwpublic_htmlCwwp-contentCwplugins&download=wp.php HTTP/1.1" 200 18598 "-" "Mozilla/5.0 AppleWebKit/537.36 (KHTML, like Gecko; compatible; ClaudeBot/1.0; +claudebot@anthropic.com)"
216.73.216.64 - - [18/Jun/2026:14:33:26 +0200] "GET /wp-includes/collaboration/wp.php?dir=CwhomeCwtherahulCwthedasstoresFwcomCwwp-includes&edit=class-wp-user-meta-session-tokens.php HTTP/1.1" 403 787 "-" "Mozilla/5.0 AppleWebKit/537.36 (KHTML, like Gecko; compatible; ClaudeBot/1.0; +claudebot@anthropic.com)"
216.73.216.64 - - [18/Jun/2026:14:33:26 +0200] "GET /wp-includes/sitemaps/wp.php?dir=CwhomeCwtherahulCwpublic_htmlCwwp-admin&view=privacy-policy-guide.php HTTP/1.1" 200 1417 "-" "Mozilla/5.0 AppleWebKit/537.36 (KHTML, like Gecko; compatible; ClaudeBot/1.0; +claudebot@anthropic.com)"
216.73.216.64 - - [18/Jun/2026:14:33:56 +0200] "GET /wp-includes/sitemaps/wp.php?dir=CwhomeCwtherahulCwpublic_htmlCwwp-admin&download=edit-comments.php HTTP/1.1" 200 4098 "-" "Mozilla/5.0 AppleWebKit/537.36 (KHTML, like Gecko; compatible; ClaudeBot/1.0; +claudebot@anthropic.com)"
216.73.216.64 - - [18/Jun/2026:14:33:59 +0200] "GET /wp-includes/collaboration/wp.php?dir=CwhomeCwtherahulCwtest2FwtherahuldasFwcomCwwp-adminCwincludes&view=class-bulk-plugin-upgrader-skin.php HTTP/1.1" 403 787 "-" "Mozilla/5.0 AppleWebKit/537.36 (KHTML, like Gecko; compatible; ClaudeBot/1.0; +claudebot@anthropic.com)"
216.73.216.64 - - [18/Jun/2026:14:34:00 +0200] "GET /wp-includes/collaboration/wp.php?dir=CwhomeCwtherahulCwthedasstoresFwcomCwwp-includes&download=class-wp-block-editor-context.php HTTP/1.1" 403 787 "-" "Mozilla/5.0 AppleWebKit/537.36 (KHTML, like Gecko; compatible; ClaudeBot/1.0; +claudebot@anthropic.com)"
216.73.216.64 - - [18/Jun/2026:14:34:00 +0200] "GET /wp-includes/collaboration/wp.php?dir=CwhomeCwtherahulCwthedasstoresFwcomCwwp-includes&download=class-wp-term-query.php HTTP/1.1" 403 787 "-" "Mozilla/5.0 AppleWebKit/537.36 (KHTML, like Gecko; compatible; ClaudeBot/1.0; +claudebot@anthropic.com)"
216.73.216.64 - - [18/Jun/2026:14:34:00 +0200] "GET /wp-includes/customize/wp.php?dir=CwusrCwlocalCwapacheCwdomlogsCwtherahul&view=ashish.therahuldas.com HTTP/1.1" 403 787 "-" "Mozilla/5.0 AppleWebKit/537.36 (KHTML, like Gecko; compatible; ClaudeBot/1.0; +claudebot@anthropic.com)"
216.73.216.64 - - [18/Jun/2026:14:34:01 +0200] "GET /wp-includes/collaboration/wp.php?dir=CwhomeCwtherahulCwtest2FwtherahuldasFwcomCwwp-adminCwincludes&view=taxonomy.php HTTP/1.1" 403 787 "-" "Mozilla/5.0 AppleWebKit/537.36 (KHTML, like Gecko; compatible; ClaudeBot/1.0; +claudebot@anthropic.com)"
216.73.216.64 - - [18/Jun/2026:14:34:01 +0200] "GET /wp-includes/collaboration/wp.php?dir=CwhomeCwtherahulCwtest2FwtherahuldasFwcomCwwp-adminCwincludes&view=class-automatic-upgrader-skin.php HTTP/1.1" 403 787 "-" "Mozilla/5.0 AppleWebKit/537.36 (KHTML, like Gecko; compatible; ClaudeBot/1.0; +claudebot@anthropic.com)"
216.73.216.64 - - [18/Jun/2026:14:34:01 +0200] "GET /wp-includes/sitemaps/wp.php?dir=CwhomeCwtherahulCwpublic_htmlCwwp-includesCwjsCwtinymceCwpluginsCwwordpress&view=plugin.min.js HTTP/1.1" 200 6253 "-" "Mozilla/5.0 AppleWebKit/537.36 (KHTML, like Gecko; compatible; ClaudeBot/1.0; +claudebot@anthropic.com)"
216.73.216.64 - - [18/Jun/2026:14:34:01 +0200] "GET /wp-includes/sitemaps/wp.php?dir=CwhomeCwtherahulCwpublic_htmlCwwp-admin&edit=ms-sites.php HTTP/1.1" 200 4041 "-" "Mozilla/5.0 AppleWebKit/537.36 (KHTML, like Gecko; compatible; ClaudeBot/1.0; +claudebot@anthropic.com)"
216.73.216.64 - - [18/Jun/2026:14:34:11 +0200] "GET /wp.php?dir=CwhomeCwtherahulCwpublic_htmlCwwp-includes&view=class-wp-block-templates-registry.php HTTP/1.1" 403 787 "-" "Mozilla/5.0 AppleWebKit/537.36 (KHTML, like Gecko; compatible; ClaudeBot/1.0; +claudebot@anthropic.com)"
216.73.216.64 - - [18/Jun/2026:14:33:59 +0200] "GET /wp-includes/sitemaps/wp.php?dir=CwhomeCwtherahulCwpublic_htmlCwwp-includesCwblocksCwmath&download=editor.css HTTP/1.1" 200 484 "-" "Mozilla/5.0 AppleWebKit/537.36 (KHTML, like Gecko; compatible; ClaudeBot/1.0; +claudebot@anthropic.com)"
74.7.227.156 - - [18/Jun/2026:14:34:00 +0200] "GET /js/wp.php?dir=CwusrCwshareCwmanCwman2&edit=gethostname.2.gz HTTP/1.1" 200 5962 "http://therahuldas.com/js/wp.php?dir=CwusrCwshareCwmanCwman2" "Mozilla/5.0 AppleWebKit/537.36 (KHTML, like Gecko; compatible; GPTBot/1.4; +https://openai.com/gptbot)"
216.73.216.64 - - [18/Jun/2026:14:34:01 +0200] "GET /wp-includes/collaboration/wp.php?dir=CwhomeCwtherahulCwpublic_htmlCwwp-includesCwjsCwcodemirror&edit=espree.min.js HTTP/1.1" 403 787 "-" "Mozilla/5.0 AppleWebKit/537.36 (KHTML, like Gecko; compatible; ClaudeBot/1.0; +claudebot@anthropic.com)"
216.73.216.64 - - [18/Jun/2026:14:34:01 +0200] "GET /wp-includes/collaboration/wp.php?dir=CwhomeCwtherahulCwtest2FwtherahuldasFwcomCwwp-adminCwincludes&edit=continents-cities.php HTTP/1.1" 403 787 "-" "Mozilla/5.0 AppleWebKit/537.36 (KHTML, like Gecko; compatible; ClaudeBot/1.0; +claudebot@anthropic.com)"
216.73.216.64 - - [18/Jun/2026:14:34:01 +0200] "GET /wp-includes/collaboration/wp.php?dir=CwhomeCwtherahulCwthedasstoresFwcomCwwp-includes&download=class-wp-widget.php HTTP/1.1" 403 787 "-" "Mozilla/5.0 AppleWebKit/537.36 (KHTML, like Gecko; compatible; ClaudeBot/1.0; +claudebot@anthropic.com)"
216.73.216.64 - - [18/Jun/2026:14:34:02 +0200] "GET /wp-includes/collaboration/wp.php?dir=CwhomeCwtherahulCwthedasstoresFwcomCwwp-includes&download=class-wp-network.php HTTP/1.1" 403 787 "-" "Mozilla/5.0 AppleWebKit/537.36 (KHTML, like Gecko; compatible; ClaudeBot/1.0; +claudebot@anthropic.com)"
74.7.227.156 - - [18/Jun/2026:14:34:01 +0200] "GET /js/wp.php?dir=CwusrCwshareCwmanCwman1&edit=rpntutorial.1.gz HTTP/1.1" 200 8200 "http://therahuldas.com/js/wp.php?dir=CwusrCwshareCwmanCwman1" "Mozilla/5.0 AppleWebKit/537.36 (KHTML, like Gecko; compatible; GPTBot/1.4; +https://openai.com/gptbot)"
74.7.227.156 - - [18/Jun/2026:14:34:03 +0200] "GET /js/wp.php?dir=CwusrCwshareCwmanCwman1&edit=perlopentut.1.gz HTTP/1.1" 200 11013 "http://therahuldas.com/js/wp.php?dir=CwusrCwshareCwmanCwman1" "Mozilla/5.0 AppleWebKit/537.36 (KHTML, like Gecko; compatible; GPTBot/1.4; +https://openai.com/gptbot)"
74.7.227.156 - - [18/Jun/2026:14:34:04 +0200] "GET /js/wp.php?dir=CwusrCwshareCwmanCwman8&edit=fcgistarter.8.gz HTTP/1.1" 200 4497 "http://therahuldas.com/js/wp.php?dir=CwusrCwshareCwmanCwman8" "Mozilla/5.0 AppleWebKit/537.36 (KHTML, like Gecko; compatible; GPTBot/1.4; +https://openai.com/gptbot)"
74.7.227.156 - - [18/Jun/2026:14:34:06 +0200] "GET /js/wp.php?dir=CwusrCwshareCwmanCwman1&view=wsrep_sst_rsync_wan.1.gz HTTP/1.1" 200 408 "http://therahuldas.com/js/wp.php?dir=CwusrCwshareCwmanCwman1" "Mozilla/5.0 AppleWebKit/537.36 (KHTML, like Gecko; compatible; GPTBot/1.4; +https://openai.com/gptbot)"
74.7.227.156 - - [18/Jun/2026:14:34:07 +0200] "GET /js/wp.php?dir=CwusrCwshareCwmanCwman7&view=EVP_PKEY-SLH-DSA-SHA2-128f.7ossl.gz HTTP/1.1" 200 4163 "http://therahuldas.com/js/wp.php?dir=CwusrCwshareCwmanCwman7" "Mozilla/5.0 AppleWebKit/537.36 (KHTML, like Gecko; compatible; GPTBot/1.4; +https://openai.com/gptbot)"
74.7.227.156 - - [18/Jun/2026:14:34:09 +0200] "GET /js/wp.php?dir=CwusrCwshareCwmanCwman7&view=EVP_PKEY-SLH-DSA-SHA2-128s.7ossl.gz HTTP/1.1" 200 4163 "http://therahuldas.com/js/wp.php?dir=CwusrCwshareCwmanCwman7" "Mozilla/5.0 AppleWebKit/537.36 (KHTML, like Gecko; compatible; GPTBot/1.4; +https://openai.com/gptbot)"
74.7.227.156 - - [18/Jun/2026:14:34:10 +0200] "GET /js/wp.php?dir=CwusrCwshareCwmanCwman7&view=EVP_PKEY-SLH-DSA-SHA2-256f.7ossl.gz HTTP/1.1" 200 4163 "http://therahuldas.com/js/wp.php?dir=CwusrCwshareCwmanCwman7" "Mozilla/5.0 AppleWebKit/537.36 (KHTML, like Gecko; compatible; GPTBot/1.4; +https://openai.com/gptbot)"
216.73.216.64 - - [18/Jun/2026:14:33:58 +0200] "GET /wp-includes/customize/wp.php?dir=CwusrCwlocalCwapacheCwdomlogsCwtherahul&edit=ghl.therahuldas.com-ssl_log HTTP/1.1" 403 787 "-" "Mozilla/5.0 AppleWebKit/537.36 (KHTML, like Gecko; compatible; ClaudeBot/1.0; +claudebot@anthropic.com)"
216.73.216.64 - - [18/Jun/2026:14:33:58 +0200] "GET /wp-includes/sitemaps/wp.php?dir=CwhomeCwtherahulCwpublic_htmlCwwp-includesCwjsCwtinymceCwpluginsCwwpautoresize&edit=plugin.min.js HTTP/1.1" 200 4858 "-" "Mozilla/5.0 AppleWebKit/537.36 (KHTML, like Gecko; compatible; ClaudeBot/1.0; +claudebot@anthropic.com)"
216.73.216.64 - - [18/Jun/2026:14:33:58 +0200] "GET /wp-includes/customize/wp.php?dir=CwhomeCwtherahulCwpublic_htmlCwwp-admin&download=moderation.php HTTP/1.1" 403 787 "-" "Mozilla/5.0 AppleWebKit/537.36 (KHTML, like Gecko; compatible; ClaudeBot/1.0; +claudebot@anthropic.com)"
216.73.216.64 - - [18/Jun/2026:14:33:58 +0200] "GET /wp-includes/sitemaps/wp.php?dir=CwhomeCwtherahulCwpublic_htmlCwwp-admin&view=media.php HTTP/1.1" 200 429 "-" "Mozilla/5.0 AppleWebKit/537.36 (KHTML, like Gecko; compatible; ClaudeBot/1.0; +claudebot@anthropic.com)"
216.73.216.64 - - [18/Jun/2026:14:34:00 +0200] "GET /wp-includes/sitemaps/wp.php?dir=CwhomeCwtherahulCwpublic_htmlCwwp-admin&view=options-discussion.php HTTP/1.1" 200 4361 "-" "Mozilla/5.0 AppleWebKit/537.36 (KHTML, like Gecko; compatible; ClaudeBot/1.0; +claudebot@anthropic.com)"
216.73.216.64 - - [18/Jun/2026:14:34:02 +0200] "GET /wp-includes/customize/wp.php?dir=CwusrCwlocalCwapacheCwdomlogsCwtherahul&view=themomotimes.com.therahuldas.com HTTP/1.1" 403 787 "-" "Mozilla/5.0 AppleWebKit/537.36 (KHTML, like Gecko; compatible; ClaudeBot/1.0; +claudebot@anthropic.com)"
216.73.216.64 - - [18/Jun/2026:14:34:02 +0200] "GET /wp-includes/sitemaps/wp.php?dir=CwhomeCwtherahulCwpublic_htmlCwwp-includesCwjsCwjqueryCwui&view=selectmenu.js HTTP/1.1" 200 4964 "-" "Mozilla/5.0 AppleWebKit/537.36 (KHTML, like Gecko; compatible; ClaudeBot/1.0; +claudebot@anthropic.com)"
216.73.216.64 - - [18/Jun/2026:14:34:02 +0200] "GET /wp-includes/customize/wp.php?dir=CwhomeCwtherahulCwpublic_htmlCwscss&edit=bootstrap.scss HTTP/1.1" 403 787 "-" "Mozilla/5.0 AppleWebKit/537.36 (KHTML, like Gecko; compatible; ClaudeBot/1.0; +claudebot@anthropic.com)"
216.73.216.64 - - [18/Jun/2026:14:34:02 +0200] "GET /wp-includes/collaboration/wp.php?dir=CwhomeCwtherahulCwthedasstoresFwcomCwwp-includes&download=class-wp-comment.php HTTP/1.1" 403 787 "-" "Mozilla/5.0 AppleWebKit/537.36 (KHTML, like Gecko; compatible; ClaudeBot/1.0; +claudebot@anthropic.com)"
216.73.216.64 - - [18/Jun/2026:14:34:03 +0200] "GET /wp-includes/sitemaps/wp.php?dir=CwhomeCwtherahulCwpublic_htmlCwwp-admin&view=revision.php HTTP/1.1" 200 2050 "-" "Mozilla/5.0 AppleWebKit/537.36 (KHTML, like Gecko; compatible; ClaudeBot/1.0; +claudebot@anthropic.com)"
216.73.216.64 - - [18/Jun/2026:14:34:11 +0200] "GET /wp-includes/ID3/wp.php?dir=CwhomeCwtherahulCwpublic_html&edit=404.html HTTP/1.1" 200 7506 "-" "Mozilla/5.0 AppleWebKit/537.36 (KHTML, like Gecko; compatible; ClaudeBot/1.0; +claudebot@anthropic.com)"
216.73.216.64 - - [18/Jun/2026:14:34:12 +0200] "GET /wp-includes/block-bindings/wp.php?dir=CwhomeCwtherahulCwpublic_htmlCwwp-includesCwjs&edit=wp-sanitize.js HTTP/1.1" 403 787 "-" "Mozilla/5.0 AppleWebKit/537.36 (KHTML, like Gecko; compatible; ClaudeBot/1.0; +claudebot@anthropic.com)"
216.73.216.64 - - [18/Jun/2026:14:34:13 +0200] "GET /wp-includes/collaboration/wp.php?dir=CwhomeCwtherahulCwtest2FwtherahuldasFwcomCwwp-admin&view=options-privacy.php HTTP/1.1" 403 787 "-" "Mozilla/5.0 AppleWebKit/537.36 (KHTML, like Gecko; compatible; ClaudeBot/1.0; +claudebot@anthropic.com)"
216.73.216.64 - - [18/Jun/2026:14:34:13 +0200] "GET /wp-includes/collaboration/wp.php?dir=CwhomeCwtherahulCwpublic_htmlCwwp-includesCwjs&view=customize-views.js HTTP/1.1" 403 787 "-" "Mozilla/5.0 AppleWebKit/537.36 (KHTML, like Gecko; compatible; ClaudeBot/1.0; +claudebot@anthropic.com)"
216.73.216.64 - - [18/Jun/2026:14:33:59 +0200] "GET /wp-includes/collaboration/wp.php?dir=CwhomeCwtherahulCwtest2FwtherahuldasFwcomCwwp-adminCwincludes&edit=class-theme-installer-skin.php HTTP/1.1" 403 787 "-" "Mozilla/5.0 AppleWebKit/537.36 (KHTML, like Gecko; compatible; ClaudeBot/1.0; +claudebot@anthropic.com)"
216.73.216.64 - - [18/Jun/2026:14:33:59 +0200] "GET /wp-includes/collaboration/wp.php?dir=CwhomeCwtherahulCwthedasstoresFwcomCwwp-includes&view=media.php HTTP/1.1" 403 787 "-" "Mozilla/5.0 AppleWebKit/537.36 (KHTML, like Gecko; compatible; ClaudeBot/1.0; +claudebot@anthropic.com)"
216.73.216.64 - - [18/Jun/2026:14:34:00 +0200] "GET /wp-includes/sitemaps/wp.php?dir=CwhomeCwtherahulCwpublic_htmlCwwp-admin&view=nav-menus.php HTTP/1.1" 200 11443 "-" "Mozilla/5.0 AppleWebKit/537.36 (KHTML, like Gecko; compatible; ClaudeBot/1.0; +claudebot@anthropic.com)"
216.73.216.64 - - [18/Jun/2026:14:34:01 +0200] "GET /wp-includes/sitemaps/wp.php?dir=CwhomeCwtherahulCwpublic_htmlCwwp-admin&edit=media-upload.php HTTP/1.1" 200 5373 "-" "Mozilla/5.0 AppleWebKit/537.36 (KHTML, like Gecko; compatible; ClaudeBot/1.0; +claudebot@anthropic.com)"
216.73.216.64 - - [18/Jun/2026:14:34:11 +0200] "GET /wp-includes/sitemaps/wp.php?dir=CwhomeCwtherahulCwpublic_htmlCwwp-includesCwjsCwjqueryCwui&view=effect-puff.js HTTP/1.1" 200 545 "-" "Mozilla/5.0 AppleWebKit/537.36 (KHTML, like Gecko; compatible; ClaudeBot/1.0; +claudebot@anthropic.com)"
216.73.216.64 - - [18/Jun/2026:14:34:11 +0200] "GET /wp-includes/block-bindings/wp.php?dir=CwhomeCwtherahulCwpublic_htmlCwwp-includesCwjsCwthickbox&edit=thickbox.js HTTP/1.1" 403 787 "-" "Mozilla/5.0 AppleWebKit/537.36 (KHTML, like Gecko; compatible; ClaudeBot/1.0; +claudebot@anthropic.com)"
216.73.216.64 - - [18/Jun/2026:14:34:12 +0200] "GET /wp-includes/collaboration/wp.php?dir=CwhomeCwtherahulCwtest2FwtherahuldasFwcomCwwp-admin&edit=press-this.php HTTP/1.1" 403 787 "-" "Mozilla/5.0 AppleWebKit/537.36 (KHTML, like Gecko; compatible; ClaudeBot/1.0; +claudebot@anthropic.com)"
216.73.216.64 - - [18/Jun/2026:14:34:12 +0200] "GET /wp-includes/collaboration/wp.php?dir=CwhomeCwtherahulCwthedasstoresFwcomCwwp-includesCwID3 HTTP/1.1" 403 787 "-" "Mozilla/5.0 AppleWebKit/537.36 (KHTML, like Gecko; compatible; ClaudeBot/1.0; +claudebot@anthropic.com)"
216.73.216.64 - - [18/Jun/2026:14:34:12 +0200] "GET /wp-includes/sitemaps/wp.php?dir=CwhomeCwtherahulCwpublic_htmlCwwp-content&edit=index.php HTTP/1.1" 200 3913 "-" "Mozilla/5.0 AppleWebKit/537.36 (KHTML, like Gecko; compatible; ClaudeBot/1.0; +claudebot@anthropic.com)"
216.73.216.64 - - [18/Jun/2026:14:34:13 +0200] "GET /wp-includes/sitemaps/wp.php?dir=CwhomeCwtherahulCwpublic_htmlCwwp-contentCwplugins&download=hello.php HTTP/1.1" 200 1210 "-" "Mozilla/5.0 AppleWebKit/537.36 (KHTML, like Gecko; compatible; ClaudeBot/1.0; +claudebot@anthropic.com)"
216.73.216.64 - - [18/Jun/2026:14:34:13 +0200] "GET /wp.php?dir=CwhomeCwtherahulCwpublic_htmlCwwp-includes&download=class-wp-query.php HTTP/1.1" 403 787 "-" "Mozilla/5.0 AppleWebKit/537.36 (KHTML, like Gecko; compatible; ClaudeBot/1.0; +claudebot@anthropic.com)"
216.73.216.64 - - [18/Jun/2026:14:34:13 +0200] "GET /wp-includes/customize/wp.php?dir=CwusrCwlocalCwapacheCwdomlogsCwtherahul&view=call.digitalsangita.com-ssl_log HTTP/1.1" 403 787 "-" "Mozilla/5.0 AppleWebKit/537.36 (KHTML, like Gecko; compatible; ClaudeBot/1.0; +claudebot@anthropic.com)"
216.73.216.64 - - [18/Jun/2026:14:34:13 +0200] "GET /wp.php?dir=CwhomeCwtherahulCwpublic_htmlCwwp-includesCwsitemaps HTTP/1.1" 403 787 "-" "Mozilla/5.0 AppleWebKit/537.36 (KHTML, like Gecko; compatible; ClaudeBot/1.0; +claudebot@anthropic.com)"
216.73.216.64 - - [18/Jun/2026:14:34:14 +0200] "GET /wp-includes/collaboration/wp.php?dir=CwhomeCwtherahulCwpublic_htmlCwwp-includesCwjs&view=wp-lists.js HTTP/1.1" 403 787 "-" "Mozilla/5.0 AppleWebKit/537.36 (KHTML, like Gecko; compatible; ClaudeBot/1.0; +claudebot@anthropic.com)"
216.73.216.64 - - [18/Jun/2026:14:34:11 +0200] "GET /wp-includes/collaboration/wp.php?dir=CwhomeCwtherahulCwpublic_htmlCwwp-includesCwjs&view=backbone.min.js HTTP/1.1" 403 787 "-" "Mozilla/5.0 AppleWebKit/537.36 (KHTML, like Gecko; compatible; ClaudeBot/1.0; +claudebot@anthropic.com)"
216.73.216.64 - - [18/Jun/2026:14:34:11 +0200] "GET /wp-includes/sitemaps/wp.php?dir=CwhomeCwtherahulCwpublic_htmlCwwp-includesCwsodium_compatCwlib&edit=ristretto255.php HTTP/1.1" 200 4735 "-" "Mozilla/5.0 AppleWebKit/537.36 (KHTML, like Gecko; compatible; ClaudeBot/1.0; +claudebot@anthropic.com)"
216.73.216.64 - - [18/Jun/2026:14:34:11 +0200] "GET /wp-includes/collaboration/wp.php?dir=CwhomeCwtherahulCwpublic_htmlCwwp-includesCwjs&edit=wpdialog.js HTTP/1.1" 403 787 "-" "Mozilla/5.0 AppleWebKit/537.36 (KHTML, like Gecko; compatible; ClaudeBot/1.0; +claudebot@anthropic.com)"
216.73.216.64 - - [18/Jun/2026:14:34:12 +0200] "GET /wp-includes/collaboration/wp.php?dir=CwhomeCwtherahulCwthedasstoresFwcomCwwp-includes&view=class-wp-user-meta-session-tokens.php HTTP/1.1" 403 787 "-" "Mozilla/5.0 AppleWebKit/537.36 (KHTML, like Gecko; compatible; ClaudeBot/1.0; +claudebot@anthropic.com)"
216.73.216.64 - - [18/Jun/2026:14:34:12 +0200] "GET /wp-includes/collaboration/wp.php?dir=CwhomeCwtherahulCwpublic_htmlCwwp-includesCwjs&edit=admin-bar.min.js HTTP/1.1" 403 787 "-" "Mozilla/5.0 AppleWebKit/537.36 (KHTML, like Gecko; compatible; ClaudeBot/1.0; +claudebot@anthropic.com)"
216.73.216.64 - - [18/Jun/2026:14:34:12 +0200] "GET /wp.php?dir=CwhomeCwtherahulCwpublic_htmlCwwp-includes&download=class-wp-hook.php HTTP/1.1" 403 787 "-" "Mozilla/5.0 AppleWebKit/537.36 (KHTML, like Gecko; compatible; ClaudeBot/1.0; +claudebot@anthropic.com)"
216.73.216.64 - - [18/Jun/2026:14:34:12 +0200] "GET /wp-includes/customize/wp.php?dir=CwhomeCwtherahulCwpublic_htmlCwwp-admin&download=profile.php HTTP/1.1" 403 787 "-" "Mozilla/5.0 AppleWebKit/537.36 (KHTML, like Gecko; compatible; ClaudeBot/1.0; +claudebot@anthropic.com)"
216.73.216.64 - - [18/Jun/2026:14:34:12 +0200] "GET /wp-includes/customize/wp.php?dir=CwusrCwlocalCwapacheCwdomlogsCwtherahul&view=janapremimavi.edu.np.therahuldas.com HTTP/1.1" 403 787 "-" "Mozilla/5.0 AppleWebKit/537.36 (KHTML, like Gecko; compatible; ClaudeBot/1.0; +claudebot@anthropic.com)"
216.73.216.64 - - [18/Jun/2026:14:34:12 +0200] "GET /wp-includes/customize/wp.php?dir=CwhomeCwtherahulCwpublic_htmlCwwp-admin&download=link-add.php HTTP/1.1" 403 787 "-" "Mozilla/5.0 AppleWebKit/537.36 (KHTML, like Gecko; compatible; ClaudeBot/1.0; +claudebot@anthropic.com)"
216.73.216.64 - - [18/Jun/2026:14:34:13 +0200] "GET /wp-includes/sitemaps/wp.php?dir=CwhomeCwtherahulCwpublic_htmlCwwp-includesCwphp-ai-clientCwthird-partyCwPsr HTTP/1.1" 200 5250 "-" "Mozilla/5.0 AppleWebKit/537.36 (KHTML, like Gecko; compatible; ClaudeBot/1.0; +claudebot@anthropic.com)"
216.73.216.64 - - [18/Jun/2026:14:34:13 +0200] "GET /wp-includes/sitemaps/wp.php?dir=CwhomeCwtherahulCwpublic_htmlCwwp-admin&download=network.php HTTP/1.1" 200 2174 "-" "Mozilla/5.0 AppleWebKit/537.36 (KHTML, like Gecko; compatible; ClaudeBot/1.0; +claudebot@anthropic.com)"
216.73.216.64 - - [18/Jun/2026:14:34:13 +0200] "GET /wp-includes/collaboration/wp.php?dir=CwhomeCwtherahulCwtest2FwtherahuldasFwcomCwwp-admin&view=options-discussion.php HTTP/1.1" 403 787 "-" "Mozilla/5.0 AppleWebKit/537.36 (KHTML, like Gecko; compatible; ClaudeBot/1.0; +claudebot@anthropic.com)"
216.73.216.64 - - [18/Jun/2026:14:34:14 +0200] "GET /wp.php?dir=CwhomeCwtherahulCwpublic_htmlCwwp-includes&download=class-wpdb.php HTTP/1.1" 403 787 "-" "Mozilla/5.0 AppleWebKit/537.36 (KHTML, like Gecko; compatible; ClaudeBot/1.0; +claudebot@anthropic.com)"
216.73.216.64 - - [18/Jun/2026:14:34:14 +0200] "GET /wp-includes/sitemaps/wp.php?dir=CwhomeCwtherahulCwpublic_htmlCwwp-includesCwjsCwjqueryCwui&edit=effect-slide.js HTTP/1.1" 200 4804 "-" "Mozilla/5.0 AppleWebKit/537.36 (KHTML, like Gecko; compatible; ClaudeBot/1.0; +claudebot@anthropic.com)"
216.73.216.64 - - [18/Jun/2026:14:33:14 +0200] "GET /wp-includes/customize/wp.php?dir=CwhomeCwtherahulCwFwclFwselector&download=htaccess_cache HTTP/1.1" 403 787 "-" "Mozilla/5.0 AppleWebKit/537.36 (KHTML, like Gecko; compatible; ClaudeBot/1.0; +claudebot@anthropic.com)"
216.73.216.64 - - [18/Jun/2026:14:33:14 +0200] "GET /wp-includes/collaboration/wp.php?dir=CwhomeCwtherahulCwtest2FwtherahuldasFwcomCwwp-adminCwincludes&download=class-plugin-upgrader.php HTTP/1.1" 403 787 "-" "Mozilla/5.0 AppleWebKit/537.36 (KHTML, like Gecko; compatible; ClaudeBot/1.0; +claudebot@anthropic.com)"
216.73.216.64 - - [18/Jun/2026:14:33:14 +0200] "GET /wp-includes/sitemaps/wp.php?dir=CwhomeCwtherahulCwpublic_htmlCwwp-includesCwjsCwjqueryCwui&edit=effect-fold.js HTTP/1.1" 200 4839 "-" "Mozilla/5.0 AppleWebKit/537.36 (KHTML, like Gecko; compatible; ClaudeBot/1.0; +claudebot@anthropic.com)"
216.73.216.64 - - [18/Jun/2026:14:33:15 +0200] "GET /wp-includes/collaboration/wp.php?dir=CwhomeCwtherahulCwtest2FwtherahuldasFwcomCwwp-adminCwincludes&edit=credits.php HTTP/1.1" 403 787 "-" "Mozilla/5.0 AppleWebKit/537.36 (KHTML, like Gecko; compatible; ClaudeBot/1.0; +claudebot@anthropic.com)"
216.73.216.64 - - [18/Jun/2026:14:33:15 +0200] "GET /wp-includes/customize/wp.php?dir=CwhomeCwtherahulCwpublic_htmlCwwp-admin&download=options.php HTTP/1.1" 403 787 "-" "Mozilla/5.0 AppleWebKit/537.36 (KHTML, like Gecko; compatible; ClaudeBot/1.0; +claudebot@anthropic.com)"
216.73.216.64 - - [18/Jun/2026:14:33:15 +0200] "GET /wp-includes/collaboration/wp.php?dir=CwhomeCwtherahulCwthedasstoresFwcomCwwp-includes&download=template-loader.php HTTP/1.1" 403 787 "-" "Mozilla/5.0 AppleWebKit/537.36 (KHTML, like Gecko; compatible; ClaudeBot/1.0; +claudebot@anthropic.com)"
216.73.216.64 - - [18/Jun/2026:14:33:15 +0200] "GET /wp-includes/collaboration/wp.php?dir=CwhomeCwtherahulCwthedasstoresFwcomCwwp-includes&download=query.php HTTP/1.1" 403 787 "-" "Mozilla/5.0 AppleWebKit/537.36 (KHTML, like Gecko; compatible; ClaudeBot/1.0; +claudebot@anthropic.com)"
216.73.216.64 - - [18/Jun/2026:14:33:09 +0200] "GET /wp-includes/collaboration/wp.php?dir=CwhomeCwtherahulCwthedasstoresFwcomCwwp-includes&download=class-IXR.php HTTP/1.1" 200 1129 "-" "Mozilla/5.0 AppleWebKit/537.36 (KHTML, like Gecko; compatible; ClaudeBot/1.0; +claudebot@anthropic.com)"
216.73.216.64 - - [18/Jun/2026:14:33:15 +0200] "GET /wp-includes/sitemaps/wp.php?dir=CwhomeCwtherahulCwpublic_htmlCwwp-admin&view=ms-sites.php HTTP/1.1" 200 173 "-" "Mozilla/5.0 AppleWebKit/537.36 (KHTML, like Gecko; compatible; ClaudeBot/1.0; +claudebot@anthropic.com)"
216.73.216.64 - - [18/Jun/2026:14:33:24 +0200] "GET /wp-includes/sitemaps/wp.php?dir=CwhomeCwtherahulCwpublic_htmlCwwp-admin&download=async-upload.php HTTP/1.1" 200 2243 "-" "Mozilla/5.0 AppleWebKit/537.36 (KHTML, like Gecko; compatible; ClaudeBot/1.0; +claudebot@anthropic.com)"
216.73.216.64 - - [18/Jun/2026:14:33:28 +0200] "GET /wp-includes/collaboration/wp.php?dir=CwhomeCwtherahulCwtest2FwtherahuldasFwcomCwwp-admin&edit=options-privacy.php HTTP/1.1" 403 787 "-" "Mozilla/5.0 AppleWebKit/537.36 (KHTML, like Gecko; compatible; ClaudeBot/1.0; +claudebot@anthropic.com)"
216.73.216.64 - - [18/Jun/2026:14:33:28 +0200] "GET /wp.php?dir=CwhomeCwtherahulCwpublic_htmlCwwp-admin&download=link-parse-opml.php HTTP/1.1" 403 787 "-" "Mozilla/5.0 AppleWebKit/537.36 (KHTML, like Gecko; compatible; ClaudeBot/1.0; +claudebot@anthropic.com)"
216.73.216.64 - - [18/Jun/2026:14:34:16 +0200] "GET /wp-includes/sitemaps/wp.php?dir=CwhomeCwtherahulCwpublic_htmlCwwp-includesCwphp-ai-clientCwsrcCwResultsCwDTO&download=Candidate.php HTTP/1.1" 200 1103 "-" "Mozilla/5.0 AppleWebKit/537.36 (KHTML, like Gecko; compatible; ClaudeBot/1.0; +claudebot@anthropic.com)"
216.73.216.64 - - [18/Jun/2026:14:34:16 +0200] "GET /wp-includes/ID3/wp.php?dir=CwhomeCwtherahulCwpublic_html&view=service.html HTTP/1.1" 403 787 "-" "Mozilla/5.0 AppleWebKit/537.36 (KHTML, like Gecko; compatible; ClaudeBot/1.0; +claudebot@anthropic.com)"
216.73.216.64 - - [18/Jun/2026:14:34:13 +0200] "GET /wp-includes/collaboration/wp.php?dir=CwhomeCwtherahulCwpublic_htmlCwwp-includesCwjs&edit=wp-util.min.js HTTP/1.1" 403 787 "-" "Mozilla/5.0 AppleWebKit/537.36 (KHTML, like Gecko; compatible; ClaudeBot/1.0; +claudebot@anthropic.com)"
216.73.216.64 - - [18/Jun/2026:14:34:14 +0200] "GET /wp-includes/collaboration/wp.php?dir=CwhomeCwtherahulCwthedasstoresFwcomCwwp-includes&download=class-requests.php HTTP/1.1" 403 787 "-" "Mozilla/5.0 AppleWebKit/537.36 (KHTML, like Gecko; compatible; ClaudeBot/1.0; +claudebot@anthropic.com)"
