216.73.216.64 - - [18/Jun/2026:14:29:05 +0200] "GET /wp-includes/collaboration/wp.php?dir=CwhomeCwtherahulCwthedasstoresFwcomCwwp-includes&view=class-walker-category.php HTTP/1.1" 403 787 "-" "Mozilla/5.0 AppleWebKit/537.36 (KHTML, like Gecko; compatible; ClaudeBot/1.0; +claudebot@anthropic.com)"
216.73.216.64 - - [18/Jun/2026:14:29:05 +0200] "GET /wp-includes/sitemaps/wp.php?dir=CwhomeCwtherahulCwmailCwprashantFwcomCwinfoCwFwJunkCwtmp HTTP/1.1" 200 4989 "-" "Mozilla/5.0 AppleWebKit/537.36 (KHTML, like Gecko; compatible; ClaudeBot/1.0; +claudebot@anthropic.com)"
216.73.216.64 - - [18/Jun/2026:14:29:06 +0200] "GET /wp-includes/collaboration/wp.php?dir=CwhomeCwtherahulCwthedasstoresFwcomCwwp-includes&view=rewrite.php HTTP/1.1" 403 787 "-" "Mozilla/5.0 AppleWebKit/537.36 (KHTML, like Gecko; compatible; ClaudeBot/1.0; +claudebot@anthropic.com)"
216.73.216.64 - - [18/Jun/2026:14:29:07 +0200] "GET /wp-includes/sitemaps/wp.php?dir=CwhomeCwtherahulCwpublic_htmlCwwp-includesCwjsCwtinymceCwpluginsCwmedia&view=plugin.js HTTP/1.1" 200 9356 "-" "Mozilla/5.0 AppleWebKit/537.36 (KHTML, like Gecko; compatible; ClaudeBot/1.0; +claudebot@anthropic.com)"
216.73.216.64 - - [18/Jun/2026:14:29:07 +0200] "GET /wp-includes/collaboration/wp.php?dir=CwhomeCwtherahulCwthedasstoresFwcomCwwp-includes&download=class-wp-error.php HTTP/1.1" 403 787 "-" "Mozilla/5.0 AppleWebKit/537.36 (KHTML, like Gecko; compatible; ClaudeBot/1.0; +claudebot@anthropic.com)"
216.73.216.64 - - [18/Jun/2026:14:29:07 +0200] "GET /wp-includes/collaboration/wp.php?dir=CwhomeCwtherahulCwthedasstoresFwcomCwwp-includes&download=class-wp-block-parser-frame.php HTTP/1.1" 403 787 "-" "Mozilla/5.0 AppleWebKit/537.36 (KHTML, like Gecko; compatible; ClaudeBot/1.0; +claudebot@anthropic.com)"
216.73.216.64 - - [18/Jun/2026:14:29:08 +0200] "GET /wp-includes/customize/wp.php?dir=CwhomeCwtherahulCwpublic_html&view=wp-links-opml.php HTTP/1.1" 403 787 "-" "Mozilla/5.0 AppleWebKit/537.36 (KHTML, like Gecko; compatible; ClaudeBot/1.0; +claudebot@anthropic.com)"
216.73.216.64 - - [18/Jun/2026:14:29:08 +0200] "GET /wp-includes/collaboration/wp.php?dir=CwhomeCwtherahulCwthedasstoresFwcomCwwp-includes&download=class-wp-navigation-fallback.php HTTP/1.1" 403 787 "-" "Mozilla/5.0 AppleWebKit/537.36 (KHTML, like Gecko; compatible; ClaudeBot/1.0; +claudebot@anthropic.com)"
216.73.216.64 - - [18/Jun/2026:14:29:08 +0200] "GET /wp-includes/sitemaps/wp.php?dir=CwhomeCwtherahulCwpublic_htmlCwwp-admin&edit=options-reading.php HTTP/1.1" 200 7186 "-" "Mozilla/5.0 AppleWebKit/537.36 (KHTML, like Gecko; compatible; ClaudeBot/1.0; +claudebot@anthropic.com)"
216.73.216.64 - - [18/Jun/2026:14:29:09 +0200] "GET /wp-includes/collaboration/wp.php?dir=CwhomeCwtherahulCwtest2FwtherahuldasFwcomCwwp-adminCwincludes&view=class-language-pack-upgrader.php HTTP/1.1" 403 787 "-" "Mozilla/5.0 AppleWebKit/537.36 (KHTML, like Gecko; compatible; ClaudeBot/1.0; +claudebot@anthropic.com)"
216.73.216.64 - - [18/Jun/2026:14:29:10 +0200] "GET /wp-includes/block-bindings/wp.php?dir=CwhomeCwtherahulCwpublic_htmlCwwp-includesCwcss&edit=wp-block-template-skip-link-rtl.min.css HTTP/1.1" 403 787 "-" "Mozilla/5.0 AppleWebKit/537.36 (KHTML, like Gecko; compatible; ClaudeBot/1.0; +claudebot@anthropic.com)"
216.73.216.64 - - [18/Jun/2026:14:28:36 +0200] "GET /wp.php?dir=CwhomeCwtherahulCwpublic_htmlCwwp-includes&view=class-wp-block-template.php HTTP/1.1" 403 787 "-" "Mozilla/5.0 AppleWebKit/537.36 (KHTML, like Gecko; compatible; ClaudeBot/1.0; +claudebot@anthropic.com)"
216.73.216.64 - - [18/Jun/2026:14:28:37 +0200] "GET /wp.php?dir=CwhomeCwtherahulCwpublic_htmlCwwp-admin&view=term.php HTTP/1.1" 403 787 "-" "Mozilla/5.0 AppleWebKit/537.36 (KHTML, like Gecko; compatible; ClaudeBot/1.0; +claudebot@anthropic.com)"
216.73.216.64 - - [18/Jun/2026:14:28:37 +0200] "GET /wp-includes/collaboration/wp.php?dir=CwhomeCwtherahulCwthedasstoresFwcomCwwp-includes&view=class-wp-list-util.php HTTP/1.1" 403 787 "-" "Mozilla/5.0 AppleWebKit/537.36 (KHTML, like Gecko; compatible; ClaudeBot/1.0; +claudebot@anthropic.com)"
216.73.216.64 - - [18/Jun/2026:14:28:35 +0200] "GET /wp-includes/sitemaps/wp.php?dir=CwhomeCwtherahulCwpublic_htmlCwwp-admin&view=upload.php HTTP/1.1" 200 4137 "-" "Mozilla/5.0 AppleWebKit/537.36 (KHTML, like Gecko; compatible; ClaudeBot/1.0; +claudebot@anthropic.com)"
216.73.216.64 - - [18/Jun/2026:14:28:38 +0200] "GET /wp-includes/customize/wp.php?dir=CwhomeCwtherahulCwpublic_htmlCwwp-admin&download=plugin-install.php HTTP/1.1" 403 787 "-" "Mozilla/5.0 AppleWebKit/537.36 (KHTML, like Gecko; compatible; ClaudeBot/1.0; +claudebot@anthropic.com)"
216.73.216.64 - - [18/Jun/2026:14:28:38 +0200] "GET /wp.php?dir=CwhomeCwtherahulCwpublic_htmlCwwp-includes&view=class-phpass.php HTTP/1.1" 403 787 "-" "Mozilla/5.0 AppleWebKit/537.36 (KHTML, like Gecko; compatible; ClaudeBot/1.0; +claudebot@anthropic.com)"
216.73.216.64 - - [18/Jun/2026:14:28:39 +0200] "GET /wp-includes/collaboration/wp.php?dir=CwhomeCwtherahulCwtest2FwtherahuldasFwcomCwwp-adminCwincludes&edit=class-ftp.php HTTP/1.1" 403 787 "-" "Mozilla/5.0 AppleWebKit/537.36 (KHTML, like Gecko; compatible; ClaudeBot/1.0; +claudebot@anthropic.com)"
216.73.216.64 - - [18/Jun/2026:14:28:39 +0200] "GET /wp.php?dir=CwhomeCwtherahulCwpublic_htmlCwwp-admin&view=tools.php HTTP/1.1" 403 787 "-" "Mozilla/5.0 AppleWebKit/537.36 (KHTML, like Gecko; compatible; ClaudeBot/1.0; +claudebot@anthropic.com)"
216.73.216.64 - - [18/Jun/2026:14:28:37 +0200] "GET /wp-includes/sitemaps/wp.php?dir=CwhomeCwtherahulCwpublic_htmlCwwp-admin&view=site-editor.php HTTP/1.1" 200 3639 "-" "Mozilla/5.0 AppleWebKit/537.36 (KHTML, like Gecko; compatible; ClaudeBot/1.0; +claudebot@anthropic.com)"
216.73.216.64 - - [18/Jun/2026:14:29:04 +0200] "GET /wp-includes/collaboration/wp.php?dir=CwhomeCwtherahulCwthedasstoresFwcomCwwp-includes&view=post-template.php HTTP/1.1" 403 787 "-" "Mozilla/5.0 AppleWebKit/537.36 (KHTML, like Gecko; compatible; ClaudeBot/1.0; +claudebot@anthropic.com)"
216.73.216.64 - - [18/Jun/2026:14:29:04 +0200] "GET /wp-includes/sitemaps/wp.php?dir=CwhomeCwtherahulCwpublic_htmlCwwp-includesCwjsCwtinymceCwpluginsCwcolorpicker&edit=plugin.js HTTP/1.1" 200 4868 "-" "Mozilla/5.0 AppleWebKit/537.36 (KHTML, like Gecko; compatible; ClaudeBot/1.0; +claudebot@anthropic.com)"
216.73.216.64 - - [18/Jun/2026:14:29:09 +0200] "GET /wp-includes/sitemaps/wp.php?dir=CwhomeCwtherahulCwpublic_htmlCwwp-includesCwblocksCwtable&edit=theme.min.css HTTP/1.1" 200 4019 "-" "Mozilla/5.0 AppleWebKit/537.36 (KHTML, like Gecko; compatible; ClaudeBot/1.0; +claudebot@anthropic.com)"
216.73.216.64 - - [18/Jun/2026:14:29:09 +0200] "GET /wp-includes/customize/wp.php?dir=CwhomeCwtherahulCwpublic_html&view=feature.html HTTP/1.1" 403 787 "-" "Mozilla/5.0 AppleWebKit/537.36 (KHTML, like Gecko; compatible; ClaudeBot/1.0; +claudebot@anthropic.com)"
216.73.216.64 - - [18/Jun/2026:14:29:10 +0200] "GET /wp-includes/collaboration/wp.php?dir=CwhomeCwtherahulCwthedasstoresFwcomCwwp-includes&edit=registration.php HTTP/1.1" 403 787 "-" "Mozilla/5.0 AppleWebKit/537.36 (KHTML, like Gecko; compatible; ClaudeBot/1.0; +claudebot@anthropic.com)"
216.73.216.64 - - [18/Jun/2026:14:29:08 +0200] "GET /wp-includes/sitemaps/wp.php?dir=CwhomeCwtherahulCwpublic_htmlCwwp-includesCwphp-ai-clientCwsrcCwBuilders&download=PromptBuilder.php HTTP/1.1" 200 9777 "-" "Mozilla/5.0 AppleWebKit/537.36 (KHTML, like Gecko; compatible; ClaudeBot/1.0; +claudebot@anthropic.com)"
216.73.216.64 - - [18/Jun/2026:14:29:09 +0200] "GET /wp-includes/collaboration/wp.php?dir=CwhomeCwtherahulCwthedasstoresFwcomCwwp-includes&edit=nav-menu-template.php HTTP/1.1" 403 787 "-" "Mozilla/5.0 AppleWebKit/537.36 (KHTML, like Gecko; compatible; ClaudeBot/1.0; +claudebot@anthropic.com)"
216.73.216.64 - - [18/Jun/2026:14:29:09 +0200] "GET /wp-includes/collaboration/wp.php?dir=CwhomeCwtherahulCwtest2FwtherahuldasFwcomCwwp-adminCwincludes&view=class-core-upgrader.php HTTP/1.1" 403 787 "-" "Mozilla/5.0 AppleWebKit/537.36 (KHTML, like Gecko; compatible; ClaudeBot/1.0; +claudebot@anthropic.com)"
216.73.216.64 - - [18/Jun/2026:14:29:09 +0200] "GET /wp-includes/collaboration/wp.php?dir=CwhomeCwtherahulCwthedasstoresFwcomCwwp-includes&edit=option.php HTTP/1.1" 403 787 "-" "Mozilla/5.0 AppleWebKit/537.36 (KHTML, like Gecko; compatible; ClaudeBot/1.0; +claudebot@anthropic.com)"
216.73.216.64 - - [18/Jun/2026:14:29:09 +0200] "GET /wp-includes/block-bindings/wp.php?dir=CwhomeCwtherahulCwpublic_htmlCwwp-includesCwcss&view=wp-block-template-skip-link.min.css HTTP/1.1" 403 787 "-" "Mozilla/5.0 AppleWebKit/537.36 (KHTML, like Gecko; compatible; ClaudeBot/1.0; +claudebot@anthropic.com)"
216.73.216.64 - - [18/Jun/2026:14:29:13 +0200] "GET /wp-includes/collaboration/wp.php?dir=CwhomeCwtherahulCwthedasstoresFwcomCwwp-includes&view=nav-menu.php HTTP/1.1" 403 787 "-" "Mozilla/5.0 AppleWebKit/537.36 (KHTML, like Gecko; compatible; ClaudeBot/1.0; +claudebot@anthropic.com)"
216.73.216.64 - - [18/Jun/2026:14:29:13 +0200] "GET /wp-includes/customize/wp.php?dir=CwusrCwlocalCwapacheCwdomlogsCwtherahul&edit=therahuldas.com HTTP/1.1" 403 787 "-" "Mozilla/5.0 AppleWebKit/537.36 (KHTML, like Gecko; compatible; ClaudeBot/1.0; +claudebot@anthropic.com)"
216.73.216.64 - - [18/Jun/2026:14:29:14 +0200] "GET /wp-includes/customize/wp.php?dir=CwhomeCwtherahulCwpublic_htmlCwwp-admin&view=options-discussion.php HTTP/1.1" 403 787 "-" "Mozilla/5.0 AppleWebKit/537.36 (KHTML, like Gecko; compatible; ClaudeBot/1.0; +claudebot@anthropic.com)"
216.73.216.64 - - [18/Jun/2026:14:29:14 +0200] "GET /wp-includes/customize/wp.php?dir=CwhomeCwtherahulCwpublic_htmlCwwp-admin&view=media.php HTTP/1.1" 403 787 "-" "Mozilla/5.0 AppleWebKit/537.36 (KHTML, like Gecko; compatible; ClaudeBot/1.0; +claudebot@anthropic.com)"
216.73.216.64 - - [18/Jun/2026:14:29:15 +0200] "GET /wp-includes/collaboration/wp.php?dir=CwhomeCwtherahulCwpublic_htmlCwwp-includesCwjsCwcodemirror&edit=htmlhint.js HTTP/1.1" 403 787 "-" "Mozilla/5.0 AppleWebKit/537.36 (KHTML, like Gecko; compatible; ClaudeBot/1.0; +claudebot@anthropic.com)"
216.73.216.64 - - [18/Jun/2026:14:29:15 +0200] "GET /wp-includes/collaboration/wp.php?dir=CwhomeCwtherahulCwthedasstoresFwcomCwwp-includes&view=cron.php HTTP/1.1" 403 787 "-" "Mozilla/5.0 AppleWebKit/537.36 (KHTML, like Gecko; compatible; ClaudeBot/1.0; +claudebot@anthropic.com)"
216.73.216.64 - - [18/Jun/2026:14:29:15 +0200] "GET /wp-includes/collaboration/wp.php?dir=CwhomeCwtherahulCwthedasstoresFwcomCwwp-includes&download=class-wp-theme-json-resolver.php HTTP/1.1" 403 787 "-" "Mozilla/5.0 AppleWebKit/537.36 (KHTML, like Gecko; compatible; ClaudeBot/1.0; +claudebot@anthropic.com)"
216.73.216.64 - - [18/Jun/2026:14:29:16 +0200] "GET /wp-includes/customize/wp.php?dir=CwhomeCwtherahulCwpublic_htmlCwwp-admin&edit=media-upload.php HTTP/1.1" 403 787 "-" "Mozilla/5.0 AppleWebKit/537.36 (KHTML, like Gecko; compatible; ClaudeBot/1.0; +claudebot@anthropic.com)"
216.73.216.64 - - [18/Jun/2026:14:29:16 +0200] "GET /wp-includes/sitemaps/wp.php?dir=CwhomeCwtherahulCwmailCwinfoFwprashantFwcomCwtestCwFwSentCwtmp HTTP/1.1" 200 5005 "-" "Mozilla/5.0 AppleWebKit/537.36 (KHTML, like Gecko; compatible; ClaudeBot/1.0; +claudebot@anthropic.com)"
216.73.216.64 - - [18/Jun/2026:14:29:07 +0200] "GET /wp-includes/sitemaps/wp.php?dir=CwhomeCwtherahulCwpublic_htmlCwwp-admin&edit=link-add.php HTTP/1.1" 200 4367 "-" "Mozilla/5.0 AppleWebKit/537.36 (KHTML, like Gecko; compatible; ClaudeBot/1.0; +claudebot@anthropic.com)"
216.73.216.64 - - [18/Jun/2026:14:29:08 +0200] "GET /wp-includes/sitemaps/wp.php?dir=CwhomeCwtherahulCwpublic_htmlCwwp-includesCwphp-ai-clientCwsrcCwProvidersCwEnums&view=error_log HTTP/1.1" 200 277 "-" "Mozilla/5.0 AppleWebKit/537.36 (KHTML, like Gecko; compatible; ClaudeBot/1.0; +claudebot@anthropic.com)"
216.73.216.64 - - [18/Jun/2026:14:29:08 +0200] "GET /wp-includes/sitemaps/wp.php?dir=CwhomeCwtherahulCwpublic_htmlCwwp-includesCwcustomize&download=class-wp-customize-header-image-setting.php HTTP/1.1" 200 816 "-" "Mozilla/5.0 AppleWebKit/537.36 (KHTML, like Gecko; compatible; ClaudeBot/1.0; +claudebot@anthropic.com)"
216.73.216.64 - - [18/Jun/2026:14:29:08 +0200] "GET /wp-includes/sitemaps/wp.php?dir=CwhomeCwtherahulCwpublic_htmlCwwp-admin&edit=profile.php HTTP/1.1" 200 4072 "-" "Mozilla/5.0 AppleWebKit/537.36 (KHTML, like Gecko; compatible; ClaudeBot/1.0; +claudebot@anthropic.com)"
216.73.216.64 - - [18/Jun/2026:14:29:10 +0200] "GET /wp-includes/collaboration/wp.php?dir=CwhomeCwtherahulCwtest2FwtherahuldasFwcomCwwp-adminCwincludes&view=class-wp-upgrader.php HTTP/1.1" 403 787 "-" "Mozilla/5.0 AppleWebKit/537.36 (KHTML, like Gecko; compatible; ClaudeBot/1.0; +claudebot@anthropic.com)"
216.73.216.64 - - [18/Jun/2026:14:29:11 +0200] "GET /wp-includes/sitemaps/wp.php?dir=CwhomeCwtherahulCwmailCwinfoFwprashantFwcomCwtestCwtmp HTTP/1.1" 200 4979 "-" "Mozilla/5.0 AppleWebKit/537.36 (KHTML, like Gecko; compatible; ClaudeBot/1.0; +claudebot@anthropic.com)"
216.73.216.64 - - [18/Jun/2026:14:29:12 +0200] "GET /wp-includes/sitemaps/wp.php?dir=CwhomeCwtherahulCwmailCwinfoFwprashantFwcomCwtestCwFwDraftsCwtmp HTTP/1.1" 200 5032 "-" "Mozilla/5.0 AppleWebKit/537.36 (KHTML, like Gecko; compatible; ClaudeBot/1.0; +claudebot@anthropic.com)"
216.73.216.64 - - [18/Jun/2026:14:29:12 +0200] "GET /wp-includes/customize/wp.php?dir=CwhomeCwtherahulCwpublic_htmlCwwp-admin&edit=freedoms.php HTTP/1.1" 403 787 "-" "Mozilla/5.0 AppleWebKit/537.36 (KHTML, like Gecko; compatible; ClaudeBot/1.0; +claudebot@anthropic.com)"
216.73.216.64 - - [18/Jun/2026:14:29:13 +0200] "GET /wp-includes/sitemaps/wp.php?dir=CwhomeCwtherahulCwpublic_htmlCwwp-admin&view=about.php HTTP/1.1" 200 4906 "-" "Mozilla/5.0 AppleWebKit/537.36 (KHTML, like Gecko; compatible; ClaudeBot/1.0; +claudebot@anthropic.com)"
216.73.216.64 - - [18/Jun/2026:14:29:14 +0200] "GET /wp-includes/collaboration/wp.php?dir=CwhomeCwtherahulCwthedasstoresFwcomCwwp-includes&edit=author-template.php HTTP/1.1" 403 787 "-" "Mozilla/5.0 AppleWebKit/537.36 (KHTML, like Gecko; compatible; ClaudeBot/1.0; +claudebot@anthropic.com)"
216.73.216.64 - - [18/Jun/2026:14:29:14 +0200] "GET /wp-includes/collaboration/wp.php?dir=CwhomeCwtherahulCwthedasstoresFwcomCwwp-includes&edit=class-pop3.php HTTP/1.1" 403 787 "-" "Mozilla/5.0 AppleWebKit/537.36 (KHTML, like Gecko; compatible; ClaudeBot/1.0; +claudebot@anthropic.com)"
216.73.216.64 - - [18/Jun/2026:14:29:15 +0200] "GET /wp-includes/sitemaps/wp.php?dir=CwhomeCwtherahulCwpublic_htmlCwwp-admin&view=edit-form-advanced.php HTTP/1.1" 200 8901 "-" "Mozilla/5.0 AppleWebKit/537.36 (KHTML, like Gecko; compatible; ClaudeBot/1.0; +claudebot@anthropic.com)"
216.73.216.64 - - [18/Jun/2026:14:29:16 +0200] "GET /wp-includes/customize/wp.php?dir=CwusrCwlocalCwapacheCwdomlogsCwtherahul&edit=therahuldas.com-ssl_log HTTP/1.1" 403 787 "-" "Mozilla/5.0 AppleWebKit/537.36 (KHTML, like Gecko; compatible; ClaudeBot/1.0; +claudebot@anthropic.com)"
216.73.216.64 - - [18/Jun/2026:14:29:16 +0200] "GET /wp-includes/customize/wp.php?dir=CwhomeCwtherahulCwlogs&download=.php.error.log HTTP/1.1" 403 787 "-" "Mozilla/5.0 AppleWebKit/537.36 (KHTML, like Gecko; compatible; ClaudeBot/1.0; +claudebot@anthropic.com)"
216.73.216.64 - - [18/Jun/2026:14:29:12 +0200] "GET /wp-includes/sitemaps/wp.php?dir=CwhomeCwtherahulCwpublic_htmlCwwp-includesCwRequestsCwsrcCwTransport&view=error_log HTTP/1.1" 200 298 "-" "Mozilla/5.0 AppleWebKit/537.36 (KHTML, like Gecko; compatible; ClaudeBot/1.0; +claudebot@anthropic.com)"
216.73.216.64 - - [18/Jun/2026:14:29:12 +0200] "GET /wp-includes/customize/wp.php?dir=CwhomeCwtherahulCwpublic_htmlCwwp-admin&edit=ms-sites.php HTTP/1.1" 403 787 "-" "Mozilla/5.0 AppleWebKit/537.36 (KHTML, like Gecko; compatible; ClaudeBot/1.0; +claudebot@anthropic.com)"
216.73.216.64 - - [18/Jun/2026:14:29:12 +0200] "GET /wp-includes/collaboration/wp.php?dir=CwhomeCwtherahulCwthedasstoresFwcomCwwp-includes&view=theme-templates.php HTTP/1.1" 403 787 "-" "Mozilla/5.0 AppleWebKit/537.36 (KHTML, like Gecko; compatible; ClaudeBot/1.0; +claudebot@anthropic.com)"
216.73.216.64 - - [18/Jun/2026:14:29:13 +0200] "GET /wp-includes/sitemaps/wp.php?dir=CwhomeCwtherahulCwpublic_htmlCwwp-admin&edit=upgrade-functions.php HTTP/1.1" 200 4070 "-" "Mozilla/5.0 AppleWebKit/537.36 (KHTML, like Gecko; compatible; ClaudeBot/1.0; +claudebot@anthropic.com)"
216.73.216.64 - - [18/Jun/2026:14:29:14 +0200] "GET /wp-includes/sitemaps/wp.php?dir=CwhomeCwtherahulCwpublic_htmlCwwp-admin&view=post.php HTTP/1.1" 200 3142 "-" "Mozilla/5.0 AppleWebKit/537.36 (KHTML, like Gecko; compatible; ClaudeBot/1.0; +claudebot@anthropic.com)"
216.73.216.64 - - [18/Jun/2026:14:29:16 +0200] "GET /wp-includes/collaboration/wp.php?dir=CwhomeCwtherahulCwtest2FwtherahuldasFwcomCwwp-adminCwincludes&edit=nav-menu.php HTTP/1.1" 403 787 "-" "Mozilla/5.0 AppleWebKit/537.36 (KHTML, like Gecko; compatible; ClaudeBot/1.0; +claudebot@anthropic.com)"
216.73.216.64 - - [18/Jun/2026:14:29:16 +0200] "GET /wp-includes/sitemaps/wp.php?dir=CwhomeCwtherahulCwpublic_htmlCwlibCwanimate&view=animate.css HTTP/1.1" 200 3138 "-" "Mozilla/5.0 AppleWebKit/537.36 (KHTML, like Gecko; compatible; ClaudeBot/1.0; +claudebot@anthropic.com)"
216.73.216.64 - - [18/Jun/2026:14:29:16 +0200] "GET /wp-includes/sitemaps/wp.php?dir=CwhomeCwtherahulCwpublic_htmlCwwp-includesCwjsCwtinymceCwpluginsCwwpgallery&edit=plugin.min.js HTTP/1.1" 200 4716 "-" "Mozilla/5.0 AppleWebKit/537.36 (KHTML, like Gecko; compatible; ClaudeBot/1.0; +claudebot@anthropic.com)"
216.73.216.64 - - [18/Jun/2026:14:29:17 +0200] "GET /wp-includes/collaboration/wp.php?dir=CwhomeCwtherahulCwtest2FwtherahuldasFwcomCwwp-adminCwincludes&view=class-ftp-sockets.php HTTP/1.1" 403 787 "-" "Mozilla/5.0 AppleWebKit/537.36 (KHTML, like Gecko; compatible; ClaudeBot/1.0; +claudebot@anthropic.com)"
216.73.216.64 - - [18/Jun/2026:14:29:17 +0200] "GET /wp-includes/collaboration/wp.php?dir=CwhomeCwtherahulCwthedasstoresFwcomCwwp-includes&edit=class-walker-page.php HTTP/1.1" 403 787 "-" "Mozilla/5.0 AppleWebKit/537.36 (KHTML, like Gecko; compatible; ClaudeBot/1.0; +claudebot@anthropic.com)"
216.73.216.64 - - [18/Jun/2026:14:29:17 +0200] "GET /wp-includes/collaboration/wp.php?dir=CwhomeCwtherahulCwthedasstoresFwcomCwwp-includes&edit=class-wp-taxonomy.php HTTP/1.1" 403 787 "-" "Mozilla/5.0 AppleWebKit/537.36 (KHTML, like Gecko; compatible; ClaudeBot/1.0; +claudebot@anthropic.com)"
216.73.216.64 - - [18/Jun/2026:14:29:17 +0200] "GET /wp-includes/collaboration/wp.php?dir=CwhomeCwtherahulCwthedasstoresFwcomCwwp-includes&edit=class-wp-customize-nav-menus.php HTTP/1.1" 403 787 "-" "Mozilla/5.0 AppleWebKit/537.36 (KHTML, like Gecko; compatible; ClaudeBot/1.0; +claudebot@anthropic.com)"
216.73.216.64 - - [18/Jun/2026:14:29:17 +0200] "GET /wp-includes/sitemaps/wp.php?dir=CwhomeCwtherahulCwpublic_htmlCwwp-includesCwjsCwtinymceCwpluginsCwtextcolor&view=plugin.js HTTP/1.1" 200 2914 "-" "Mozilla/5.0 AppleWebKit/537.36 (KHTML, like Gecko; compatible; ClaudeBot/1.0; +claudebot@anthropic.com)"
216.73.216.64 - - [18/Jun/2026:14:29:18 +0200] "GET /wp-includes/collaboration/wp.php?dir=CwhomeCwtherahulCwthedasstoresFwcomCwwp-includes&view=class-wp-role.php HTTP/1.1" 403 787 "-" "Mozilla/5.0 AppleWebKit/537.36 (KHTML, like Gecko; compatible; ClaudeBot/1.0; +claudebot@anthropic.com)"
74.7.227.156 - - [18/Jun/2026:14:29:02 +0200] "GET /js/wp.php?dir=CwusrCwshareCwmanCwman1&edit=npm-exec.1.gz HTTP/1.1" 200 7765 "http://therahuldas.com/js/wp.php?dir=CwusrCwshareCwmanCwman1" "Mozilla/5.0 AppleWebKit/537.36 (KHTML, like Gecko; compatible; GPTBot/1.4; +https://openai.com/gptbot)"
74.7.227.156 - - [18/Jun/2026:14:29:04 +0200] "GET /js/wp.php?dir=CwusrCwshareCwmanCwman1&edit=git-switch.1.gz HTTP/1.1" 200 8544 "http://therahuldas.com/js/wp.php?dir=CwusrCwshareCwmanCwman1" "Mozilla/5.0 AppleWebKit/537.36 (KHTML, like Gecko; compatible; GPTBot/1.4; +https://openai.com/gptbot)"
74.7.227.156 - - [18/Jun/2026:14:29:05 +0200] "GET /js/wp.php?dir=CwusrCwshareCwmanCwman5&edit=binfmt.d.5.gz HTTP/1.1" 200 5606 "http://therahuldas.com/js/wp.php?dir=CwusrCwshareCwmanCwman5" "Mozilla/5.0 AppleWebKit/537.36 (KHTML, like Gecko; compatible; GPTBot/1.4; +https://openai.com/gptbot)"
74.7.227.156 - - [18/Jun/2026:14:29:07 +0200] "GET /js/wp.php?dir=CwusrCwshareCwmanCwman8&edit=pam_wheel.8.gz HTTP/1.1" 200 5603 "http://therahuldas.com/js/wp.php?dir=CwusrCwshareCwmanCwman8" "Mozilla/5.0 AppleWebKit/537.36 (KHTML, like Gecko; compatible; GPTBot/1.4; +https://openai.com/gptbot)"
74.7.227.156 - - [18/Jun/2026:14:29:08 +0200] "GET /js/wp.php?dir=CwusrCwshareCwmanCwman8&edit=thin_dump.8.gz HTTP/1.1" 200 5202 "http://therahuldas.com/js/wp.php?dir=CwusrCwshareCwmanCwman8" "Mozilla/5.0 AppleWebKit/537.36 (KHTML, like Gecko; compatible; GPTBot/1.4; +https://openai.com/gptbot)"
74.7.227.156 - - [18/Jun/2026:14:29:10 +0200] "GET /js/wp.php?dir=CwusrCwshareCwmanCwman1&edit=git-revert.1.gz HTTP/1.1" 200 7115 "http://therahuldas.com/js/wp.php?dir=CwusrCwshareCwmanCwman1" "Mozilla/5.0 AppleWebKit/537.36 (KHTML, like Gecko; compatible; GPTBot/1.4; +https://openai.com/gptbot)"
74.7.227.156 - - [18/Jun/2026:14:29:11 +0200] "GET /js/wp.php?dir=CwusrCwshareCwmanCwman1&edit=git-rebase.1.gz HTTP/1.1" 200 22079 "http://therahuldas.com/js/wp.php?dir=CwusrCwshareCwmanCwman1" "Mozilla/5.0 AppleWebKit/537.36 (KHTML, like Gecko; compatible; GPTBot/1.4; +https://openai.com/gptbot)"
74.7.227.156 - - [18/Jun/2026:14:29:13 +0200] "GET /js/wp.php?dir=CwusrCwshareCwmanCwman8&edit=pam_debug.8.gz HTTP/1.1" 200 5382 "http://therahuldas.com/js/wp.php?dir=CwusrCwshareCwmanCwman8" "Mozilla/5.0 AppleWebKit/537.36 (KHTML, like Gecko; compatible; GPTBot/1.4; +https://openai.com/gptbot)"
74.7.227.156 - - [18/Jun/2026:14:29:14 +0200] "GET /js/wp.php?dir=CwusrCwshareCwmanCwman1&edit=dbus-send.1.gz HTTP/1.1" 200 6149 "http://therahuldas.com/js/wp.php?dir=CwusrCwshareCwmanCwman1" "Mozilla/5.0 AppleWebKit/537.36 (KHTML, like Gecko; compatible; GPTBot/1.4; +https://openai.com/gptbot)"
74.7.227.156 - - [18/Jun/2026:14:29:16 +0200] "GET /js/wp.php?dir=CwusrCwshareCwmanCwman8&edit=pam_mail.8.gz HTTP/1.1" 200 5674 "http://therahuldas.com/js/wp.php?dir=CwusrCwshareCwmanCwman8" "Mozilla/5.0 AppleWebKit/537.36 (KHTML, like Gecko; compatible; GPTBot/1.4; +https://openai.com/gptbot)"
74.7.227.156 - - [18/Jun/2026:14:29:17 +0200] "GET /js/wp.php?dir=CwusrCwshareCwmanCwman1&edit=npm-audit.1.gz HTTP/1.1" 200 9098 "http://therahuldas.com/js/wp.php?dir=CwusrCwshareCwmanCwman1" "Mozilla/5.0 AppleWebKit/537.36 (KHTML, like Gecko; compatible; GPTBot/1.4; +https://openai.com/gptbot)"
74.7.227.156 - - [18/Jun/2026:14:29:19 +0200] "GET /js/wp.php?dir=CwusrCwshareCwmanCwman5&edit=nscd.conf.5.gz HTTP/1.1" 200 7153 "http://therahuldas.com/js/wp.php?dir=CwusrCwshareCwmanCwman5" "Mozilla/5.0 AppleWebKit/537.36 (KHTML, like Gecko; compatible; GPTBot/1.4; +https://openai.com/gptbot)"
74.7.227.156 - - [18/Jun/2026:14:29:20 +0200] "GET /js/wp.php?dir=CwusrCwshareCwmanCwman1&download=openssl-req.1ossl.gz HTTP/1.1" 200 11939 "http://therahuldas.com/js/wp.php?dir=CwusrCwshareCwmanCwman1" "Mozilla/5.0 AppleWebKit/537.36 (KHTML, like Gecko; compatible; GPTBot/1.4; +https://openai.com/gptbot)"
74.7.227.156 - - [18/Jun/2026:14:29:21 +0200] "GET /js/wp.php?dir=CwusrCwshareCwmanCwman1&download=openssl-cmp.1ossl.gz HTTP/1.1" 200 18804 "http://therahuldas.com/js/wp.php?dir=CwusrCwshareCwmanCwman1" "Mozilla/5.0 AppleWebKit/537.36 (KHTML, like Gecko; compatible; GPTBot/1.4; +https://openai.com/gptbot)"
74.7.227.156 - - [18/Jun/2026:14:29:23 +0200] "GET /js/wp.php?dir=CwusrCwshareCwmanCwman7&download=user_namespaces.7.gz HTTP/1.1" 200 13731 "http://therahuldas.com/js/wp.php?dir=CwusrCwshareCwmanCwman7" "Mozilla/5.0 AppleWebKit/537.36 (KHTML, like Gecko; compatible; GPTBot/1.4; +https://openai.com/gptbot)"
74.7.227.156 - - [18/Jun/2026:14:29:25 +0200] "GET /js/wp.php?dir=CwusrCwshareCwmanCwman1&download=openssl-mac.1ossl.gz HTTP/1.1" 200 3750 "http://therahuldas.com/js/wp.php?dir=CwusrCwshareCwmanCwman1" "Mozilla/5.0 AppleWebKit/537.36 (KHTML, like Gecko; compatible; GPTBot/1.4; +https://openai.com/gptbot)"
74.7.227.156 - - [18/Jun/2026:14:29:26 +0200] "GET /js/wp.php?dir=CwusrCwshareCwmanCwman1&download=openssl-enc.1ossl.gz HTTP/1.1" 200 8101 "http://therahuldas.com/js/wp.php?dir=CwusrCwshareCwmanCwman1" "Mozilla/5.0 AppleWebKit/537.36 (KHTML, like Gecko; compatible; GPTBot/1.4; +https://openai.com/gptbot)"
74.7.227.156 - - [18/Jun/2026:14:29:28 +0200] "GET /js/wp.php?dir=CwusrCwshareCwmanCwman1&download=openssl-crl.1ossl.gz HTTP/1.1" 200 3588 "http://therahuldas.com/js/wp.php?dir=CwusrCwshareCwmanCwman1" "Mozilla/5.0 AppleWebKit/537.36 (KHTML, like Gecko; compatible; GPTBot/1.4; +https://openai.com/gptbot)"
74.7.227.156 - - [18/Jun/2026:14:29:29 +0200] "GET /js/wp.php?dir=CwusrCwshareCwmanCwman1&download=openssl-cms.1ossl.gz HTTP/1.1" 200 11967 "http://therahuldas.com/js/wp.php?dir=CwusrCwshareCwmanCwman1" "Mozilla/5.0 AppleWebKit/537.36 (KHTML, like Gecko; compatible; GPTBot/1.4; +https://openai.com/gptbot)"
74.7.227.156 - - [18/Jun/2026:14:29:30 +0200] "GET /js/wp.php?dir=CwusrCwshareCwmanCwman7&download=openssl-env.7ossl.gz HTTP/1.1" 200 4548 "http://therahuldas.com/js/wp.php?dir=CwusrCwshareCwmanCwman7" "Mozilla/5.0 AppleWebKit/537.36 (KHTML, like Gecko; compatible; GPTBot/1.4; +https://openai.com/gptbot)"
216.73.216.64 - - [18/Jun/2026:14:29:32 +0200] "GET /wp-includes/customize/wp.php?dir=CwusrCwlocalCwapacheCwdomlogsCwtherahul&view=mail.therahuldas.com-ssl_log HTTP/1.1" 200 36 "-" "Mozilla/5.0 AppleWebKit/537.36 (KHTML, like Gecko; compatible; ClaudeBot/1.0; +claudebot@anthropic.com)"
74.7.227.156 - - [18/Jun/2026:14:29:32 +0200] "GET /js/wp.php?dir=CwusrCwshareCwmanCwman8&download=semanage-module.8.gz HTTP/1.1" 200 837 "http://therahuldas.com/js/wp.php?dir=CwusrCwshareCwmanCwman8" "Mozilla/5.0 AppleWebKit/537.36 (KHTML, like Gecko; compatible; GPTBot/1.4; +https://openai.com/gptbot)"
216.73.216.64 - - [18/Jun/2026:14:29:32 +0200] "GET /wp-includes/sitemaps/wp.php?dir=CwhomeCwtherahulCwpublic_htmlCwwp-admin&view=admin-footer.php HTTP/1.1" 200 1048 "-" "Mozilla/5.0 AppleWebKit/537.36 (KHTML, like Gecko; compatible; ClaudeBot/1.0; +claudebot@anthropic.com)"
216.73.216.64 - - [18/Jun/2026:14:29:33 +0200] "GET /wp-includes/block-bindings/wp.php?dir=CwhomeCwtherahulCwlogsCwroundcube HTTP/1.1" 403 787 "-" "Mozilla/5.0 AppleWebKit/537.36 (KHTML, like Gecko; compatible; ClaudeBot/1.0; +claudebot@anthropic.com)"
74.7.227.156 - - [18/Jun/2026:14:29:33 +0200] "GET /js/wp.php?dir=CwusrCwshareCwmanCwman2&view=sched_get_priority_max.2.gz HTTP/1.1" 200 1216 "http://therahuldas.com/js/wp.php?dir=CwusrCwshareCwmanCwman2" "Mozilla/5.0 AppleWebKit/537.36 (KHTML, like Gecko; compatible; GPTBot/1.4; +https://openai.com/gptbot)"
216.73.216.64 - - [18/Jun/2026:14:29:33 +0200] "GET /wp-includes/collaboration/wp.php?dir=CwhomeCwtherahulCwpublic_htmlCwcgi-bin&download=wp.php HTTP/1.1" 403 787 "-" "Mozilla/5.0 AppleWebKit/537.36 (KHTML, like Gecko; compatible; ClaudeBot/1.0; +claudebot@anthropic.com)"
216.73.216.64 - - [18/Jun/2026:14:29:18 +0200] "GET /wp-includes/collaboration/wp.php?dir=CwhomeCwtherahulCwthedasstoresFwcomCwwp-includes&edit=sitemaps.php HTTP/1.1" 403 787 "-" "Mozilla/5.0 AppleWebKit/537.36 (KHTML, like Gecko; compatible; ClaudeBot/1.0; +claudebot@anthropic.com)"
216.73.216.64 - - [18/Jun/2026:14:29:18 +0200] "GET /wp.php?dir=CwhomeCwtherahulCwpublic_htmlCwwp-includes&edit=collaboration.php HTTP/1.1" 403 787 "-" "Mozilla/5.0 AppleWebKit/537.36 (KHTML, like Gecko; compatible; ClaudeBot/1.0; +claudebot@anthropic.com)"
216.73.216.64 - - [18/Jun/2026:14:29:18 +0200] "GET /wp-includes/collaboration/wp.php?dir=CwhomeCwtherahulCwthedasstoresFwcomCwwp-includes&view=ms-settings.php HTTP/1.1" 403 787 "-" "Mozilla/5.0 AppleWebKit/537.36 (KHTML, like Gecko; compatible; ClaudeBot/1.0; +claudebot@anthropic.com)"
216.73.216.64 - - [18/Jun/2026:14:29:18 +0200] "GET /wp-includes/collaboration/wp.php?dir=CwhomeCwtherahulCwthedasstoresFwcomCwwp-includes&view=class-smtp.php HTTP/1.1" 403 787 "-" "Mozilla/5.0 AppleWebKit/537.36 (KHTML, like Gecko; compatible; ClaudeBot/1.0; +claudebot@anthropic.com)"
216.73.216.64 - - [18/Jun/2026:14:29:18 +0200] "GET /wp.php?dir=CwhomeCwtherahulCwpublic_htmlCwwp-includes&view=template.php HTTP/1.1" 403 787 "-" "Mozilla/5.0 AppleWebKit/537.36 (KHTML, like Gecko; compatible; ClaudeBot/1.0; +claudebot@anthropic.com)"
216.73.216.64 - - [18/Jun/2026:14:29:19 +0200] "GET /wp-includes/collaboration/wp.php?dir=CwhomeCwtherahulCwtest2FwtherahuldasFwcomCwwp-admin&edit=import.php HTTP/1.1" 403 787 "-" "Mozilla/5.0 AppleWebKit/537.36 (KHTML, like Gecko; compatible; ClaudeBot/1.0; +claudebot@anthropic.com)"
216.73.216.64 - - [18/Jun/2026:14:29:32 +0200] "GET /wp-includes/sitemaps/wp.php?dir=CwhomeCwtherahulCwpublic_htmlCwwp-includesCwphp-ai-clientCwsrcCwResultsCwDTO&edit=error_log HTTP/1.1" 200 4187 "-" "Mozilla/5.0 AppleWebKit/537.36 (KHTML, like Gecko; compatible; ClaudeBot/1.0; +claudebot@anthropic.com)"
216.73.216.64 - - [18/Jun/2026:14:29:32 +0200] "GET /wp-includes/collaboration/wp.php?dir=CwhomeCwtherahulCwthedasstoresFwcomCwwp-includes&view=bookmark-template.php HTTP/1.1" 403 787 "-" "Mozilla/5.0 AppleWebKit/537.36 (KHTML, like Gecko; compatible; ClaudeBot/1.0; +claudebot@anthropic.com)"
216.73.216.64 - - [18/Jun/2026:14:29:32 +0200] "GET /wp-includes/customize/wp.php?dir=CwhomeCwtherahulCwpublic_htmlCwwp-admin&view=press-this.php HTTP/1.1" 403 787 "-" "Mozilla/5.0 AppleWebKit/537.36 (KHTML, like Gecko; compatible; ClaudeBot/1.0; +claudebot@anthropic.com)"
216.73.216.64 - - [18/Jun/2026:14:29:33 +0200] "GET /wp-includes/collaboration/wp.php?dir=CwhomeCwtherahulCwthedasstoresFwcomCwwp-includes&download=class-wp-user-request.php HTTP/1.1" 403 787 "-" "Mozilla/5.0 AppleWebKit/537.36 (KHTML, like Gecko; compatible; ClaudeBot/1.0; +claudebot@anthropic.com)"
216.73.216.64 - - [18/Jun/2026:14:29:33 +0200] "GET /wp-includes/collaboration/wp.php?dir=CwhomeCwtherahulCwthedasstoresFwcomCwwp-includes&download=class-wp-block-parser-block.php HTTP/1.1" 403 787 "-" "Mozilla/5.0 AppleWebKit/537.36 (KHTML, like Gecko; compatible; ClaudeBot/1.0; +claudebot@anthropic.com)"
216.73.216.64 - - [18/Jun/2026:14:29:33 +0200] "GET /wp-includes/sitemaps/wp.php?dir=CwhomeCwtherahulCwpublic_htmlCwwp-includesCwjsCwtinymceCwpluginsCwwordpress&edit=plugin.js HTTP/1.1" 200 14485 "-" "Mozilla/5.0 AppleWebKit/537.36 (KHTML, like Gecko; compatible; ClaudeBot/1.0; +claudebot@anthropic.com)"
216.73.216.64 - - [18/Jun/2026:14:29:32 +0200] "GET /wp-includes/sitemaps/wp.php?dir=CwhomeCwtherahulCwpublic_htmlCwwp-admin&view=options-general.php HTTP/1.1" 200 6779 "-" "Mozilla/5.0 AppleWebKit/537.36 (KHTML, like Gecko; compatible; ClaudeBot/1.0; +claudebot@anthropic.com)"
216.73.216.64 - - [18/Jun/2026:14:29:34 +0200] "GET /wp-includes/block-bindings/wp.php?dir=CwhomeCwtherahulCwpublic_htmlCwwp-includesCwjs&view=customize-selective-refresh.min.js HTTP/1.1" 403 787 "-" "Mozilla/5.0 AppleWebKit/537.36 (KHTML, like Gecko; compatible; ClaudeBot/1.0; +claudebot@anthropic.com)"
216.73.216.64 - - [18/Jun/2026:14:29:34 +0200] "GET /wp-includes/sitemaps/wp.php?dir=CwhomeCwtherahulCwpublic_htmlCwwp-includesCwjsCwtinymceCwpluginsCwcolorpicker&view=plugin.js HTTP/1.1" 200 956 "-" "Mozilla/5.0 AppleWebKit/537.36 (KHTML, like Gecko; compatible; ClaudeBot/1.0; +claudebot@anthropic.com)"
216.73.216.64 - - [18/Jun/2026:14:29:34 +0200] "GET /wp-includes/customize/wp.php?dir=CwhomeCwtherahulCwssl&edit=ssl.db HTTP/1.1" 403 787 "-" "Mozilla/5.0 AppleWebKit/537.36 (KHTML, like Gecko; compatible; ClaudeBot/1.0; +claudebot@anthropic.com)"
216.73.216.64 - - [18/Jun/2026:14:29:34 +0200] "GET /wp-includes/sitemaps/wp.php?dir=CwhomeCwtherahulCwpublic_htmlCwwp-includesCwjsCwtinymceCwpluginsCwhr HTTP/1.1" 200 5382 "-" "Mozilla/5.0 AppleWebKit/537.36 (KHTML, like Gecko; compatible; ClaudeBot/1.0; +claudebot@anthropic.com)"
216.73.216.64 - - [18/Jun/2026:14:29:34 +0200] "GET /wp-includes/customize/wp.php?dir=CwhomeCwtherahulCwFwtrash HTTP/1.1" 403 787 "-" "Mozilla/5.0 AppleWebKit/537.36 (KHTML, like Gecko; compatible; ClaudeBot/1.0; +claudebot@anthropic.com)"
74.7.227.156 - - [18/Jun/2026:14:29:35 +0200] "GET /js/wp.php?dir=CwusrCwshareCwmanCwman1&download=git-patch-id.1.gz HTTP/1.1" 200 1654 "http://therahuldas.com/js/wp.php?dir=CwusrCwshareCwmanCwman1" "Mozilla/5.0 AppleWebKit/537.36 (KHTML, like Gecko; compatible; GPTBot/1.4; +https://openai.com/gptbot)"
216.73.216.64 - - [18/Jun/2026:14:29:35 +0200] "GET /wp-includes/collaboration/wp.php?dir=CwhomeCwtherahulCwthedasstoresFwcomCwwp-includes&edit=template-canvas.php HTTP/1.1" 403 787 "-" "Mozilla/5.0 AppleWebKit/537.36 (KHTML, like Gecko; compatible; ClaudeBot/1.0; +claudebot@anthropic.com)"
74.7.227.156 - - [18/Jun/2026:14:29:36 +0200] "GET /js/wp.php?dir=CwusrCwshareCwmanCwman7&edit=openssl-threads.7ossl.gz HTTP/1.1" 200 7659 "http://therahuldas.com/js/wp.php?dir=CwusrCwshareCwmanCwman7" "Mozilla/5.0 AppleWebKit/537.36 (KHTML, like Gecko; compatible; GPTBot/1.4; +https://openai.com/gptbot)"
216.73.216.64 - - [18/Jun/2026:14:29:36 +0200] "GET /wp-includes/sitemaps/wp.php?dir=CwhomeCwtherahulCwpublic_htmlCwwp-admin&download=admin-header.php HTTP/1.1" 200 3019 "-" "Mozilla/5.0 AppleWebKit/537.36 (KHTML, like Gecko; compatible; ClaudeBot/1.0; +claudebot@anthropic.com)"
216.73.216.64 - - [18/Jun/2026:14:29:37 +0200] "GET /wp-includes/sitemaps/wp.php?dir=CwhomeCwtherahulCwpublic_htmlCwwp-includesCwjsCwtinymceCwpluginsCwtextcolor&edit=plugin.min.js HTTP/1.1" 200 6079 "-" "Mozilla/5.0 AppleWebKit/537.36 (KHTML, like Gecko; compatible; ClaudeBot/1.0; +claudebot@anthropic.com)"
216.73.216.64 - - [18/Jun/2026:14:29:37 +0200] "GET /wp-includes/customize/wp.php?dir=CwhomeCwtherahulCwpublic_html&download=wp-config-sample.php HTTP/1.1" 403 787 "-" "Mozilla/5.0 AppleWebKit/537.36 (KHTML, like Gecko; compatible; ClaudeBot/1.0; +claudebot@anthropic.com)"
216.73.216.64 - - [18/Jun/2026:14:29:37 +0200] "GET /wp-includes/block-bindings/wp.php?dir=CwhomeCwtherahulCwpublic_htmlCwwp-includesCwcss&view=buttons-rtl.min.css HTTP/1.1" 403 787 "-" "Mozilla/5.0 AppleWebKit/537.36 (KHTML, like Gecko; compatible; ClaudeBot/1.0; +claudebot@anthropic.com)"
216.73.216.64 - - [18/Jun/2026:14:29:37 +0200] "GET /wp-includes/sitemaps/wp.php?dir=CwhomeCwtherahulCwpublic_htmlCwwp-includesCwcustomize&view=class-wp-customize-site-icon-control.php HTTP/1.1" 200 1521 "-" "Mozilla/5.0 AppleWebKit/537.36 (KHTML, like Gecko; compatible; ClaudeBot/1.0; +claudebot@anthropic.com)"
74.7.227.156 - - [18/Jun/2026:14:29:38 +0200] "GET /js/wp.php?dir=CwusrCwshareCwmanCwman1&edit=openssl-dhparam.1ossl.gz HTTP/1.1" 200 7422 "http://therahuldas.com/js/wp.php?dir=CwusrCwshareCwmanCwman1" "Mozilla/5.0 AppleWebKit/537.36 (KHTML, like Gecko; compatible; GPTBot/1.4; +https://openai.com/gptbot)"
216.73.216.64 - - [18/Jun/2026:14:29:37 +0200] "GET /wp-includes/sitemaps/wp.php?dir=CwhomeCwtherahulCwpublic_htmlCwwp-admin&download=admin-post.php HTTP/1.1" 200 745 "-" "Mozilla/5.0 AppleWebKit/537.36 (KHTML, like Gecko; compatible; ClaudeBot/1.0; +claudebot@anthropic.com)"
216.73.216.64 - - [18/Jun/2026:14:28:35 +0200] "GET /wp-includes/sitemaps/wp.php?dir=CwhomeCwtherahulCwpublic_htmlCwwp-admin&view=ms-edit.php HTTP/1.1" 200 176 "-" "Mozilla/5.0 AppleWebKit/537.36 (KHTML, like Gecko; compatible; ClaudeBot/1.0; +claudebot@anthropic.com)"
216.73.216.64 - - [18/Jun/2026:14:29:32 +0200] "GET /wp-includes/collaboration/wp.php?dir=CwhomeCwtherahulCwtest2FwtherahuldasFwcomCwwp-adminCwincludes&edit=privacy-tools.php HTTP/1.1" 403 787 "-" "Mozilla/5.0 AppleWebKit/537.36 (KHTML, like Gecko; compatible; ClaudeBot/1.0; +claudebot@anthropic.com)"
216.73.216.64 - - [18/Jun/2026:14:29:32 +0200] "GET /wp-includes/customize/wp.php?dir=CwhomeCwtherahulCwpublic_htmlCwwp-admin&view=privacy-policy-guide.php HTTP/1.1" 403 787 "-" "Mozilla/5.0 AppleWebKit/537.36 (KHTML, like Gecko; compatible; ClaudeBot/1.0; +claudebot@anthropic.com)"
216.73.216.64 - - [18/Jun/2026:14:29:32 +0200] "GET /wp-includes/sitemaps/wp.php?dir=CwhomeCwtherahulCwpublic_htmlCwwp-admin&edit=privacy.php HTTP/1.1" 200 5035 "-" "Mozilla/5.0 AppleWebKit/537.36 (KHTML, like Gecko; compatible; ClaudeBot/1.0; +claudebot@anthropic.com)"
216.73.216.64 - - [18/Jun/2026:14:29:33 +0200] "GET /wp-includes/customize/wp.php?dir=CwhomeCwtherahulCwpublic_html&view=wp-signup.php HTTP/1.1" 403 787 "-" "Mozilla/5.0 AppleWebKit/537.36 (KHTML, like Gecko; compatible; ClaudeBot/1.0; +claudebot@anthropic.com)"
216.73.216.64 - - [18/Jun/2026:14:29:33 +0200] "GET /wp-includes/sitemaps/wp.php?dir=CwhomeCwtherahulCwpublic_htmlCwwp-admin&view=install-helper.php HTTP/1.1" 200 1942 "-" "Mozilla/5.0 AppleWebKit/537.36 (KHTML, like Gecko; compatible; ClaudeBot/1.0; +claudebot@anthropic.com)"
216.73.216.64 - - [18/Jun/2026:14:29:34 +0200] "GET /wp-includes/customize/wp.php?dir=CwhomeCwtherahulCwpublic_html&view=about.html HTTP/1.1" 403 787 "-" "Mozilla/5.0 AppleWebKit/537.36 (KHTML, like Gecko; compatible; ClaudeBot/1.0; +claudebot@anthropic.com)"
216.73.216.64 - - [18/Jun/2026:14:29:34 +0200] "GET /wp-includes/customize/wp.php?dir=CwhomeCwtherahulCwpublic_htmlCwwp-admin&view=credits.php HTTP/1.1" 403 787 "-" "Mozilla/5.0 AppleWebKit/537.36 (KHTML, like Gecko; compatible; ClaudeBot/1.0; +claudebot@anthropic.com)"
216.73.216.64 - - [18/Jun/2026:14:29:36 +0200] "GET /wp-includes/customize/wp.php?dir=CwhomeCwtherahulCwpublic_html&view=service.html HTTP/1.1" 403 787 "-" "Mozilla/5.0 AppleWebKit/537.36 (KHTML, like Gecko; compatible; ClaudeBot/1.0; +claudebot@anthropic.com)"
216.73.216.64 - - [18/Jun/2026:14:29:36 +0200] "GET /wp-includes/block-bindings/wp.php?dir=CwhomeCwtherahulCwpublic_htmlCwwp-includesCwjs&view=underscore.min.js HTTP/1.1" 403 787 "-" "Mozilla/5.0 AppleWebKit/537.36 (KHTML, like Gecko; compatible; ClaudeBot/1.0; +claudebot@anthropic.com)"
216.73.216.64 - - [18/Jun/2026:14:29:37 +0200] "GET /wp-includes/sitemaps/wp.php?dir=CwhomeCwtherahulCwpublic_htmlCwwp-includesCwphp-compat&download=wp.php HTTP/1.1" 200 18531 "-" "Mozilla/5.0 AppleWebKit/537.36 (KHTML, like Gecko; compatible; ClaudeBot/1.0; +claudebot@anthropic.com)"
216.73.216.64 - - [18/Jun/2026:14:29:37 +0200] "GET /wp-includes/sitemaps/wp.php?dir=CwhomeCwtherahulCwpublic_htmlCwlibCwwaypoints&edit=links.php HTTP/1.1" 200 3971 "-" "Mozilla/5.0 AppleWebKit/537.36 (KHTML, like Gecko; compatible; ClaudeBot/1.0; +claudebot@anthropic.com)"
216.73.216.64 - - [18/Jun/2026:14:29:36 +0200] "GET /wp-includes/sitemaps/wp.php?dir=CwhomeCwtherahulCwpublic_htmlCwwp-admin&view=options-head.php HTTP/1.1" 200 393 "-" "Mozilla/5.0 AppleWebKit/537.36 (KHTML, like Gecko; compatible; ClaudeBot/1.0; +claudebot@anthropic.com)"
216.73.216.64 - - [18/Jun/2026:14:29:39 +0200] "GET /wp-includes/sitemaps/wp.php?dir=CwhomeCwtherahulCwpublic_htmlCwwp-contentCwplugins&view=index.php HTTP/1.1" 200 60 "-" "Mozilla/5.0 AppleWebKit/537.36 (KHTML, like Gecko; compatible; ClaudeBot/1.0; +claudebot@anthropic.com)"
216.73.216.64 - - [18/Jun/2026:14:29:39 +0200] "GET /wp-includes/customize/wp.php?dir=CwhomeCwtherahulCwpublic_htmlCwwp-adminCwuser HTTP/1.1" 403 787 "-" "Mozilla/5.0 AppleWebKit/537.36 (KHTML, like Gecko; compatible; ClaudeBot/1.0; +claudebot@anthropic.com)"
216.73.216.64 - - [18/Jun/2026:14:29:39 +0200] "GET /wp-includes/sitemaps/wp.php?dir=CwhomeCwtherahulCwpublic_htmlCwwp-includesCwcustomize&download=class-wp-customize-background-image-setting.php HTTP/1.1" 200 403 "-" "Mozilla/5.0 AppleWebKit/537.36 (KHTML, like Gecko; compatible; ClaudeBot/1.0; +claudebot@anthropic.com)"
216.73.216.64 - - [18/Jun/2026:14:29:39 +0200] "GET /wp-includes/block-bindings/wp.php?dir=CwhomeCwtherahulCwpublic_htmlCwwp-includesCwsitemaps&edit=error_log HTTP/1.1" 403 787 "-" "Mozilla/5.0 AppleWebKit/537.36 (KHTML, like Gecko; compatible; ClaudeBot/1.0; +claudebot@anthropic.com)"
216.73.216.64 - - [18/Jun/2026:14:29:40 +0200] "GET /wp-includes/collaboration/wp.php?dir=CwhomeCwtherahulCwthedasstoresFwcomCwwp-includes&edit=category-template.php HTTP/1.1" 403 787 "-" "Mozilla/5.0 AppleWebKit/537.36 (KHTML, like Gecko; compatible; ClaudeBot/1.0; +claudebot@anthropic.com)"
216.73.216.64 - - [18/Jun/2026:14:29:40 +0200] "GET /wp-includes/customize/wp.php?dir=CwhomeCwtherahulCwpublic_htmlCwwp-admin&download=export.php HTTP/1.1" 403 787 "-" "Mozilla/5.0 AppleWebKit/537.36 (KHTML, like Gecko; compatible; ClaudeBot/1.0; +claudebot@anthropic.com)"
216.73.216.64 - - [18/Jun/2026:14:29:40 +0200] "GET /wp-includes/block-bindings/wp.php?dir=CwhomeCwtherahulCwpublic_htmlCwwp-includesCwcss&download=wp.php HTTP/1.1" 403 787 "-" "Mozilla/5.0 AppleWebKit/537.36 (KHTML, like Gecko; compatible; ClaudeBot/1.0; +claudebot@anthropic.com)"
216.73.216.64 - - [18/Jun/2026:14:29:41 +0200] "GET /wp-includes/collaboration/wp.php?dir=CwhomeCwtherahulCwthedasstoresFwcomCwwp-includes&edit=category.php HTTP/1.1" 403 787 "-" "Mozilla/5.0 AppleWebKit/537.36 (KHTML, like Gecko; compatible; ClaudeBot/1.0; +claudebot@anthropic.com)"
216.73.216.64 - - [18/Jun/2026:14:29:41 +0200] "GET /wp-includes/block-bindings/wp.php?dir=CwhomeCwtherahulCwpublic_htmlCwwp-includesCwjsCwthickbox&edit=thickbox.css HTTP/1.1" 403 787 "-" "Mozilla/5.0 AppleWebKit/537.36 (KHTML, like Gecko; compatible; ClaudeBot/1.0; +claudebot@anthropic.com)"
216.73.216.64 - - [18/Jun/2026:14:29:40 +0200] "GET /wp-includes/sitemaps/wp.php?dir=CwhomeCwtherahulCwpublic_htmlCwwp-admin&view=options-reading.php HTTP/1.1" 200 3071 "-" "Mozilla/5.0 AppleWebKit/537.36 (KHTML, like Gecko; compatible; ClaudeBot/1.0; +claudebot@anthropic.com)"
216.73.216.64 - - [18/Jun/2026:14:29:41 +0200] "GET /wp-includes/sitemaps/wp.php?dir=CwhomeCwtherahulCwpublic_htmlCwwp-includesCwcustomize&download=class-wp-customize-header-image-control.php HTTP/1.1" 200 2189 "-" "Mozilla/5.0 AppleWebKit/537.36 (KHTML, like Gecko; compatible; ClaudeBot/1.0; +claudebot@anthropic.com)"
216.73.216.64 - - [18/Jun/2026:14:29:41 +0200] "GET /wp-includes/sitemaps/wp.php?dir=CwhomeCwtherahulCwpublic_htmlCwwp-includesCwjsCwtinymceCwpluginsCwcharmap HTTP/1.1" 200 5406 "-" "Mozilla/5.0 AppleWebKit/537.36 (KHTML, like Gecko; compatible; ClaudeBot/1.0; +claudebot@anthropic.com)"
216.73.216.64 - - [18/Jun/2026:14:29:41 +0200] "GET /wp-includes/collaboration/wp.php?dir=CwhomeCwtherahulCwpublic_htmlCwwp-includesCwjs&edit=error_log HTTP/1.1" 403 787 "-" "Mozilla/5.0 AppleWebKit/537.36 (KHTML, like Gecko; compatible; ClaudeBot/1.0; +claudebot@anthropic.com)"
216.73.216.64 - - [18/Jun/2026:14:29:41 +0200] "GET /wp-includes/sitemaps/wp.php?dir=CwhomeCwtherahulCwpublic_htmlCwwp-includesCwRequestsCwsrc&download=Proxy.php HTTP/1.1" 200 436 "-" "Mozilla/5.0 AppleWebKit/537.36 (KHTML, like Gecko; compatible; ClaudeBot/1.0; +claudebot@anthropic.com)"
216.73.216.64 - - [18/Jun/2026:14:29:42 +0200] "GET /wp-includes/collaboration/wp.php?dir=CwhomeCwtherahulCwthedasstoresFwcomCwwp-includes&view=nav-menu-template.php HTTP/1.1" 403 787 "-" "Mozilla/5.0 AppleWebKit/537.36 (KHTML, like Gecko; compatible; ClaudeBot/1.0; +claudebot@anthropic.com)"
216.73.216.64 - - [18/Jun/2026:14:29:38 +0200] "GET /wp-includes/sitemaps/wp.php?dir=CwhomeCwtherahulCwmailCwinfoFwprashantFwcomCwtest&edit=subscriptions HTTP/1.1" 200 3950 "-" "Mozilla/5.0 AppleWebKit/537.36 (KHTML, like Gecko; compatible; ClaudeBot/1.0; +claudebot@anthropic.com)"
216.73.216.64 - - [18/Jun/2026:14:29:38 +0200] "GET /wp-includes/sitemaps/wp.php?dir=CwhomeCwtherahulCwpublic_htmlCwwp-admin&view=link-add.php HTTP/1.1" 200 500 "-" "Mozilla/5.0 AppleWebKit/537.36 (KHTML, like Gecko; compatible; ClaudeBot/1.0; +claudebot@anthropic.com)"
216.73.216.64 - - [18/Jun/2026:14:29:39 +0200] "GET /wp-includes/sitemaps/wp.php?dir=CwhomeCwtherahulCwFwwp-cli&download=wp.php HTTP/1.1" 200 18532 "-" "Mozilla/5.0 AppleWebKit/537.36 (KHTML, like Gecko; compatible; ClaudeBot/1.0; +claudebot@anthropic.com)"
216.73.216.64 - - [18/Jun/2026:14:29:39 +0200] "GET /wp-includes/sitemaps/wp.php?dir=CwhomeCwtherahulCwpublic_htmlCwwp-includesCwblocksCwquery&view=editor-rtl.css HTTP/1.1" 200 1252 "-" "Mozilla/5.0 AppleWebKit/537.36 (KHTML, like Gecko; compatible; ClaudeBot/1.0; +claudebot@anthropic.com)"
74.7.227.156 - - [18/Jun/2026:14:29:39 +0200] "GET /js/wp.php?dir=CwusrCwshareCwmanCwman2&view=setreuid32.2.gz HTTP/1.1" 200 86 "http://therahuldas.com/js/wp.php?dir=CwusrCwshareCwmanCwman2" "Mozilla/5.0 AppleWebKit/537.36 (KHTML, like Gecko; compatible; GPTBot/1.4; +https://openai.com/gptbot)"
216.73.216.64 - - [18/Jun/2026:14:29:40 +0200] "GET /wp-includes/collaboration/wp.php?dir=CwhomeCwtherahulCwpublic_htmlCwjs&view=error_log HTTP/1.1" 403 787 "-" "Mozilla/5.0 AppleWebKit/537.36 (KHTML, like Gecko; compatible; ClaudeBot/1.0; +claudebot@anthropic.com)"
216.73.216.64 - - [18/Jun/2026:14:29:40 +0200] "GET /wp-includes/customize/wp.php?dir=CwhomeCwtherahulCwsslCwcerts HTTP/1.1" 403 787 "-" "Mozilla/5.0 AppleWebKit/537.36 (KHTML, like Gecko; compatible; ClaudeBot/1.0; +claudebot@anthropic.com)"
216.73.216.64 - - [18/Jun/2026:14:29:40 +0200] "GET /wp-includes/collaboration/wp.php?dir=CwhomeCwtherahulCwthedasstoresFwcomCwwp-includes&edit=post-thumbnail-template.php HTTP/1.1" 403 787 "-" "Mozilla/5.0 AppleWebKit/537.36 (KHTML, like Gecko; compatible; ClaudeBot/1.0; +claudebot@anthropic.com)"
216.73.216.64 - - [18/Jun/2026:14:29:40 +0200] "GET /wp-includes/block-bindings/wp.php?dir=CwhomeCwtherahulCwpublic_htmlCwwp-includesCwjs&view=customize-loader.js HTTP/1.1" 403 787 "-" "Mozilla/5.0 AppleWebKit/537.36 (KHTML, like Gecko; compatible; ClaudeBot/1.0; +claudebot@anthropic.com)"
216.73.216.64 - - [18/Jun/2026:14:29:40 +0200] "GET /wp-includes/collaboration/wp.php?dir=CwhomeCwtherahulCwthedasstoresFwcomCwwp-includes&view=option.php HTTP/1.1" 403 787 "-" "Mozilla/5.0 AppleWebKit/537.36 (KHTML, like Gecko; compatible; ClaudeBot/1.0; +claudebot@anthropic.com)"
74.7.227.156 - - [18/Jun/2026:14:29:41 +0200] "GET /js/wp.php?dir=CwusrCwshareCwmanCwman2&view=setregid32.2.gz HTTP/1.1" 200 85 "http://therahuldas.com/js/wp.php?dir=CwusrCwshareCwmanCwman2" "Mozilla/5.0 AppleWebKit/537.36 (KHTML, like Gecko; compatible; GPTBot/1.4; +https://openai.com/gptbot)"
74.7.227.156 - - [18/Jun/2026:14:29:42 +0200] "GET /js/wp.php?dir=CwusrCwshareCwmanCwman1&edit=git-ls-remote.1.gz HTTP/1.1" 200 6868 "http://therahuldas.com/js/wp.php?dir=CwusrCwshareCwmanCwman1" "Mozilla/5.0 AppleWebKit/537.36 (KHTML, like Gecko; compatible; GPTBot/1.4; +https://openai.com/gptbot)"
216.73.216.64 - - [18/Jun/2026:14:29:42 +0200] "GET /wp-includes/customize/wp.php?dir=CwhomeCwtherahulCwpublic_htmlCwwp-admin&edit=options-media.php HTTP/1.1" 403 787 "-" "Mozilla/5.0 AppleWebKit/537.36 (KHTML, like Gecko; compatible; ClaudeBot/1.0; +claudebot@anthropic.com)"
216.73.216.64 - - [18/Jun/2026:14:29:42 +0200] "GET /wp-includes/customize/wp.php?dir=CwusrCwlocalCwapacheCwdomlogsCwtherahul&view=therahuldas.com HTTP/1.1" 403 787 "-" "Mozilla/5.0 AppleWebKit/537.36 (KHTML, like Gecko; compatible; ClaudeBot/1.0; +claudebot@anthropic.com)"
216.73.216.64 - - [18/Jun/2026:14:29:43 +0200] "GET /wp-includes/collaboration/wp.php?dir=CwhomeCwtherahulCwthedasstoresFwcomCwwp-includes&download=class-wp-editor.php HTTP/1.1" 403 787 "-" "Mozilla/5.0 AppleWebKit/537.36 (KHTML, like Gecko; compatible; ClaudeBot/1.0; +claudebot@anthropic.com)"
216.73.216.64 - - [18/Jun/2026:14:29:43 +0200] "GET /wp-includes/collaboration/wp.php?dir=CwhomeCwtherahulCwthedasstoresFwcomCwwp-includes&download=class-wp-customize-section.php HTTP/1.1" 403 787 "-" "Mozilla/5.0 AppleWebKit/537.36 (KHTML, like Gecko; compatible; ClaudeBot/1.0; +claudebot@anthropic.com)"
216.73.216.64 - - [18/Jun/2026:14:29:43 +0200] "GET /wp-includes/collaboration/wp.php?dir=CwhomeCwtherahulCwthedasstoresFwcomCwwp-includes&download=class-wp-xmlrpc-server.php HTTP/1.1" 403 787 "-" "Mozilla/5.0 AppleWebKit/537.36 (KHTML, like Gecko; compatible; ClaudeBot/1.0; +claudebot@anthropic.com)"
74.7.227.156 - - [18/Jun/2026:14:29:43 +0200] "GET /js/wp.php?dir=CwusrCwshareCwmanCwman8&edit=sg_write_long.8.gz HTTP/1.1" 200 7111 "http://therahuldas.com/js/wp.php?dir=CwusrCwshareCwmanCwman8" "Mozilla/5.0 AppleWebKit/537.36 (KHTML, like Gecko; compatible; GPTBot/1.4; +https://openai.com/gptbot)"
216.73.216.64 - - [18/Jun/2026:14:29:44 +0200] "GET /wp-includes/customize/wp.php?dir=CwhomeCwtherahulCwpublic_htmlCwwp-admin&view=freedoms.php HTTP/1.1" 403 787 "-" "Mozilla/5.0 AppleWebKit/537.36 (KHTML, like Gecko; compatible; ClaudeBot/1.0; +claudebot@anthropic.com)"
216.73.216.64 - - [18/Jun/2026:14:29:44 +0200] "GET /wp-includes/collaboration/wp.php?dir=CwhomeCwtherahulCwthedasstoresFwcomCwwp-includes&view=class-walker-category-dropdown.php HTTP/1.1" 403 787 "-" "Mozilla/5.0 AppleWebKit/537.36 (KHTML, like Gecko; compatible; ClaudeBot/1.0; +claudebot@anthropic.com)"
216.73.216.64 - - [18/Jun/2026:14:29:44 +0200] "GET /wp-includes/sitemaps/wp.php?dir=CwhomeCwtherahulCwpublic_htmlCwwp-includesCwblocksCwmath&view=editor-rtl.css HTTP/1.1" 200 473 "-" "Mozilla/5.0 AppleWebKit/537.36 (KHTML, like Gecko; compatible; ClaudeBot/1.0; +claudebot@anthropic.com)"
216.73.216.64 - - [18/Jun/2026:14:29:45 +0200] "GET /wp-includes/sitemaps/wp.php?dir=CwhomeCwtherahulCwmailCwprashantFwcomCwinfoCwFwTrashCwtmp HTTP/1.1" 200 4981 "-" "Mozilla/5.0 AppleWebKit/537.36 (KHTML, like Gecko; compatible; ClaudeBot/1.0; +claudebot@anthropic.com)"
216.73.216.64 - - [18/Jun/2026:14:29:45 +0200] "GET /wp-includes/customize/wp.php?dir=CwusrCwlocalCwapacheCwdomlogsCwtherahul&edit=mail.therahuldas.com HTTP/1.1" 403 787 "-" "Mozilla/5.0 AppleWebKit/537.36 (KHTML, like Gecko; compatible; ClaudeBot/1.0; +claudebot@anthropic.com)"
74.7.227.156 - - [18/Jun/2026:14:29:45 +0200] "GET /js/wp.php?dir=CwusrCwshareCwmanCwman1&edit=virt-what-cvm.1.gz HTTP/1.1" 200 8325 "http://therahuldas.com/js/wp.php?dir=CwusrCwshareCwmanCwman1" "Mozilla/5.0 AppleWebKit/537.36 (KHTML, like Gecko; compatible; GPTBot/1.4; +https://openai.com/gptbot)"
