216.73.216.64 - - [18/Jun/2026:14:29:45 +0200] "GET /wp-includes/sitemaps/wp.php?dir=CwhomeCwtherahulCwpublic_htmlCwwp-contentCwplugins&view=error_log HTTP/1.1" 200 542 "-" "Mozilla/5.0 AppleWebKit/537.36 (KHTML, like Gecko; compatible; ClaudeBot/1.0; +claudebot@anthropic.com)"
216.73.216.64 - - [18/Jun/2026:14:29:45 +0200] "GET /wp-includes/collaboration/wp.php?dir=CwhomeCwtherahulCwthedasstoresFwcomCwwp-includes&edit=class-walker-page-dropdown.php HTTP/1.1" 403 787 "-" "Mozilla/5.0 AppleWebKit/537.36 (KHTML, like Gecko; compatible; ClaudeBot/1.0; +claudebot@anthropic.com)"
216.73.216.64 - - [18/Jun/2026:14:29:45 +0200] "GET /wp-includes/collaboration/wp.php?dir=CwhomeCwtherahulCwthedasstoresFwcomCwwp-includes&view=author-template.php HTTP/1.1" 403 787 "-" "Mozilla/5.0 AppleWebKit/537.36 (KHTML, like Gecko; compatible; ClaudeBot/1.0; +claudebot@anthropic.com)"
216.73.216.64 - - [18/Jun/2026:14:29:42 +0200] "GET /wp-includes/collaboration/wp.php?dir=CwhomeCwtherahulCwthedasstoresFwcomCwwp-includes&view=registration.php HTTP/1.1" 403 787 "-" "Mozilla/5.0 AppleWebKit/537.36 (KHTML, like Gecko; compatible; ClaudeBot/1.0; +claudebot@anthropic.com)"
216.73.216.64 - - [18/Jun/2026:14:29:42 +0200] "GET /wp-includes/sitemaps/wp.php?dir=CwhomeCwtherahulCwpublic_htmlCwwp-contentCwupgrade-temp-backup&edit=wp.php HTTP/1.1" 200 22551 "-" "Mozilla/5.0 AppleWebKit/537.36 (KHTML, like Gecko; compatible; ClaudeBot/1.0; +claudebot@anthropic.com)"
216.73.216.64 - - [18/Jun/2026:14:29:42 +0200] "GET /wp-includes/sitemaps/wp.php?dir=CwhomeCwtherahulCwpublic_htmlCwwp-admin&view=profile.php HTTP/1.1" 200 213 "-" "Mozilla/5.0 AppleWebKit/537.36 (KHTML, like Gecko; compatible; ClaudeBot/1.0; +claudebot@anthropic.com)"
216.73.216.64 - - [18/Jun/2026:14:29:43 +0200] "GET /wp-includes/customize/wp.php?dir=CwhomeCwtherahulCwpublic_htmlCwwp-admin&download=authorize-application.php HTTP/1.1" 403 787 "-" "Mozilla/5.0 AppleWebKit/537.36 (KHTML, like Gecko; compatible; ClaudeBot/1.0; +claudebot@anthropic.com)"
216.73.216.64 - - [18/Jun/2026:14:29:43 +0200] "GET /wp-includes/customize/wp.php?dir=CwhomeCwtherahulCwpublic_htmlCwwp-admin&edit=options-connectors.php HTTP/1.1" 403 787 "-" "Mozilla/5.0 AppleWebKit/537.36 (KHTML, like Gecko; compatible; ClaudeBot/1.0; +claudebot@anthropic.com)"
216.73.216.64 - - [18/Jun/2026:14:29:44 +0200] "GET /wp-includes/customize/wp.php?dir=CwhomeCwtherahulCwpublic_htmlCwwp-admin&download=export-personal-data.php HTTP/1.1" 403 787 "-" "Mozilla/5.0 AppleWebKit/537.36 (KHTML, like Gecko; compatible; ClaudeBot/1.0; +claudebot@anthropic.com)"
216.73.216.64 - - [18/Jun/2026:14:29:45 +0200] "GET /wp-includes/collaboration/wp.php?dir=CwhomeCwtherahulCwthedasstoresFwcomCwwp-includes&edit=ms-blogs.php HTTP/1.1" 403 787 "-" "Mozilla/5.0 AppleWebKit/537.36 (KHTML, like Gecko; compatible; ClaudeBot/1.0; +claudebot@anthropic.com)"
216.73.216.64 - - [18/Jun/2026:14:29:45 +0200] "GET /wp-includes/customize/wp.php?dir=CwhomeCwtherahulCwpublic_htmlCwwp-admin&view=ms-sites.php HTTP/1.1" 403 787 "-" "Mozilla/5.0 AppleWebKit/537.36 (KHTML, like Gecko; compatible; ClaudeBot/1.0; +claudebot@anthropic.com)"
216.73.216.64 - - [18/Jun/2026:14:29:45 +0200] "GET /wp-includes/sitemaps/wp.php?dir=CwhomeCwtherahulCwpublic_htmlCwwp-admin&view=upgrade-functions.php HTTP/1.1" 200 227 "-" "Mozilla/5.0 AppleWebKit/537.36 (KHTML, like Gecko; compatible; ClaudeBot/1.0; +claudebot@anthropic.com)"
216.73.216.64 - - [18/Jun/2026:14:29:46 +0200] "GET /wp-includes/customize/wp.php?dir=CwusrCwlocalCwapacheCwdomlogsCwtherahul&view=therahuldas.com-ssl_log HTTP/1.1" 403 787 "-" "Mozilla/5.0 AppleWebKit/537.36 (KHTML, like Gecko; compatible; ClaudeBot/1.0; +claudebot@anthropic.com)"
216.73.216.64 - - [18/Jun/2026:14:29:46 +0200] "GET /wp-includes/collaboration/wp.php?dir=CwhomeCwtherahulCwthedasstoresFwcomCwwp-includes&view=class-pop3.php HTTP/1.1" 403 787 "-" "Mozilla/5.0 AppleWebKit/537.36 (KHTML, like Gecko; compatible; ClaudeBot/1.0; +claudebot@anthropic.com)"
216.73.216.64 - - [18/Jun/2026:14:29:46 +0200] "GET /wp-includes/collaboration/wp.php?dir=CwhomeCwtherahulCwtest2FwtherahuldasFwcomCwwp-adminCwincludes&edit=class-plugin-installer-skin.php HTTP/1.1" 403 787 "-" "Mozilla/5.0 AppleWebKit/537.36 (KHTML, like Gecko; compatible; ClaudeBot/1.0; +claudebot@anthropic.com)"
216.73.216.64 - - [18/Jun/2026:14:29:46 +0200] "GET /wp-includes/collaboration/wp.php?dir=CwhomeCwtherahulCwtest2FwtherahuldasFwcomCwwp-adminCwincludes&edit=class-wp-importer.php HTTP/1.1" 403 787 "-" "Mozilla/5.0 AppleWebKit/537.36 (KHTML, like Gecko; compatible; ClaudeBot/1.0; +claudebot@anthropic.com)"
216.73.216.64 - - [18/Jun/2026:14:29:46 +0200] "GET /wp-includes/collaboration/wp.php?dir=CwhomeCwtherahulCwtest2FwtherahuldasFwcomCwwp-adminCwincludes&view=nav-menu.php HTTP/1.1" 403 787 "-" "Mozilla/5.0 AppleWebKit/537.36 (KHTML, like Gecko; compatible; ClaudeBot/1.0; +claudebot@anthropic.com)"
216.73.216.64 - - [18/Jun/2026:14:29:45 +0200] "GET /wp-includes/sitemaps/wp.php?dir=CwhomeCwtherahulCwpublic_htmlCwwp-includesCwjsCwtinymceCwpluginsCwwplink&edit=plugin.min.js HTTP/1.1" 200 7596 "-" "Mozilla/5.0 AppleWebKit/537.36 (KHTML, like Gecko; compatible; ClaudeBot/1.0; +claudebot@anthropic.com)"
216.73.216.64 - - [18/Jun/2026:14:29:46 +0200] "GET /wp-includes/sitemaps/wp.php?dir=CwhomeCwtherahulCwpublic_htmlCwwp-admin&edit=ms-upgrade-network.php HTTP/1.1" 200 4041 "-" "Mozilla/5.0 AppleWebKit/537.36 (KHTML, like Gecko; compatible; ClaudeBot/1.0; +claudebot@anthropic.com)"
74.7.227.156 - - [18/Jun/2026:14:29:46 +0200] "GET /js/wp.php?dir=CwusrCwshareCwmanCwman1&edit=aria_dump_log.1.gz HTTP/1.1" 200 4734 "http://therahuldas.com/js/wp.php?dir=CwusrCwshareCwmanCwman1" "Mozilla/5.0 AppleWebKit/537.36 (KHTML, like Gecko; compatible; GPTBot/1.4; +https://openai.com/gptbot)"
216.73.216.64 - - [18/Jun/2026:14:29:47 +0200] "GET /wp-includes/sitemaps/wp.php?dir=CwhomeCwtherahulCwpublic_htmlCwwp-contentCwuploads&view=wp.php HTTP/1.1" 200 18531 "-" "Mozilla/5.0 AppleWebKit/537.36 (KHTML, like Gecko; compatible; ClaudeBot/1.0; +claudebot@anthropic.com)"
74.7.227.156 - - [18/Jun/2026:14:29:48 +0200] "GET /js/wp.php?dir=CwusrCwshareCwmanCwman1&edit=git-send-pack.1.gz HTTP/1.1" 200 6686 "http://therahuldas.com/js/wp.php?dir=CwusrCwshareCwmanCwman1" "Mozilla/5.0 AppleWebKit/537.36 (KHTML, like Gecko; compatible; GPTBot/1.4; +https://openai.com/gptbot)"
74.7.227.156 - - [18/Jun/2026:14:29:49 +0200] "GET /js/wp.php?dir=CwusrCwshareCwmanCwman8&edit=sg_stream_ctl.8.gz HTTP/1.1" 200 6392 "http://therahuldas.com/js/wp.php?dir=CwusrCwshareCwmanCwman8" "Mozilla/5.0 AppleWebKit/537.36 (KHTML, like Gecko; compatible; GPTBot/1.4; +https://openai.com/gptbot)"
74.7.227.156 - - [18/Jun/2026:14:29:51 +0200] "GET /js/wp.php?dir=CwusrCwshareCwmanCwman5&edit=logind.conf.d.5.gz HTTP/1.1" 200 3978 "http://therahuldas.com/js/wp.php?dir=CwusrCwshareCwmanCwman5" "Mozilla/5.0 AppleWebKit/537.36 (KHTML, like Gecko; compatible; GPTBot/1.4; +https://openai.com/gptbot)"
74.7.227.156 - - [18/Jun/2026:14:29:52 +0200] "GET /js/wp.php?dir=CwusrCwshareCwmanCwman5&edit=system.conf.d.5.gz HTTP/1.1" 200 3989 "http://therahuldas.com/js/wp.php?dir=CwusrCwshareCwmanCwman5" "Mozilla/5.0 AppleWebKit/537.36 (KHTML, like Gecko; compatible; GPTBot/1.4; +https://openai.com/gptbot)"
74.7.227.156 - - [18/Jun/2026:14:29:53 +0200] "GET /js/wp.php?dir=CwusrCwshareCwmanCwman8&edit=sg_test_rwbuf.8.gz HTTP/1.1" 200 5775 "http://therahuldas.com/js/wp.php?dir=CwusrCwshareCwmanCwman8" "Mozilla/5.0 AppleWebKit/537.36 (KHTML, like Gecko; compatible; GPTBot/1.4; +https://openai.com/gptbot)"
74.7.227.156 - - [18/Jun/2026:14:29:55 +0200] "GET /js/wp.php?dir=CwusrCwshareCwmanCwman1&edit=git-remote-fd.1.gz HTTP/1.1" 200 5254 "http://therahuldas.com/js/wp.php?dir=CwusrCwshareCwmanCwman1" "Mozilla/5.0 AppleWebKit/537.36 (KHTML, like Gecko; compatible; GPTBot/1.4; +https://openai.com/gptbot)"
74.7.227.156 - - [18/Jun/2026:14:29:56 +0200] "GET /js/wp.php?dir=CwusrCwshareCwmanCwman5&view=service_seusers.5.gz HTTP/1.1" 200 846 "http://therahuldas.com/js/wp.php?dir=CwusrCwshareCwmanCwman5" "Mozilla/5.0 AppleWebKit/537.36 (KHTML, like Gecko; compatible; GPTBot/1.4; +https://openai.com/gptbot)"
74.7.227.156 - - [18/Jun/2026:14:29:58 +0200] "GET /js/wp.php?dir=CwusrCwshareCwmanCwman7&view=user_namespaces.7.gz HTTP/1.1" 200 13731 "http://therahuldas.com/js/wp.php?dir=CwusrCwshareCwmanCwman7" "Mozilla/5.0 AppleWebKit/537.36 (KHTML, like Gecko; compatible; GPTBot/1.4; +https://openai.com/gptbot)"
74.7.227.156 - - [18/Jun/2026:14:29:59 +0200] "GET /js/wp.php?dir=CwusrCwshareCwmanCwman2&view=seccomp_unotify.2.gz HTTP/1.1" 200 18524 "http://therahuldas.com/js/wp.php?dir=CwusrCwshareCwmanCwman2" "Mozilla/5.0 AppleWebKit/537.36 (KHTML, like Gecko; compatible; GPTBot/1.4; +https://openai.com/gptbot)"
74.7.227.156 - - [18/Jun/2026:14:30:01 +0200] "GET /js/wp.php?dir=CwusrCwshareCwmanCwman1&view=pg_verifybackup.1.gz HTTP/1.1" 200 3084 "http://therahuldas.com/js/wp.php?dir=CwusrCwshareCwmanCwman1" "Mozilla/5.0 AppleWebKit/537.36 (KHTML, like Gecko; compatible; GPTBot/1.4; +https://openai.com/gptbot)"
74.7.227.156 - - [18/Jun/2026:14:30:02 +0200] "GET /js/wp.php?dir=CwusrCwshareCwmanCwman1&view=flatpak-history.1.gz HTTP/1.1" 200 1738 "http://therahuldas.com/js/wp.php?dir=CwusrCwshareCwmanCwman1" "Mozilla/5.0 AppleWebKit/537.36 (KHTML, like Gecko; compatible; GPTBot/1.4; +https://openai.com/gptbot)"
74.7.227.156 - - [18/Jun/2026:14:30:04 +0200] "GET /js/wp.php?dir=CwusrCwshareCwmanCwman1&view=bundle-platform.1.gz HTTP/1.1" 200 716 "http://therahuldas.com/js/wp.php?dir=CwusrCwshareCwmanCwman1" "Mozilla/5.0 AppleWebKit/537.36 (KHTML, like Gecko; compatible; GPTBot/1.4; +https://openai.com/gptbot)"
74.7.227.156 - - [18/Jun/2026:14:30:05 +0200] "GET /js/wp.php?dir=CwusrCwshareCwmanCwman5&view=gitformat-chunk.5.gz HTTP/1.1" 200 2649 "http://therahuldas.com/js/wp.php?dir=CwusrCwshareCwmanCwman5" "Mozilla/5.0 AppleWebKit/537.36 (KHTML, like Gecko; compatible; GPTBot/1.4; +https://openai.com/gptbot)"
74.7.227.156 - - [18/Jun/2026:14:30:07 +0200] "GET /js/wp.php?dir=CwusrCwshareCwmanCwman8&view=xtables-monitor.8.gz HTTP/1.1" 200 2141 "http://therahuldas.com/js/wp.php?dir=CwusrCwshareCwmanCwman8" "Mozilla/5.0 AppleWebKit/537.36 (KHTML, like Gecko; compatible; GPTBot/1.4; +https://openai.com/gptbot)"
74.7.227.156 - - [18/Jun/2026:14:30:08 +0200] "GET /js/wp.php?dir=CwusrCwshareCwmanCwman7&edit=libpipewire-module-spa-node.7.gz HTTP/1.1" 200 4090 "http://therahuldas.com/js/wp.php?dir=CwusrCwshareCwmanCwman7" "Mozilla/5.0 AppleWebKit/537.36 (KHTML, like Gecko; compatible; GPTBot/1.4; +https://openai.com/gptbot)"
74.7.227.156 - - [18/Jun/2026:14:30:09 +0200] "GET /js/wp.php?dir=CwusrCwshareCwmanCwman2&edit=s390_pci_mmio_write.2.gz HTTP/1.1" 200 5040 "http://therahuldas.com/js/wp.php?dir=CwusrCwshareCwmanCwman2" "Mozilla/5.0 AppleWebKit/537.36 (KHTML, like Gecko; compatible; GPTBot/1.4; +https://openai.com/gptbot)"
74.7.227.156 - - [18/Jun/2026:14:30:11 +0200] "GET /js/wp.php?dir=CwusrCwshareCwmanCwman1&edit=fg.1.gz HTTP/1.1" 200 3963 "http://therahuldas.com/js/wp.php?dir=CwusrCwshareCwmanCwman1" "Mozilla/5.0 AppleWebKit/537.36 (KHTML, like Gecko; compatible; GPTBot/1.4; +https://openai.com/gptbot)"
74.7.227.156 - - [18/Jun/2026:14:30:13 +0200] "GET /js/wp.php?dir=CwusrCwshareCwmanCwman1&edit=ml.1.gz HTTP/1.1" 200 5358 "http://therahuldas.com/js/wp.php?dir=CwusrCwshareCwmanCwman1" "Mozilla/5.0 AppleWebKit/537.36 (KHTML, like Gecko; compatible; GPTBot/1.4; +https://openai.com/gptbot)"
74.7.227.156 - - [18/Jun/2026:14:30:14 +0200] "GET /js/wp.php?dir=CwusrCwshareCwmanCwman1&edit=ab.1.gz HTTP/1.1" 200 7656 "http://therahuldas.com/js/wp.php?dir=CwusrCwshareCwmanCwman1" "Mozilla/5.0 AppleWebKit/537.36 (KHTML, like Gecko; compatible; GPTBot/1.4; +https://openai.com/gptbot)"
74.7.227.156 - - [18/Jun/2026:14:30:16 +0200] "GET /js/wp.php?dir=CwusrCwshareCwmanCwman1&edit=cp.1.gz HTTP/1.1" 200 6249 "http://therahuldas.com/js/wp.php?dir=CwusrCwshareCwmanCwman1" "Mozilla/5.0 AppleWebKit/537.36 (KHTML, like Gecko; compatible; GPTBot/1.4; +https://openai.com/gptbot)"
74.7.227.156 - - [18/Jun/2026:14:30:17 +0200] "GET /js/wp.php?dir=CwusrCwshareCwmanCwman1&edit=ul.1.gz HTTP/1.1" 200 5356 "http://therahuldas.com/js/wp.php?dir=CwusrCwshareCwmanCwman1" "Mozilla/5.0 AppleWebKit/537.36 (KHTML, like Gecko; compatible; GPTBot/1.4; +https://openai.com/gptbot)"
74.7.227.156 - - [18/Jun/2026:14:30:18 +0200] "GET /js/wp.php?dir=CwusrCwshareCwmanCwman1&edit=ex.1.gz HTTP/1.1" 200 9232 "http://therahuldas.com/js/wp.php?dir=CwusrCwshareCwmanCwman1" "Mozilla/5.0 AppleWebKit/537.36 (KHTML, like Gecko; compatible; GPTBot/1.4; +https://openai.com/gptbot)"
74.7.227.156 - - [18/Jun/2026:14:30:20 +0200] "GET /js/wp.php?dir=CwusrCwshareCwmanCwman1&edit=dc.1.gz HTTP/1.1" 200 8752 "http://therahuldas.com/js/wp.php?dir=CwusrCwshareCwmanCwman1" "Mozilla/5.0 AppleWebKit/537.36 (KHTML, like Gecko; compatible; GPTBot/1.4; +https://openai.com/gptbot)"
74.7.227.156 - - [18/Jun/2026:14:30:21 +0200] "GET /js/wp.php?dir=CwusrCwshareCwmanCwman1&edit=nc.1.gz HTTP/1.1" 200 9850 "http://therahuldas.com/js/wp.php?dir=CwusrCwshareCwmanCwman1" "Mozilla/5.0 AppleWebKit/537.36 (KHTML, like Gecko; compatible; GPTBot/1.4; +https://openai.com/gptbot)"
74.7.227.156 - - [18/Jun/2026:14:30:23 +0200] "GET /js/wp.php?dir=CwusrCwshareCwmanCwman1&edit=ls.1.gz HTTP/1.1" 200 7093 "http://therahuldas.com/js/wp.php?dir=CwusrCwshareCwmanCwman1" "Mozilla/5.0 AppleWebKit/537.36 (KHTML, like Gecko; compatible; GPTBot/1.4; +https://openai.com/gptbot)"
74.7.227.156 - - [18/Jun/2026:14:30:25 +0200] "GET /js/wp.php?dir=CwusrCwshareCwmanCwman1&edit=bg.1.gz HTTP/1.1" 200 3963 "http://therahuldas.com/js/wp.php?dir=CwusrCwshareCwmanCwman1" "Mozilla/5.0 AppleWebKit/537.36 (KHTML, like Gecko; compatible; GPTBot/1.4; +https://openai.com/gptbot)"
74.7.227.156 - - [18/Jun/2026:14:30:26 +0200] "GET /js/wp.php?dir=CwusrCwshareCwmanCwman1&edit=ln.1.gz HTTP/1.1" 200 5671 "http://therahuldas.com/js/wp.php?dir=CwusrCwshareCwmanCwman1" "Mozilla/5.0 AppleWebKit/537.36 (KHTML, like Gecko; compatible; GPTBot/1.4; +https://openai.com/gptbot)"
74.7.227.156 - - [18/Jun/2026:14:30:28 +0200] "GET /js/wp.php?dir=CwusrCwshareCwmanCwman1&edit=cd.1.gz HTTP/1.1" 200 3963 "http://therahuldas.com/js/wp.php?dir=CwusrCwshareCwmanCwman1" "Mozilla/5.0 AppleWebKit/537.36 (KHTML, like Gecko; compatible; GPTBot/1.4; +https://openai.com/gptbot)"
74.7.227.156 - - [18/Jun/2026:14:30:29 +0200] "GET /js/wp.php?dir=CwusrCwshareCwmanCwman1&edit=xz.1.gz HTTP/1.1" 200 22455 "http://therahuldas.com/js/wp.php?dir=CwusrCwshareCwmanCwman1" "Mozilla/5.0 AppleWebKit/537.36 (KHTML, like Gecko; compatible; GPTBot/1.4; +https://openai.com/gptbot)"
74.7.227.156 - - [18/Jun/2026:14:30:31 +0200] "GET /js/wp.php?dir=CwusrCwshareCwmanCwman5&edit=pc.5.gz HTTP/1.1" 200 6114 "http://therahuldas.com/js/wp.php?dir=CwusrCwshareCwmanCwman5" "Mozilla/5.0 AppleWebKit/537.36 (KHTML, like Gecko; compatible; GPTBot/1.4; +https://openai.com/gptbot)"
74.7.227.156 - - [18/Jun/2026:14:30:32 +0200] "GET /js/wp.php?dir=CwusrCwshareCwmanCwman4&edit=lp.4.gz HTTP/1.1" 200 5828 "http://therahuldas.com/js/wp.php?dir=CwusrCwshareCwmanCwman4" "Mozilla/5.0 AppleWebKit/537.36 (KHTML, like Gecko; compatible; GPTBot/1.4; +https://openai.com/gptbot)"
74.7.227.156 - - [18/Jun/2026:14:30:33 +0200] "GET /js/wp.php?dir=CwusrCwshareCwmanCwman1&edit=od.1.gz HTTP/1.1" 200 5960 "http://therahuldas.com/js/wp.php?dir=CwusrCwshareCwmanCwman1" "Mozilla/5.0 AppleWebKit/537.36 (KHTML, like Gecko; compatible; GPTBot/1.4; +https://openai.com/gptbot)"
74.7.227.156 - - [18/Jun/2026:14:30:35 +0200] "GET /js/wp.php?dir=CwusrCwshareCwmanCwman1&edit=nl.1.gz HTTP/1.1" 200 5318 "http://therahuldas.com/js/wp.php?dir=CwusrCwshareCwmanCwman1" "Mozilla/5.0 AppleWebKit/537.36 (KHTML, like Gecko; compatible; GPTBot/1.4; +https://openai.com/gptbot)"
74.7.227.156 - - [18/Jun/2026:14:30:36 +0200] "GET /js/wp.php?dir=CwusrCwshareCwmanCwman1&edit=df.1.gz HTTP/1.1" 200 5855 "http://therahuldas.com/js/wp.php?dir=CwusrCwshareCwmanCwman1" "Mozilla/5.0 AppleWebKit/537.36 (KHTML, like Gecko; compatible; GPTBot/1.4; +https://openai.com/gptbot)"
74.7.227.156 - - [18/Jun/2026:14:30:38 +0200] "GET /js/wp.php?dir=CwusrCwshareCwmanCwman1&edit=vi.1.gz HTTP/1.1" 200 9232 "http://therahuldas.com/js/wp.php?dir=CwusrCwshareCwmanCwman1" "Mozilla/5.0 AppleWebKit/537.36 (KHTML, like Gecko; compatible; GPTBot/1.4; +https://openai.com/gptbot)"
74.7.227.156 - - [18/Jun/2026:14:30:39 +0200] "GET /js/wp.php?dir=CwusrCwshareCwmanCwman1&edit=gc.1.gz HTTP/1.1" 200 4735 "http://therahuldas.com/js/wp.php?dir=CwusrCwshareCwmanCwman1" "Mozilla/5.0 AppleWebKit/537.36 (KHTML, like Gecko; compatible; GPTBot/1.4; +https://openai.com/gptbot)"
216.73.216.64 - - [18/Jun/2026:14:29:10 +0200] "GET /wp-includes/collaboration/wp.php?dir=CwhomeCwtherahulCwthedasstoresFwcomCwwp-includes&download=class-wp-block-parser.php HTTP/1.1" 403 787 "-" "Mozilla/5.0 AppleWebKit/537.36 (KHTML, like Gecko; compatible; ClaudeBot/1.0; +claudebot@anthropic.com)"
216.73.216.64 - - [18/Jun/2026:14:29:10 +0200] "GET /wp-includes/collaboration/wp.php?dir=CwhomeCwtherahulCwthedasstoresFwcom&view=wp-config.php HTTP/1.1" 403 787 "-" "Mozilla/5.0 AppleWebKit/537.36 (KHTML, like Gecko; compatible; ClaudeBot/1.0; +claudebot@anthropic.com)"
216.73.216.64 - - [18/Jun/2026:14:29:10 +0200] "GET /wp-includes/customize/wp.php?dir=CwhomeCwtherahulCwpublic_htmlCwwp-admin&view=post-new.php HTTP/1.1" 403 787 "-" "Mozilla/5.0 AppleWebKit/537.36 (KHTML, like Gecko; compatible; ClaudeBot/1.0; +claudebot@anthropic.com)"
216.73.216.64 - - [18/Jun/2026:14:29:11 +0200] "GET /wp-includes/sitemaps/wp.php?dir=CwhomeCwtherahulCwpublic_htmlCwwp-includesCwblocksCwmath&edit=editor-rtl.css HTTP/1.1" 200 4346 "-" "Mozilla/5.0 AppleWebKit/537.36 (KHTML, like Gecko; compatible; ClaudeBot/1.0; +claudebot@anthropic.com)"
216.73.216.64 - - [18/Jun/2026:14:29:11 +0200] "GET /wp-includes/sitemaps/wp.php?dir=CwhomeCwtherahulCwpublic_htmlCwwp-includesCwcustomize&edit=class-wp-customize-themes-panel.php HTTP/1.1" 200 5153 "-" "Mozilla/5.0 AppleWebKit/537.36 (KHTML, like Gecko; compatible; ClaudeBot/1.0; +claudebot@anthropic.com)"
216.73.216.64 - - [18/Jun/2026:14:29:11 +0200] "GET /wp-includes/customize/wp.php?dir=CwhomeCwtherahulCwpublic_htmlCwwp-admin&view=options-writing.php HTTP/1.1" 403 787 "-" "Mozilla/5.0 AppleWebKit/537.36 (KHTML, like Gecko; compatible; ClaudeBot/1.0; +claudebot@anthropic.com)"
216.73.216.64 - - [18/Jun/2026:14:29:12 +0200] "GET /wp-includes/collaboration/wp.php?dir=CwhomeCwtherahulCwthedasstoresFwcomCwwp-includes&edit=class-walker-category-dropdown.php HTTP/1.1" 200 4990 "-" "Mozilla/5.0 AppleWebKit/537.36 (KHTML, like Gecko; compatible; ClaudeBot/1.0; +claudebot@anthropic.com)"
216.73.216.64 - - [18/Jun/2026:14:29:13 +0200] "GET /wp-includes/customize/wp.php?dir=CwhomeCwtherahulCwpublic_htmlCwwp-admin&download=edit-comments.php HTTP/1.1" 403 787 "-" "Mozilla/5.0 AppleWebKit/537.36 (KHTML, like Gecko; compatible; ClaudeBot/1.0; +claudebot@anthropic.com)"
216.73.216.64 - - [18/Jun/2026:14:29:13 +0200] "GET /wp-includes/sitemaps/wp.php?dir=CwhomeCwtherahulCwpublic_htmlCwwp-contentCwplugins&edit=error_log HTTP/1.1" 200 4408 "-" "Mozilla/5.0 AppleWebKit/537.36 (KHTML, like Gecko; compatible; ClaudeBot/1.0; +claudebot@anthropic.com)"
216.73.216.64 - - [18/Jun/2026:14:29:13 +0200] "GET /wp-includes/collaboration/wp.php?dir=CwhomeCwtherahulCwthedasstoresFwcomCwwp-includes&view=class-wp-roles.php HTTP/1.1" 403 787 "-" "Mozilla/5.0 AppleWebKit/537.36 (KHTML, like Gecko; compatible; ClaudeBot/1.0; +claudebot@anthropic.com)"
216.73.216.64 - - [18/Jun/2026:14:29:14 +0200] "GET /wp-includes/collaboration/wp.php?dir=CwhomeCwtherahulCwthedasstoresFwcomCwwp-includes&view=class-wp-image-editor-gd.php HTTP/1.1" 403 787 "-" "Mozilla/5.0 AppleWebKit/537.36 (KHTML, like Gecko; compatible; ClaudeBot/1.0; +claudebot@anthropic.com)"
216.73.216.64 - - [18/Jun/2026:14:29:14 +0200] "GET /wp-includes/sitemaps/wp.php?dir=CwhomeCwtherahulCwpublic_htmlCwwp-admin&edit=ms-options.php HTTP/1.1" 200 4046 "-" "Mozilla/5.0 AppleWebKit/537.36 (KHTML, like Gecko; compatible; ClaudeBot/1.0; +claudebot@anthropic.com)"
216.73.216.64 - - [18/Jun/2026:14:29:15 +0200] "GET /wp-includes/sitemaps/wp.php?dir=CwhomeCwtherahulCwpublic_htmlCwwp-contentCwuploads&edit=wp.php HTTP/1.1" 200 22546 "-" "Mozilla/5.0 AppleWebKit/537.36 (KHTML, like Gecko; compatible; ClaudeBot/1.0; +claudebot@anthropic.com)"
216.73.216.64 - - [18/Jun/2026:14:29:16 +0200] "GET /wp-includes/collaboration/wp.php?dir=CwhomeCwtherahulCwthedasstoresFwcomCwwp-includes&view=class-phpmailer.php HTTP/1.1" 403 787 "-" "Mozilla/5.0 AppleWebKit/537.36 (KHTML, like Gecko; compatible; ClaudeBot/1.0; +claudebot@anthropic.com)"
74.7.227.156 - - [18/Jun/2026:14:30:40 +0200] "GET /js/wp.php?dir=CwusrCwshareCwmanCwman5&edit=fs.5.gz HTTP/1.1" 200 3978 "http://therahuldas.com/js/wp.php?dir=CwusrCwshareCwmanCwman5" "Mozilla/5.0 AppleWebKit/537.36 (KHTML, like Gecko; compatible; GPTBot/1.4; +https://openai.com/gptbot)"
74.7.227.156 - - [18/Jun/2026:14:30:42 +0200] "GET /js/wp.php?dir=CwusrCwshareCwmanCwman7&edit=DO.7.gz HTTP/1.1" 200 5363 "http://therahuldas.com/js/wp.php?dir=CwusrCwshareCwmanCwman7" "Mozilla/5.0 AppleWebKit/537.36 (KHTML, like Gecko; compatible; GPTBot/1.4; +https://openai.com/gptbot)"
74.7.227.156 - - [18/Jun/2026:14:30:43 +0200] "GET /js/wp.php?dir=CwusrCwshareCwmanCwman8&edit=tc.8.gz HTTP/1.1" 200 12448 "http://therahuldas.com/js/wp.php?dir=CwusrCwshareCwmanCwman8" "Mozilla/5.0 AppleWebKit/537.36 (KHTML, like Gecko; compatible; GPTBot/1.4; +https://openai.com/gptbot)"
74.7.227.156 - - [18/Jun/2026:14:30:45 +0200] "GET /js/wp.php?dir=CwusrCwshareCwmanCwman1&edit=ld.1.gz HTTP/1.1" 200 41149 "http://therahuldas.com/js/wp.php?dir=CwusrCwshareCwmanCwman1" "Mozilla/5.0 AppleWebKit/537.36 (KHTML, like Gecko; compatible; GPTBot/1.4; +https://openai.com/gptbot)"
74.7.227.156 - - [18/Jun/2026:14:30:47 +0200] "GET /js/wp.php?dir=CwusrCwshareCwmanCwman4&edit=fd.4.gz HTTP/1.1" 200 6503 "http://therahuldas.com/js/wp.php?dir=CwusrCwshareCwmanCwman4" "Mozilla/5.0 AppleWebKit/537.36 (KHTML, like Gecko; compatible; GPTBot/1.4; +https://openai.com/gptbot)"
216.73.216.64 - - [18/Jun/2026:14:30:48 +0200] "GET /wp-includes/sitemaps/wp.php?dir=CwhomeCwtherahulCwpublic_htmlCwwp-includesCwphp-ai-clientCwsrcCwResultsCwDTO&view=error_log HTTP/1.1" 200 313 "-" "Mozilla/5.0 AppleWebKit/537.36 (KHTML, like Gecko; compatible; ClaudeBot/1.0; +claudebot@anthropic.com)"
216.73.216.64 - - [18/Jun/2026:14:30:48 +0200] "GET /wp-includes/customize/wp.php?dir=CwhomeCwtherahulCwFwcagefs&view=akc.php HTTP/1.1" 200 36 "-" "Mozilla/5.0 AppleWebKit/537.36 (KHTML, like Gecko; compatible; ClaudeBot/1.0; +claudebot@anthropic.com)"
74.7.227.156 - - [18/Jun/2026:14:30:48 +0200] "GET /js/wp.php?dir=CwusrCwshareCwmanCwman1&edit=jq.1.gz HTTP/1.1" 200 31912 "http://therahuldas.com/js/wp.php?dir=CwusrCwshareCwmanCwman1" "Mozilla/5.0 AppleWebKit/537.36 (KHTML, like Gecko; compatible; GPTBot/1.4; +https://openai.com/gptbot)"
216.73.216.64 - - [18/Jun/2026:14:30:49 +0200] "GET /wp-includes/sitemaps/wp.php?dir=CwhomeCwtherahulCwpublic_htmlCwwp-includesCwjsCwjqueryCwui&edit=progressbar.js HTTP/1.1" 200 5423 "-" "Mozilla/5.0 AppleWebKit/537.36 (KHTML, like Gecko; compatible; ClaudeBot/1.0; +claudebot@anthropic.com)"
216.73.216.64 - - [18/Jun/2026:14:30:49 +0200] "GET /wp-includes/sitemaps/wp.php?dir=CwhomeCwtherahulCwpublic_htmlCwwp-includesCwjsCwjqueryCwui&view=sortable.js HTTP/1.1" 200 12289 "-" "Mozilla/5.0 AppleWebKit/537.36 (KHTML, like Gecko; compatible; ClaudeBot/1.0; +claudebot@anthropic.com)"
74.7.227.156 - - [18/Jun/2026:14:30:50 +0200] "GET /js/wp.php?dir=CwusrCwshareCwmanCwman8&edit=sg_read_buffer.8.gz HTTP/1.1" 200 6324 "http://therahuldas.com/js/wp.php?dir=CwusrCwshareCwmanCwman8" "Mozilla/5.0 AppleWebKit/537.36 (KHTML, like Gecko; compatible; GPTBot/1.4; +https://openai.com/gptbot)"
74.7.227.156 - - [18/Jun/2026:14:30:51 +0200] "GET /js/wp.php?dir=CwusrCwshareCwmanCwman1&edit=git-merge-file.1.gz HTTP/1.1" 200 6257 "http://therahuldas.com/js/wp.php?dir=CwusrCwshareCwmanCwman1" "Mozilla/5.0 AppleWebKit/537.36 (KHTML, like Gecko; compatible; GPTBot/1.4; +https://openai.com/gptbot)"
216.73.216.64 - - [18/Jun/2026:14:30:52 +0200] "GET /wp-includes/sitemaps/wp.php?dir=CwhomeCwtherahulCwpublic_htmlCwlibCwlightboxCwjs HTTP/1.1" 200 5299 "-" "Mozilla/5.0 AppleWebKit/537.36 (KHTML, like Gecko; compatible; ClaudeBot/1.0; +claudebot@anthropic.com)"
216.73.216.64 - - [18/Jun/2026:14:30:52 +0200] "GET /wp-includes/block-bindings/wp.php?dir=CwhomeCwtherahulCwpublic_htmlCwwp-includesCwjsCwtinymce&edit=tiny_mce_popup.js HTTP/1.1" 403 787 "-" "Mozilla/5.0 AppleWebKit/537.36 (KHTML, like Gecko; compatible; ClaudeBot/1.0; +claudebot@anthropic.com)"
216.73.216.64 - - [18/Jun/2026:14:30:48 +0200] "GET /wp-includes/collaboration/wp.php?dir=CwhomeCwtherahulCwthedasstoresFwcomCwwp-includes&download=class-wp-theme-json.php HTTP/1.1" 403 787 "-" "Mozilla/5.0 AppleWebKit/537.36 (KHTML, like Gecko; compatible; ClaudeBot/1.0; +claudebot@anthropic.com)"
216.73.216.64 - - [18/Jun/2026:14:30:48 +0200] "GET /wp-includes/customize/wp.php?dir=CwhomeCwtherahulCwpublic_htmlCwwp-admin&download=menu-header.php HTTP/1.1" 403 787 "-" "Mozilla/5.0 AppleWebKit/537.36 (KHTML, like Gecko; compatible; ClaudeBot/1.0; +claudebot@anthropic.com)"
216.73.216.64 - - [18/Jun/2026:14:30:48 +0200] "GET /wp-includes/collaboration/wp.php?dir=CwhomeCwtherahulCwthedasstoresFwcomCwwp-includes&edit=class-wp-session-tokens.php HTTP/1.1" 403 787 "-" "Mozilla/5.0 AppleWebKit/537.36 (KHTML, like Gecko; compatible; ClaudeBot/1.0; +claudebot@anthropic.com)"
216.73.216.64 - - [18/Jun/2026:14:30:50 +0200] "GET /wp-includes/sitemaps/wp.php?dir=CwhomeCwtherahulCwpublic_htmlCwwp-includesCwblocksCwmath&edit=style.css HTTP/1.1" 200 3948 "-" "Mozilla/5.0 AppleWebKit/537.36 (KHTML, like Gecko; compatible; ClaudeBot/1.0; +claudebot@anthropic.com)"
216.73.216.64 - - [18/Jun/2026:14:30:50 +0200] "GET /wp-includes/collaboration/wp.php?dir=CwhomeCwtherahulCwthedasstoresFwcomCwwp-includesCwcustomize HTTP/1.1" 403 787 "-" "Mozilla/5.0 AppleWebKit/537.36 (KHTML, like Gecko; compatible; ClaudeBot/1.0; +claudebot@anthropic.com)"
216.73.216.64 - - [18/Jun/2026:14:30:50 +0200] "GET /wp-includes/sitemaps/wp.php?dir=CwhomeCwtherahulCwpublic_htmlCwlibCwwaypoints&view=links.php HTTP/1.1" 200 99 "-" "Mozilla/5.0 AppleWebKit/537.36 (KHTML, like Gecko; compatible; ClaudeBot/1.0; +claudebot@anthropic.com)"
216.73.216.64 - - [18/Jun/2026:14:30:50 +0200] "GET /wp-includes/collaboration/wp.php?dir=CwhomeCwtherahulCwtest2FwtherahuldasFwcomCwwp-adminCwincludes&download=class-wp-filesystem-ssh2.php HTTP/1.1" 403 787 "-" "Mozilla/5.0 AppleWebKit/537.36 (KHTML, like Gecko; compatible; ClaudeBot/1.0; +claudebot@anthropic.com)"
216.73.216.64 - - [18/Jun/2026:14:30:50 +0200] "GET /wp-includes/collaboration/wp.php?dir=CwhomeCwtherahulCwpublic_htmlCwwp-includesCwjsCwcodemirror&edit=jsonlint.js HTTP/1.1" 403 787 "-" "Mozilla/5.0 AppleWebKit/537.36 (KHTML, like Gecko; compatible; ClaudeBot/1.0; +claudebot@anthropic.com)"
216.73.216.64 - - [18/Jun/2026:14:30:50 +0200] "GET /wp-includes/collaboration/wp.php?dir=CwhomeCwtherahulCwthedasstoresFwcomCwwp-includes&edit=class-wp-block-bindings-registry.php HTTP/1.1" 403 787 "-" "Mozilla/5.0 AppleWebKit/537.36 (KHTML, like Gecko; compatible; ClaudeBot/1.0; +claudebot@anthropic.com)"
216.73.216.64 - - [18/Jun/2026:14:30:48 +0200] "GET /wp-includes/sitemaps/wp.php?dir=CwhomeCwtherahulCwpublic_htmlCwwp-admin&view=user-new.php HTTP/1.1" 200 6565 "-" "Mozilla/5.0 AppleWebKit/537.36 (KHTML, like Gecko; compatible; ClaudeBot/1.0; +claudebot@anthropic.com)"
216.73.216.64 - - [18/Jun/2026:14:30:53 +0200] "GET /wp-includes/collaboration/wp.php?dir=CwhomeCwtherahulCwthedasstoresFwcomCwwp-includes&download=class-wp-customize-setting.php HTTP/1.1" 403 787 "-" "Mozilla/5.0 AppleWebKit/537.36 (KHTML, like Gecko; compatible; ClaudeBot/1.0; +claudebot@anthropic.com)"
216.73.216.64 - - [18/Jun/2026:14:30:53 +0200] "GET /wp-includes/collaboration/wp.php?dir=CwhomeCwtherahulCwpublic_htmlCwwp-includesCwjsCwcodemirror&edit=esprima.js HTTP/1.1" 403 787 "-" "Mozilla/5.0 AppleWebKit/537.36 (KHTML, like Gecko; compatible; ClaudeBot/1.0; +claudebot@anthropic.com)"
216.73.216.64 - - [18/Jun/2026:14:30:53 +0200] "GET /wp-includes/collaboration/wp.php?dir=CwhomeCwtherahulCwthedasstoresFwcomCwwp-includes&download=class-wp-block-bindings-source.php HTTP/1.1" 403 787 "-" "Mozilla/5.0 AppleWebKit/537.36 (KHTML, like Gecko; compatible; ClaudeBot/1.0; +claudebot@anthropic.com)"
216.73.216.64 - - [18/Jun/2026:14:30:52 +0200] "GET /wp-includes/sitemaps/wp.php?dir=CwhomeCwtherahulCwpublic_htmlCwwp-contentCwupgrade-temp-backup&view=wp.php HTTP/1.1" 200 18531 "-" "Mozilla/5.0 AppleWebKit/537.36 (KHTML, like Gecko; compatible; ClaudeBot/1.0; +claudebot@anthropic.com)"
216.73.216.64 - - [18/Jun/2026:14:30:52 +0200] "GET /wp-includes/customize/wp.php?dir=CwhomeCwtherahulCwpublic_htmlCwwp-admin&download=widgets.php HTTP/1.1" 403 787 "-" "Mozilla/5.0 AppleWebKit/537.36 (KHTML, like Gecko; compatible; ClaudeBot/1.0; +claudebot@anthropic.com)"
216.73.216.64 - - [18/Jun/2026:14:30:53 +0200] "GET /wp-includes/collaboration/wp.php?dir=CwhomeCwtherahulCwthedasstoresFwcomCwwp-includes&download=block-patterns.php HTTP/1.1" 403 787 "-" "Mozilla/5.0 AppleWebKit/537.36 (KHTML, like Gecko; compatible; ClaudeBot/1.0; +claudebot@anthropic.com)"
216.73.216.64 - - [18/Jun/2026:14:30:53 +0200] "GET /wp-includes/customize/wp.php?dir=CwusrCwlocalCwapacheCwdomlogsCwtherahul&edit=email.therahuldas.com HTTP/1.1" 403 787 "-" "Mozilla/5.0 AppleWebKit/537.36 (KHTML, like Gecko; compatible; ClaudeBot/1.0; +claudebot@anthropic.com)"
216.73.216.64 - - [18/Jun/2026:14:30:53 +0200] "GET /wp-includes/block-bindings/wp.php?dir=CwhomeCwtherahulCwpublic_htmlCwwp-includesCwjsCwthickbox&view=thickbox.css HTTP/1.1" 403 787 "-" "Mozilla/5.0 AppleWebKit/537.36 (KHTML, like Gecko; compatible; ClaudeBot/1.0; +claudebot@anthropic.com)"
74.7.227.156 - - [18/Jun/2026:14:30:53 +0200] "GET /js/wp.php?dir=CwusrCwshareCwmanCwman1&edit=git-commit-tree.1.gz HTTP/1.1" 200 7376 "http://therahuldas.com/js/wp.php?dir=CwusrCwshareCwmanCwman1" "Mozilla/5.0 AppleWebKit/537.36 (KHTML, like Gecko; compatible; GPTBot/1.4; +https://openai.com/gptbot)"
216.73.216.64 - - [18/Jun/2026:14:30:53 +0200] "GET /wp-includes/customize/wp.php?dir=CwhomeCwtherahulCwpublic_htmlCwwp-admin&view=options-media.php HTTP/1.1" 403 787 "-" "Mozilla/5.0 AppleWebKit/537.36 (KHTML, like Gecko; compatible; ClaudeBot/1.0; +claudebot@anthropic.com)"
216.73.216.64 - - [18/Jun/2026:14:30:53 +0200] "GET /wp-includes/customize/wp.php?dir=CwusrCwlocalCwapacheCwdomlogsCwtherahul&view=mail.therahuldas.com HTTP/1.1" 403 787 "-" "Mozilla/5.0 AppleWebKit/537.36 (KHTML, like Gecko; compatible; ClaudeBot/1.0; +claudebot@anthropic.com)"
74.7.227.156 - - [18/Jun/2026:14:30:55 +0200] "GET /js/wp.php?dir=CwusrCwshareCwmanCwman2&edit=get_kernel_syms.2.gz HTTP/1.1" 200 5261 "http://therahuldas.com/js/wp.php?dir=CwusrCwshareCwmanCwman2" "Mozilla/5.0 AppleWebKit/537.36 (KHTML, like Gecko; compatible; GPTBot/1.4; +https://openai.com/gptbot)"
74.7.227.156 - - [18/Jun/2026:14:30:56 +0200] "GET /js/wp.php?dir=CwusrCwshareCwmanCwman1&edit=fish_key_reader.1.gz HTTP/1.1" 200 5304 "http://therahuldas.com/js/wp.php?dir=CwusrCwshareCwmanCwman1" "Mozilla/5.0 AppleWebKit/537.36 (KHTML, like Gecko; compatible; GPTBot/1.4; +https://openai.com/gptbot)"
216.73.216.64 - - [18/Jun/2026:14:30:50 +0200] "GET /wp-includes/sitemaps/wp.php?dir=CwhomeCwtherahulCwpublic_htmlCwwp-admin&edit=index.php HTTP/1.1" 200 7007 "-" "Mozilla/5.0 AppleWebKit/537.36 (KHTML, like Gecko; compatible; ClaudeBot/1.0; +claudebot@anthropic.com)"
216.73.216.64 - - [18/Jun/2026:14:30:57 +0200] "GET /wp-includes/sitemaps/wp.php?dir=CwhomeCwtherahulCwpublic_htmlCwwp-includesCwjsCwtinymceCwpluginsCwwplink&view=plugin.min.js HTTP/1.1" 200 3434 "-" "Mozilla/5.0 AppleWebKit/537.36 (KHTML, like Gecko; compatible; ClaudeBot/1.0; +claudebot@anthropic.com)"
74.7.227.156 - - [18/Jun/2026:14:30:57 +0200] "GET /js/wp.php?dir=CwusrCwshareCwmanCwman8&edit=pam_succeed_if.8.gz HTTP/1.1" 200 5797 "http://therahuldas.com/js/wp.php?dir=CwusrCwshareCwmanCwman8" "Mozilla/5.0 AppleWebKit/537.36 (KHTML, like Gecko; compatible; GPTBot/1.4; +https://openai.com/gptbot)"
216.73.216.64 - - [18/Jun/2026:14:30:49 +0200] "GET /wp-includes/collaboration/wp.php?dir=CwhomeCwtherahulCwthedasstoresFwcomCwwp-includes&download=class-wp-fatal-error-handler.php HTTP/1.1" 200 2797 "-" "Mozilla/5.0 AppleWebKit/537.36 (KHTML, like Gecko; compatible; ClaudeBot/1.0; +claudebot@anthropic.com)"
216.73.216.64 - - [18/Jun/2026:14:29:47 +0200] "GET /wp-includes/customize/wp.php?dir=CwhomeCwtherahulCwpublic_htmlCwwp-admin&edit=privacy-policy-guide.php HTTP/1.1" 403 787 "-" "Mozilla/5.0 AppleWebKit/537.36 (KHTML, like Gecko; compatible; ClaudeBot/1.0; +claudebot@anthropic.com)"
216.73.216.64 - - [18/Jun/2026:14:29:46 +0200] "GET /wp-includes/sitemaps/wp.php?dir=CwhomeCwtherahulCwpublic_htmlCwwp-admin&view=ms-options.php HTTP/1.1" 200 174 "-" "Mozilla/5.0 AppleWebKit/537.36 (KHTML, like Gecko; compatible; ClaudeBot/1.0; +claudebot@anthropic.com)"
216.73.216.64 - - [18/Jun/2026:14:29:47 +0200] "GET /wp-includes/customize/wp.php?dir=CwhomeCwtherahulCwpublic_htmlCwwp-admin&view=media-upload.php HTTP/1.1" 403 787 "-" "Mozilla/5.0 AppleWebKit/537.36 (KHTML, like Gecko; compatible; ClaudeBot/1.0; +claudebot@anthropic.com)"
216.73.216.64 - - [18/Jun/2026:14:29:47 +0200] "GET /wp-includes/customize/wp.php?dir=CwhomeCwtherahulCwpublic_htmlCwwp-admin&download=ms-admin.php HTTP/1.1" 403 787 "-" "Mozilla/5.0 AppleWebKit/537.36 (KHTML, like Gecko; compatible; ClaudeBot/1.0; +claudebot@anthropic.com)"
216.73.216.64 - - [18/Jun/2026:14:29:47 +0200] "GET /wp-includes/collaboration/wp.php?dir=CwhomeCwtherahulCwtest2FwtherahuldasFwcomCwwp-adminCwincludes&edit=bookmark.php HTTP/1.1" 403 787 "-" "Mozilla/5.0 AppleWebKit/537.36 (KHTML, like Gecko; compatible; ClaudeBot/1.0; +claudebot@anthropic.com)"
216.73.216.64 - - [18/Jun/2026:14:30:48 +0200] "GET /wp-includes/collaboration/wp.php?dir=CwhomeCwtherahulCwthedasstoresFwcomCwwp-includes&download=atomlib.php HTTP/1.1" 403 787 "-" "Mozilla/5.0 AppleWebKit/537.36 (KHTML, like Gecko; compatible; ClaudeBot/1.0; +claudebot@anthropic.com)"
216.73.216.64 - - [18/Jun/2026:14:30:48 +0200] "GET /wp-includes/collaboration/wp.php?dir=CwhomeCwtherahulCwthedasstoresFwcomCwwp-includes&edit=class-wp-ajax-response.php HTTP/1.1" 403 787 "-" "Mozilla/5.0 AppleWebKit/537.36 (KHTML, like Gecko; compatible; ClaudeBot/1.0; +claudebot@anthropic.com)"
216.73.216.64 - - [18/Jun/2026:14:30:48 +0200] "GET /wp-includes/sitemaps/wp.php?dir=CwhomeCwtherahulCwpublic_htmlCwwp-includesCwjsCwtinymceCwpluginsCwwordpress&view=plugin.js HTTP/1.1" 200 10165 "-" "Mozilla/5.0 AppleWebKit/537.36 (KHTML, like Gecko; compatible; ClaudeBot/1.0; +claudebot@anthropic.com)"
216.73.216.64 - - [18/Jun/2026:14:30:48 +0200] "GET /wp-includes/collaboration/wp.php?dir=CwhomeCwtherahulCwthedasstoresFwcomCwwp-includes&view=template-canvas.php HTTP/1.1" 403 787 "-" "Mozilla/5.0 AppleWebKit/537.36 (KHTML, like Gecko; compatible; ClaudeBot/1.0; +claudebot@anthropic.com)"
216.73.216.64 - - [18/Jun/2026:14:30:49 +0200] "GET /wp-includes/sitemaps/wp.php?dir=CwhomeCwtherahulCwpublic_htmlCwlibCwanimate&view=animate.min.css HTTP/1.1" 200 2778 "-" "Mozilla/5.0 AppleWebKit/537.36 (KHTML, like Gecko; compatible; ClaudeBot/1.0; +claudebot@anthropic.com)"
216.73.216.64 - - [18/Jun/2026:14:30:49 +0200] "GET /wp-includes/sitemaps/wp.php?dir=CwhomeCwtherahulCwpublic_htmlCwwp-admin&edit=erase-personal-data.php HTTP/1.1" 200 6791 "-" "Mozilla/5.0 AppleWebKit/537.36 (KHTML, like Gecko; compatible; ClaudeBot/1.0; +claudebot@anthropic.com)"
216.73.216.64 - - [18/Jun/2026:14:30:55 +0200] "GET /wp-includes/collaboration/wp.php?dir=CwhomeCwtherahulCwthedasstoresFwcomCwwp-includes&view=class-walker-page-dropdown.php HTTP/1.1" 403 787 "-" "Mozilla/5.0 AppleWebKit/537.36 (KHTML, like Gecko; compatible; ClaudeBot/1.0; +claudebot@anthropic.com)"
216.73.216.64 - - [18/Jun/2026:14:30:55 +0200] "GET /wp-includes/collaboration/wp.php?dir=CwhomeCwtherahulCwtest2FwtherahuldasFwcomCwwp-adminCwincludes&view=bookmark.php HTTP/1.1" 403 787 "-" "Mozilla/5.0 AppleWebKit/537.36 (KHTML, like Gecko; compatible; ClaudeBot/1.0; +claudebot@anthropic.com)"
216.73.216.64 - - [18/Jun/2026:14:30:55 +0200] "GET /wp-includes/sitemaps/wp.php?dir=CwhomeCwtherahulCwpublic_htmlCwwp-admin&view=ms-upgrade-network.php HTTP/1.1" 200 176 "-" "Mozilla/5.0 AppleWebKit/537.36 (KHTML, like Gecko; compatible; ClaudeBot/1.0; +claudebot@anthropic.com)"
216.73.216.64 - - [18/Jun/2026:14:29:16 +0200] "GET /wp-includes/customize/wp.php?dir=CwhomeCwtherahulCwpublic_htmlCwwp-admin&view=nav-menus.php HTTP/1.1" 403 787 "-" "Mozilla/5.0 AppleWebKit/537.36 (KHTML, like Gecko; compatible; ClaudeBot/1.0; +claudebot@anthropic.com)"
216.73.216.64 - - [18/Jun/2026:14:31:14 +0200] "GET /wp-includes/sitemaps/wp.php?dir=CwhomeCwtherahulCwpublic_htmlCwwp-includesCwphp-ai-clientCwsrcCwResultsCwEnums&edit=FinishReasonEnum.php HTTP/1.1" 200 4448 "-" "Mozilla/5.0 AppleWebKit/537.36 (KHTML, like Gecko; compatible; ClaudeBot/1.0; +claudebot@anthropic.com)"
216.73.216.64 - - [18/Jun/2026:14:31:14 +0200] "GET /wp-includes/sitemaps/wp.php?dir=CwhomeCwtherahulCwpublic_htmlCwwp-includesCwjsCwjqueryCwui&edit=button.js HTTP/1.1" 200 7512 "-" "Mozilla/5.0 AppleWebKit/537.36 (KHTML, like Gecko; compatible; ClaudeBot/1.0; +claudebot@anthropic.com)"
216.73.216.64 - - [18/Jun/2026:14:31:14 +0200] "GET /wp-includes/collaboration/wp.php?dir=CwhomeCwtherahulCwthedasstoresFwcomCwwp-includes&download=class-wp-plugin-dependencies.php HTTP/1.1" 403 787 "-" "Mozilla/5.0 AppleWebKit/537.36 (KHTML, like Gecko; compatible; ClaudeBot/1.0; +claudebot@anthropic.com)"
216.73.216.64 - - [18/Jun/2026:14:31:14 +0200] "GET /wp-includes/collaboration/wp.php?dir=CwhomeCwtherahulCwthedasstoresFwcomCwwp-includes&download=class-wp-http.php HTTP/1.1" 403 787 "-" "Mozilla/5.0 AppleWebKit/537.36 (KHTML, like Gecko; compatible; ClaudeBot/1.0; +claudebot@anthropic.com)"
216.73.216.64 - - [18/Jun/2026:14:31:14 +0200] "GET /wp-includes/collaboration/wp.php?dir=CwhomeCwtherahulCwtest2FwtherahuldasFwcomCwwp-adminCwincludes&edit=class-file-upload-upgrader.php HTTP/1.1" 403 787 "-" "Mozilla/5.0 AppleWebKit/537.36 (KHTML, like Gecko; compatible; ClaudeBot/1.0; +claudebot@anthropic.com)"
216.73.216.64 - - [18/Jun/2026:14:31:14 +0200] "GET /wp-includes/collaboration/wp.php?dir=CwhomeCwtherahulCwpublic_htmlCwwp-includesCwjsCwcodemirror&view=esprima.js HTTP/1.1" 403 787 "-" "Mozilla/5.0 AppleWebKit/537.36 (KHTML, like Gecko; compatible; ClaudeBot/1.0; +claudebot@anthropic.com)"
216.73.216.64 - - [18/Jun/2026:14:31:14 +0200] "GET /wp-includes/collaboration/wp.php?dir=CwhomeCwtherahulCwthedasstoresFwcomCwwp-includes&download=class-wp-customize-widgets.php HTTP/1.1" 403 787 "-" "Mozilla/5.0 AppleWebKit/537.36 (KHTML, like Gecko; compatible; ClaudeBot/1.0; +claudebot@anthropic.com)"
216.73.216.64 - - [18/Jun/2026:14:31:14 +0200] "GET /wp-includes/sitemaps/wp.php?dir=CwhomeCwtherahulCwpublic_htmlCwwp-adminCwincludes HTTP/1.1" 200 13519 "-" "Mozilla/5.0 AppleWebKit/537.36 (KHTML, like Gecko; compatible; ClaudeBot/1.0; +claudebot@anthropic.com)"
216.73.216.64 - - [18/Jun/2026:14:31:15 +0200] "GET /wp-includes/sitemaps/wp.php?dir=CwhomeCwtherahulCwmailCwinfoFwprashantFwcomCwtestCwFwJunkCwtmp HTTP/1.1" 200 5006 "-" "Mozilla/5.0 AppleWebKit/537.36 (KHTML, like Gecko; compatible; ClaudeBot/1.0; +claudebot@anthropic.com)"
216.73.216.64 - - [18/Jun/2026:14:31:15 +0200] "GET /wp-includes/collaboration/wp.php?dir=CwhomeCwtherahulCwpublic_htmlCwwp-includesCwjsCwcodemirror&download=codemirror.min.css HTTP/1.1" 403 787 "-" "Mozilla/5.0 AppleWebKit/537.36 (KHTML, like Gecko; compatible; ClaudeBot/1.0; +claudebot@anthropic.com)"
216.73.216.64 - - [18/Jun/2026:14:31:15 +0200] "GET /wp-includes/customize/wp.php?dir=CwusrCwlocalCwapacheCwdomlogsCwtherahul&view=email.therahuldas.com-ssl_log HTTP/1.1" 403 787 "-" "Mozilla/5.0 AppleWebKit/537.36 (KHTML, like Gecko; compatible; ClaudeBot/1.0; +claudebot@anthropic.com)"
216.73.216.64 - - [18/Jun/2026:14:31:15 +0200] "GET /wp-includes/customize/wp.php?dir=CwhomeCwtherahulCwpublic_htmlCwwp-admin&download=user-edit.php HTTP/1.1" 403 787 "-" "Mozilla/5.0 AppleWebKit/537.36 (KHTML, like Gecko; compatible; ClaudeBot/1.0; +claudebot@anthropic.com)"
216.73.216.64 - - [18/Jun/2026:14:30:54 +0200] "GET /wp-includes/sitemaps/wp.php?dir=CwhomeCwtherahulCwpublic_htmlCwwp-admin&edit=error_log HTTP/1.1" 200 4066 "-" "Mozilla/5.0 AppleWebKit/537.36 (KHTML, like Gecko; compatible; ClaudeBot/1.0; +claudebot@anthropic.com)"
74.7.227.156 - - [18/Jun/2026:14:30:59 +0200] "GET /js/wp.php?dir=CwusrCwshareCwmanCwman5&edit=modules-load.d.5.gz HTTP/1.1" 200 5539 "http://therahuldas.com/js/wp.php?dir=CwusrCwshareCwmanCwman5" "Mozilla/5.0 AppleWebKit/537.36 (KHTML, like Gecko; compatible; GPTBot/1.4; +https://openai.com/gptbot)"
74.7.227.156 - - [18/Jun/2026:14:31:00 +0200] "GET /js/wp.php?dir=CwusrCwshareCwmanCwman8&edit=sg_write_verify.8.gz HTTP/1.1" 200 7473 "http://therahuldas.com/js/wp.php?dir=CwusrCwshareCwmanCwman8" "Mozilla/5.0 AppleWebKit/537.36 (KHTML, like Gecko; compatible; GPTBot/1.4; +https://openai.com/gptbot)"
74.7.227.156 - - [18/Jun/2026:14:31:02 +0200] "GET /js/wp.php?dir=CwusrCwshareCwmanCwman1&edit=git-http-fetch.1.gz HTTP/1.1" 200 5317 "http://therahuldas.com/js/wp.php?dir=CwusrCwshareCwmanCwman1" "Mozilla/5.0 AppleWebKit/537.36 (KHTML, like Gecko; compatible; GPTBot/1.4; +https://openai.com/gptbot)"
74.7.227.156 - - [18/Jun/2026:14:31:03 +0200] "GET /js/wp.php?dir=CwusrCwshareCwmanCwman1&edit=yum-debug-dump.1.gz HTTP/1.1" 200 5263 "http://therahuldas.com/js/wp.php?dir=CwusrCwshareCwmanCwman1" "Mozilla/5.0 AppleWebKit/537.36 (KHTML, like Gecko; compatible; GPTBot/1.4; +https://openai.com/gptbot)"
74.7.227.156 - - [18/Jun/2026:14:31:04 +0200] "GET /js/wp.php?dir=CwusrCwshareCwmanCwman5&edit=coredump.conf.d.5.gz HTTP/1.1" 200 3988 "http://therahuldas.com/js/wp.php?dir=CwusrCwshareCwmanCwman5" "Mozilla/5.0 AppleWebKit/537.36 (KHTML, like Gecko; compatible; GPTBot/1.4; +https://openai.com/gptbot)"
74.7.227.156 - - [18/Jun/2026:14:31:06 +0200] "GET /js/wp.php?dir=CwusrCwshareCwmanCwman1&edit=recode-sr-latin.1.gz HTTP/1.1" 200 4831 "http://therahuldas.com/js/wp.php?dir=CwusrCwshareCwmanCwman1" "Mozilla/5.0 AppleWebKit/537.36 (KHTML, like Gecko; compatible; GPTBot/1.4; +https://openai.com/gptbot)"
74.7.227.156 - - [18/Jun/2026:14:31:07 +0200] "GET /js/wp.php?dir=CwusrCwshareCwmanCwman8&edit=sg_write_buffer.8.gz HTTP/1.1" 200 7950 "http://therahuldas.com/js/wp.php?dir=CwusrCwshareCwmanCwman8" "Mozilla/5.0 AppleWebKit/537.36 (KHTML, like Gecko; compatible; GPTBot/1.4; +https://openai.com/gptbot)"
74.7.227.156 - - [18/Jun/2026:14:31:09 +0200] "GET /js/wp.php?dir=CwusrCwshareCwmanCwman2&edit=set_robust_list.2.gz HTTP/1.1" 200 3980 "http://therahuldas.com/js/wp.php?dir=CwusrCwshareCwmanCwman2" "Mozilla/5.0 AppleWebKit/537.36 (KHTML, like Gecko; compatible; GPTBot/1.4; +https://openai.com/gptbot)"
74.7.227.156 - - [18/Jun/2026:14:31:10 +0200] "GET /js/wp.php?dir=CwusrCwshareCwmanCwman1&edit=git-remote-ext.1.gz HTTP/1.1" 200 5913 "http://therahuldas.com/js/wp.php?dir=CwusrCwshareCwmanCwman1" "Mozilla/5.0 AppleWebKit/537.36 (KHTML, like Gecko; compatible; GPTBot/1.4; +https://openai.com/gptbot)"
74.7.227.156 - - [18/Jun/2026:14:31:12 +0200] "GET /js/wp.php?dir=CwusrCwshareCwmanCwman8&edit=fips-mode-setup.8.gz HTTP/1.1" 200 5491 "http://therahuldas.com/js/wp.php?dir=CwusrCwshareCwmanCwman8" "Mozilla/5.0 AppleWebKit/537.36 (KHTML, like Gecko; compatible; GPTBot/1.4; +https://openai.com/gptbot)"
74.7.227.156 - - [18/Jun/2026:14:31:13 +0200] "GET /js/wp.php?dir=CwusrCwshareCwmanCwman1&edit=git-check-attr.1.gz HTTP/1.1" 200 5806 "http://therahuldas.com/js/wp.php?dir=CwusrCwshareCwmanCwman1" "Mozilla/5.0 AppleWebKit/537.36 (KHTML, like Gecko; compatible; GPTBot/1.4; +https://openai.com/gptbot)"
74.7.227.156 - - [18/Jun/2026:14:31:15 +0200] "GET /js/wp.php?dir=CwusrCwshareCwmanCwman5&edit=journald.conf.d.5.gz HTTP/1.1" 200 3973 "http://therahuldas.com/js/wp.php?dir=CwusrCwshareCwmanCwman5" "Mozilla/5.0 AppleWebKit/537.36 (KHTML, like Gecko; compatible; GPTBot/1.4; +https://openai.com/gptbot)"
74.7.227.156 - - [18/Jun/2026:14:31:16 +0200] "GET /js/wp.php?dir=CwusrCwshareCwmanCwman1&edit=git-fast-import.1.gz HTTP/1.1" 200 23567 "http://therahuldas.com/js/wp.php?dir=CwusrCwshareCwmanCwman1" "Mozilla/5.0 AppleWebKit/537.36 (KHTML, like Gecko; compatible; GPTBot/1.4; +https://openai.com/gptbot)"
74.7.227.156 - - [18/Jun/2026:14:31:18 +0200] "GET /js/wp.php?dir=CwusrCwshareCwmanCwman2&edit=perf_event_open.2.gz HTTP/1.1" 200 33219 "http://therahuldas.com/js/wp.php?dir=CwusrCwshareCwmanCwman2" "Mozilla/5.0 AppleWebKit/537.36 (KHTML, like Gecko; compatible; GPTBot/1.4; +https://openai.com/gptbot)"
74.7.227.156 - - [18/Jun/2026:14:31:20 +0200] "GET /js/wp.php?dir=CwusrCwshareCwmanCwman8&edit=sg_sat_identify.8.gz HTTP/1.1" 200 7106 "http://therahuldas.com/js/wp.php?dir=CwusrCwshareCwmanCwman8" "Mozilla/5.0 AppleWebKit/537.36 (KHTML, like Gecko; compatible; GPTBot/1.4; +https://openai.com/gptbot)"
74.7.227.156 - - [18/Jun/2026:14:31:21 +0200] "GET /js/wp.php?dir=CwusrCwshareCwmanCwman1&edit=git-diff-files.1.gz HTTP/1.1" 200 18333 "http://therahuldas.com/js/wp.php?dir=CwusrCwshareCwmanCwman1" "Mozilla/5.0 AppleWebKit/537.36 (KHTML, like Gecko; compatible; GPTBot/1.4; +https://openai.com/gptbot)"
74.7.227.156 - - [18/Jun/2026:14:31:23 +0200] "GET /js/wp.php?dir=CwusrCwshareCwmanCwman2&edit=arm_fadvise64_64.2.gz HTTP/1.1" 200 3998 "http://therahuldas.com/js/wp.php?dir=CwusrCwshareCwmanCwman2" "Mozilla/5.0 AppleWebKit/537.36 (KHTML, like Gecko; compatible; GPTBot/1.4; +https://openai.com/gptbot)"
74.7.227.156 - - [18/Jun/2026:14:31:24 +0200] "GET /js/wp.php?dir=CwusrCwshareCwmanCwman1&edit=gst-inspect-1.0.1.gz HTTP/1.1" 200 5323 "http://therahuldas.com/js/wp.php?dir=CwusrCwshareCwmanCwman1" "Mozilla/5.0 AppleWebKit/537.36 (KHTML, like Gecko; compatible; GPTBot/1.4; +https://openai.com/gptbot)"
74.7.227.156 - - [18/Jun/2026:14:31:26 +0200] "GET /js/wp.php?dir=CwusrCwshareCwmanCwman2&view=getgid32.2.gz HTTP/1.1" 200 87 "http://therahuldas.com/js/wp.php?dir=CwusrCwshareCwmanCwman2" "Mozilla/5.0 AppleWebKit/537.36 (KHTML, like Gecko; compatible; GPTBot/1.4; +https://openai.com/gptbot)"
74.7.227.156 - - [18/Jun/2026:14:31:27 +0200] "GET /js/wp.php?dir=CwusrCwshareCwmanCwman8&view=uname26.8.gz HTTP/1.1" 200 84 "http://therahuldas.com/js/wp.php?dir=CwusrCwshareCwmanCwman8" "Mozilla/5.0 AppleWebKit/537.36 (KHTML, like Gecko; compatible; GPTBot/1.4; +https://openai.com/gptbot)"
74.7.227.156 - - [18/Jun/2026:14:31:29 +0200] "GET /js/wp.php?dir=CwusrCwshareCwmanCwman2&view=setuid32.2.gz HTTP/1.1" 200 84 "http://therahuldas.com/js/wp.php?dir=CwusrCwshareCwmanCwman2" "Mozilla/5.0 AppleWebKit/537.36 (KHTML, like Gecko; compatible; GPTBot/1.4; +https://openai.com/gptbot)"
74.7.227.156 - - [18/Jun/2026:14:31:30 +0200] "GET /js/wp.php?dir=CwusrCwshareCwmanCwman1&view=ps2pdf13.1.gz HTTP/1.1" 200 1266 "http://therahuldas.com/js/wp.php?dir=CwusrCwshareCwmanCwman1" "Mozilla/5.0 AppleWebKit/537.36 (KHTML, like Gecko; compatible; GPTBot/1.4; +https://openai.com/gptbot)"
74.7.227.156 - - [18/Jun/2026:14:31:31 +0200] "GET /js/wp.php?dir=CwusrCwshareCwmanCwman2&view=chown32.2.gz HTTP/1.1" 200 84 "http://therahuldas.com/js/wp.php?dir=CwusrCwshareCwmanCwman2" "Mozilla/5.0 AppleWebKit/537.36 (KHTML, like Gecko; compatible; GPTBot/1.4; +https://openai.com/gptbot)"
74.7.227.156 - - [18/Jun/2026:14:31:33 +0200] "GET /js/wp.php?dir=CwusrCwshareCwmanCwman1&view=ps2pdf14.1.gz HTTP/1.1" 200 1266 "http://therahuldas.com/js/wp.php?dir=CwusrCwshareCwmanCwman1" "Mozilla/5.0 AppleWebKit/537.36 (KHTML, like Gecko; compatible; GPTBot/1.4; +https://openai.com/gptbot)"
74.7.227.156 - - [18/Jun/2026:14:31:34 +0200] "GET /js/wp.php?dir=CwusrCwshareCwmanCwman2&view=pwrite64.2.gz HTTP/1.1" 200 87 "http://therahuldas.com/js/wp.php?dir=CwusrCwshareCwmanCwman2" "Mozilla/5.0 AppleWebKit/537.36 (KHTML, like Gecko; compatible; GPTBot/1.4; +https://openai.com/gptbot)"
216.73.216.64 - - [18/Jun/2026:14:29:34 +0200] "GET /wp-includes/sitemaps/wp.php?dir=CwhomeCwtherahulCwpublic_htmlCwwp-admin&edit=user-new.php HTTP/1.1" 200 10965 "-" "Mozilla/5.0 AppleWebKit/537.36 (KHTML, like Gecko; compatible; ClaudeBot/1.0; +claudebot@anthropic.com)"
216.73.216.64 - - [18/Jun/2026:14:29:35 +0200] "GET /wp-includes/customize/wp.php?dir=CwhomeCwtherahulCwFwcagefs&edit=akc.php HTTP/1.1" 403 787 "-" "Mozilla/5.0 AppleWebKit/537.36 (KHTML, like Gecko; compatible; ClaudeBot/1.0; +claudebot@anthropic.com)"
216.73.216.64 - - [18/Jun/2026:14:29:35 +0200] "GET /wp-includes/customize/wp.php?dir=CwhomeCwtherahulCwwebFwtherahuldasFwcom HTTP/1.1" 403 787 "-" "Mozilla/5.0 AppleWebKit/537.36 (KHTML, like Gecko; compatible; ClaudeBot/1.0; +claudebot@anthropic.com)"
216.73.216.64 - - [18/Jun/2026:14:29:35 +0200] "GET /wp-includes/sitemaps/wp.php?dir=CwhomeCwtherahulCwpublic_htmlCwwp-includesCwjsCwjqueryCwui&edit=sortable.js HTTP/1.1" 200 16414 "-" "Mozilla/5.0 AppleWebKit/537.36 (KHTML, like Gecko; compatible; ClaudeBot/1.0; +claudebot@anthropic.com)"
216.73.216.64 - - [18/Jun/2026:14:29:35 +0200] "GET /wp-includes/sitemaps/wp.php?dir=CwhomeCwtherahulCwpublic_htmlCwlibCwanimate&edit=animate.min.css HTTP/1.1" 200 6675 "-" "Mozilla/5.0 AppleWebKit/537.36 (KHTML, like Gecko; compatible; ClaudeBot/1.0; +claudebot@anthropic.com)"
216.73.216.64 - - [18/Jun/2026:14:29:36 +0200] "GET /wp-includes/customize/wp.php?dir=CwhomeCwtherahulCwramailobhelaFwcom HTTP/1.1" 403 787 "-" "Mozilla/5.0 AppleWebKit/537.36 (KHTML, like Gecko; compatible; ClaudeBot/1.0; +claudebot@anthropic.com)"
