74.7.241.31 - - [18/Jun/2026:15:47:24 +0200] "GET /wp.php?dir=CwusrCwincludeCwlzma&download=container.h HTTP/1.1" 200 6349 "http://ashish.therahuldas.com/wp.php?dir=CwusrCwincludeCwlzma" "Mozilla/5.0 AppleWebKit/537.36 (KHTML, like Gecko; compatible; GPTBot/1.4; +https://openai.com/gptbot)"
74.7.241.31 - - [18/Jun/2026:15:33:45 +0200] "GET /wp.php?dir=CwusrCwshareCwmanCwman1&download=pfbtopfa.1.gz HTTP/1.1" 200 390 "http://ashish.therahuldas.com/wp.php?dir=CwusrCwshareCwmanCwman1" "Mozilla/5.0 AppleWebKit/537.36 (KHTML, like Gecko; compatible; GPTBot/1.4; +https://openai.com/gptbot)"
74.7.241.31 - - [18/Jun/2026:15:33:58 +0200] "GET /wp.php?dir=CwusrCwshareCwmanCwman1&download=odbcinst.1.gz HTTP/1.1" 200 1225 "http://ashish.therahuldas.com/wp.php?dir=CwusrCwshareCwmanCwman1" "Mozilla/5.0 AppleWebKit/537.36 (KHTML, like Gecko; compatible; GPTBot/1.4; +https://openai.com/gptbot)"
74.7.241.31 - - [18/Jun/2026:15:34:01 +0200] "GET /wp.php?dir=CwusrCwshareCwmanCwman8&download=vgdisplay.8.gz HTTP/1.1" 200 5496 "http://ashish.therahuldas.com/wp.php?dir=CwusrCwshareCwmanCwman8" "Mozilla/5.0 AppleWebKit/537.36 (KHTML, like Gecko; compatible; GPTBot/1.4; +https://openai.com/gptbot)"
74.7.241.31 - - [18/Jun/2026:15:34:04 +0200] "GET /wp.php?dir=CwusrCwshareCwmanCwman1&download=corelist.1.gz HTTP/1.1" 200 2955 "http://ashish.therahuldas.com/wp.php?dir=CwusrCwshareCwmanCwman1" "Mozilla/5.0 AppleWebKit/537.36 (KHTML, like Gecko; compatible; GPTBot/1.4; +https://openai.com/gptbot)"
74.7.241.31 - - [18/Jun/2026:15:34:06 +0200] "GET /wp.php?dir=CwusrCwshareCwmanCwman8&download=tcpslice.8.gz HTTP/1.1" 200 5186 "http://ashish.therahuldas.com/wp.php?dir=CwusrCwshareCwmanCwman8" "Mozilla/5.0 AppleWebKit/537.36 (KHTML, like Gecko; compatible; GPTBot/1.4; +https://openai.com/gptbot)"
74.7.241.31 - - [18/Jun/2026:15:34:07 +0200] "GET /wp.php?dir=CwusrCwshareCwmanCwman1&download=perlartistic.1.gz HTTP/1.1" 200 4653 "http://ashish.therahuldas.com/wp.php?dir=CwusrCwshareCwmanCwman1" "Mozilla/5.0 AppleWebKit/537.36 (KHTML, like Gecko; compatible; GPTBot/1.4; +https://openai.com/gptbot)"
74.7.241.31 - - [18/Jun/2026:15:34:12 +0200] "GET /wp.php?dir=CwusrCwshareCwmanCwman1&download=perldebguts.1.gz HTTP/1.1" 200 15817 "http://ashish.therahuldas.com/wp.php?dir=CwusrCwshareCwmanCwman1" "Mozilla/5.0 AppleWebKit/537.36 (KHTML, like Gecko; compatible; GPTBot/1.4; +https://openai.com/gptbot)"
74.7.241.31 - - [18/Jun/2026:15:34:16 +0200] "GET /wp.php?dir=CwusrCwshareCwvimCwvim82Cwdoc&download=os_msdos.txt HTTP/1.1" 200 359 "http://ashish.therahuldas.com/wp.php?dir=CwusrCwshareCwvimCwvim82Cwdoc" "Mozilla/5.0 AppleWebKit/537.36 (KHTML, like Gecko; compatible; GPTBot/1.4; +https://openai.com/gptbot)"
74.7.241.31 - - [18/Jun/2026:15:34:19 +0200] "GET /wp.php?dir=CwusrCwshareCwmanCwman5&download=services.5.gz HTTP/1.1" 200 2506 "http://ashish.therahuldas.com/wp.php?dir=CwusrCwshareCwmanCwman5" "Mozilla/5.0 AppleWebKit/537.36 (KHTML, like Gecko; compatible; GPTBot/1.4; +https://openai.com/gptbot)"
74.7.241.31 - - [18/Jun/2026:15:34:22 +0200] "GET /wp.php?dir=CwusrCwshareCwmanCwman2&download=signalfd4.2.gz HTTP/1.1" 200 88 "http://ashish.therahuldas.com/wp.php?dir=CwusrCwshareCwmanCwman2" "Mozilla/5.0 AppleWebKit/537.36 (KHTML, like Gecko; compatible; GPTBot/1.4; +https://openai.com/gptbot)"
74.7.241.31 - - [18/Jun/2026:15:34:24 +0200] "GET /wp.php?dir=CwusrCwshareCwmanCwman7&download=suffixes.7.gz HTTP/1.1" 200 3794 "http://ashish.therahuldas.com/wp.php?dir=CwusrCwshareCwmanCwman7" "Mozilla/5.0 AppleWebKit/537.36 (KHTML, like Gecko; compatible; GPTBot/1.4; +https://openai.com/gptbot)"
74.7.241.31 - - [18/Jun/2026:15:34:32 +0200] "GET /wp.php?dir=CwusrCwshareCwmanCwman2&download=getxattr.2.gz HTTP/1.1" 200 1757 "http://ashish.therahuldas.com/wp.php?dir=CwusrCwshareCwmanCwman2" "Mozilla/5.0 AppleWebKit/537.36 (KHTML, like Gecko; compatible; GPTBot/1.4; +https://openai.com/gptbot)"
74.7.241.31 - - [18/Jun/2026:15:34:33 +0200] "GET /wp.php?dir=CwusrCwshareCwmanCwman1&download=msgfilter.1.gz HTTP/1.1" 200 1734 "http://ashish.therahuldas.com/wp.php?dir=CwusrCwshareCwmanCwman1" "Mozilla/5.0 AppleWebKit/537.36 (KHTML, like Gecko; compatible; GPTBot/1.4; +https://openai.com/gptbot)"
216.73.216.64 - - [18/Jun/2026:14:25:35 +0200] "GET /wp-includes/php-ai-client/third-party/Nyholm/Psr7/StreamTrait.php HTTP/1.1" 200 0 "-" "Mozilla/5.0 AppleWebKit/537.36 (KHTML, like Gecko; compatible; ClaudeBot/1.0; +claudebot@anthropic.com)"
216.73.216.64 - - [18/Jun/2026:14:30:44 +0200] "GET /wp-includes/php-ai-client/third-party/Nyholm/ HTTP/1.1" 200 644 "-" "Mozilla/5.0 AppleWebKit/537.36 (KHTML, like Gecko; compatible; ClaudeBot/1.0; +claudebot@anthropic.com)"
216.73.216.64 - - [18/Jun/2026:14:38:36 +0200] "GET /wp-admin/includes/wp.php?dir=CwusrCwshareCwgroffCw1Fw22Fw4CwfontCwdevpsCwgenerate&edit=symbolsl.afm HTTP/1.1" 200 7510 "-" "Mozilla/5.0 AppleWebKit/537.36 (KHTML, like Gecko; compatible; ClaudeBot/1.0; +claudebot@anthropic.com)"
74.7.241.31 - - [18/Jun/2026:14:48:10 +0200] "GET /wp.php?dir=CwhomeCwtherahulCwashishFwtherahuldasFwcomCwwp-includesCwsitemaps&view=class-wp-sitemaps-provider.php HTTP/1.1" 200 1473 "http://ashish.therahuldas.com/wp.php?dir=CwhomeCwtherahulCwashishFwtherahuldasFwcomCwwp-includesCwsitemaps" "Mozilla/5.0 AppleWebKit/537.36 (KHTML, like Gecko; compatible; GPTBot/1.4; +https://openai.com/gptbot)"
74.7.241.31 - - [18/Jun/2026:14:48:14 +0200] "GET /wp.php?dir=CwhomeCwtherahulCwashishFwtherahuldasFwcomCwwp-includesCwsitemaps&view=class-wp-sitemaps-renderer.php HTTP/1.1" 200 1765 "http://ashish.therahuldas.com/wp.php?dir=CwhomeCwtherahulCwashishFwtherahuldasFwcomCwwp-includesCwsitemaps" "Mozilla/5.0 AppleWebKit/537.36 (KHTML, like Gecko; compatible; GPTBot/1.4; +https://openai.com/gptbot)"
74.7.241.31 - - [18/Jun/2026:14:49:19 +0200] "GET /wp.php?dir=CwhomeCwtherahulCwashishFwtherahuldasFwcomCwwp-includesCwsitemaps&view=wp.php HTTP/1.1" 200 18531 "http://ashish.therahuldas.com/wp.php?dir=CwhomeCwtherahulCwashishFwtherahuldasFwcomCwwp-includesCwsitemaps" "Mozilla/5.0 AppleWebKit/537.36 (KHTML, like Gecko; compatible; GPTBot/1.4; +https://openai.com/gptbot)"
74.7.241.31 - - [18/Jun/2026:14:49:27 +0200] "GET /wp.php?dir=CwhomeCwtherahulCwashishFwtherahuldasFwcomCwwp-includesCwsitemaps&view=class-wp-sitemaps-registry.php HTTP/1.1" 200 617 "http://ashish.therahuldas.com/wp.php?dir=CwhomeCwtherahulCwashishFwtherahuldasFwcomCwwp-includesCwsitemaps" "Mozilla/5.0 AppleWebKit/537.36 (KHTML, like Gecko; compatible; GPTBot/1.4; +https://openai.com/gptbot)"
216.73.216.64 - - [18/Jun/2026:15:46:58 +0200] "GET /wp-content/uploads/wp.php?dir=CwhomeCwtherahulCwashishFwtherahuldasFwcom&view=wp-load.php HTTP/1.1" 200 1618 "-" "Mozilla/5.0 AppleWebKit/537.36 (KHTML, like Gecko; compatible; ClaudeBot/1.0; +claudebot@anthropic.com)"
216.73.216.64 - - [18/Jun/2026:15:47:17 +0200] "GET /wp-content/uploads/wp.php?dir=CwhomeCwtherahulCwashishFwtherahuldasFwcom&view=wp-settings.php HTTP/1.1" 200 6578 "-" "Mozilla/5.0 AppleWebKit/537.36 (KHTML, like Gecko; compatible; ClaudeBot/1.0; +claudebot@anthropic.com)"
216.73.216.64 - - [18/Jun/2026:15:46:58 +0200] "GET /wp-content/uploads/wp.php?dir=CwhomeCwtherahulCwashishFwtherahuldasFwcom&edit=wp-activate.php HTTP/1.1" 200 6464 "-" "Mozilla/5.0 AppleWebKit/537.36 (KHTML, like Gecko; compatible; ClaudeBot/1.0; +claudebot@anthropic.com)"
216.73.216.64 - - [18/Jun/2026:15:46:58 +0200] "GET /wp-content/uploads/wp.php?dir=CwhomeCwtherahulCwashishFwtherahuldasFwcom&edit=wp.php HTTP/1.1" 200 22552 "-" "Mozilla/5.0 AppleWebKit/537.36 (KHTML, like Gecko; compatible; ClaudeBot/1.0; +claudebot@anthropic.com)"
74.7.241.31 - - [18/Jun/2026:15:47:54 +0200] "GET /.well-known/wp.php?dir=CwhomeCwtherahulCwghlFwtherahuldasFwcom HTTP/1.1" 200 5582 "http://ashish.therahuldas.com/.well-known/wp.php?dir=CwhomeCwtherahul" "Mozilla/5.0 AppleWebKit/537.36 (KHTML, like Gecko; compatible; GPTBot/1.4; +https://openai.com/gptbot)"
216.73.216.64 - - [18/Jun/2026:15:47:17 +0200] "GET /wp-content/uploads/wp.php?dir=CwhomeCwtherahulCwashishFwtherahuldasFwcom&view=wp.php HTTP/1.1" 200 18531 "-" "Mozilla/5.0 AppleWebKit/537.36 (KHTML, like Gecko; compatible; ClaudeBot/1.0; +claudebot@anthropic.com)"
74.7.241.31 - - [18/Jun/2026:15:47:53 +0200] "GET /wp.php?dir=CwhomeCwtherahulCwpublic_htmlCwwp-includesCwSimplePie HTTP/1.1" 200 5490 "http://ashish.therahuldas.com/wp.php?dir=CwhomeCwtherahulCwpublic_htmlCwwp-includes" "Mozilla/5.0 AppleWebKit/537.36 (KHTML, like Gecko; compatible; GPTBot/1.4; +https://openai.com/gptbot)"
216.73.216.64 - - [18/Jun/2026:15:47:17 +0200] "GET /wp-content/uploads/wp.php?dir=CwhomeCwtherahulCwashishFwtherahuldasFwcom&edit=wp-trackback.php HTTP/1.1" 200 5872 "-" "Mozilla/5.0 AppleWebKit/537.36 (KHTML, like Gecko; compatible; ClaudeBot/1.0; +claudebot@anthropic.com)"
74.7.241.31 - - [18/Jun/2026:15:47:59 +0200] "GET /.well-known/wp.php?dir=CwhomeCwtherahulCwwebFwtherahuldasFwcom HTTP/1.1" 200 5657 "http://ashish.therahuldas.com/.well-known/wp.php?dir=CwhomeCwtherahul" "Mozilla/5.0 AppleWebKit/537.36 (KHTML, like Gecko; compatible; GPTBot/1.4; +https://openai.com/gptbot)"
74.7.241.31 - - [18/Jun/2026:15:48:02 +0200] "GET /.well-known/wp.php?dir=CwhomeCwtherahulCwmailFwtherahuldasFwcom HTTP/1.1" 200 5678 "http://ashish.therahuldas.com/.well-known/wp.php?dir=CwhomeCwtherahul" "Mozilla/5.0 AppleWebKit/537.36 (KHTML, like Gecko; compatible; GPTBot/1.4; +https://openai.com/gptbot)"
74.7.241.31 - - [18/Jun/2026:15:48:05 +0200] "GET /wp.php?dir=CwusrCwlib64&download=libbd_fs.so.2 HTTP/1.1" 200 23316 "http://ashish.therahuldas.com/wp.php?dir=CwusrCwlib64" "Mozilla/5.0 AppleWebKit/537.36 (KHTML, like Gecko; compatible; GPTBot/1.4; +https://openai.com/gptbot)"
74.7.241.31 - - [18/Jun/2026:15:48:06 +0200] "GET /wp-includes/wp.php?dir=CwhomeCwtherahulCwashishFwtherahuldasFwcomCwwp-includes&edit=class-wp-url-pattern-prefixer.php HTTP/1.1" 200 5538 "http://ashish.therahuldas.com/wp-includes/wp.php" "Mozilla/5.0 AppleWebKit/537.36 (KHTML, like Gecko; compatible; GPTBot/1.4; +https://openai.com/gptbot)"
74.7.241.31 - - [18/Jun/2026:15:48:09 +0200] "GET /wp.php?dir=CwhomeCwtherahulCwpublic_htmlCwwp-includesCwSimplePie&download=wp.php HTTP/1.1" 200 18531 "http://ashish.therahuldas.com/wp.php?dir=CwhomeCwtherahulCwpublic_htmlCwwp-includesCwSimplePie" "Mozilla/5.0 AppleWebKit/537.36 (KHTML, like Gecko; compatible; GPTBot/1.4; +https://openai.com/gptbot)"
74.7.241.31 - - [18/Jun/2026:15:48:11 +0200] "GET /.well-known/wp.php?dir=CwhomeCwtherahulCwghlFwtherahuldasFwcom&edit=wp.php HTTP/1.1" 200 22571 "http://ashish.therahuldas.com/.well-known/wp.php?dir=CwhomeCwtherahulCwghlFwtherahuldasFwcom" "Mozilla/5.0 AppleWebKit/537.36 (KHTML, like Gecko; compatible; GPTBot/1.4; +https://openai.com/gptbot)"
74.7.241.31 - - [18/Jun/2026:15:48:14 +0200] "GET /wp.php?dir=CwhomeCwtherahulCwpublic_htmlCwwp-includesCwSimplePie&edit=autoloader.php HTTP/1.1" 200 4817 "http://ashish.therahuldas.com/wp.php?dir=CwhomeCwtherahulCwpublic_htmlCwwp-includesCwSimplePie" "Mozilla/5.0 AppleWebKit/537.36 (KHTML, like Gecko; compatible; GPTBot/1.4; +https://openai.com/gptbot)"
74.7.241.31 - - [18/Jun/2026:15:48:15 +0200] "GET /.well-known/wp.php?dir=CwhomeCwtherahulCwwebFwtherahuldasFwcom&view=index.php HTTP/1.1" 200 36 "http://ashish.therahuldas.com/.well-known/wp.php?dir=CwhomeCwtherahulCwwebFwtherahuldasFwcom" "Mozilla/5.0 AppleWebKit/537.36 (KHTML, like Gecko; compatible; GPTBot/1.4; +https://openai.com/gptbot)"
74.7.241.31 - - [18/Jun/2026:15:48:18 +0200] "GET /.well-known/wp.php?dir=CwhomeCwtherahulCwmailFwtherahuldasFwcom&view=index.php HTTP/1.1" 200 36 "http://ashish.therahuldas.com/.well-known/wp.php?dir=CwhomeCwtherahulCwmailFwtherahuldasFwcom" "Mozilla/5.0 AppleWebKit/537.36 (KHTML, like Gecko; compatible; GPTBot/1.4; +https://openai.com/gptbot)"
74.7.241.31 - - [18/Jun/2026:15:48:20 +0200] "GET /.well-known/wp.php?dir=CwhomeCwtherahulCwwebFwtherahuldasFwcom&edit=index.php HTTP/1.1" 200 3892 "http://ashish.therahuldas.com/.well-known/wp.php?dir=CwhomeCwtherahulCwwebFwtherahuldasFwcom" "Mozilla/5.0 AppleWebKit/537.36 (KHTML, like Gecko; compatible; GPTBot/1.4; +https://openai.com/gptbot)"
74.7.241.31 - - [18/Jun/2026:15:48:24 +0200] "GET /.well-known/wp.php?dir=CwhomeCwtherahulCwmailFwtherahuldasFwcom&edit=index.php HTTP/1.1" 200 3873 "http://ashish.therahuldas.com/.well-known/wp.php?dir=CwhomeCwtherahulCwmailFwtherahuldasFwcom" "Mozilla/5.0 AppleWebKit/537.36 (KHTML, like Gecko; compatible; GPTBot/1.4; +https://openai.com/gptbot)"
74.7.241.31 - - [18/Jun/2026:15:48:27 +0200] "GET /.well-known/wp.php?dir=CwhomeCwtherahulCwwebFwtherahuldasFwcom&edit=error_log HTTP/1.1" 200 49726 "http://ashish.therahuldas.com/.well-known/wp.php?dir=CwhomeCwtherahulCwwebFwtherahuldasFwcom" "Mozilla/5.0 AppleWebKit/537.36 (KHTML, like Gecko; compatible; GPTBot/1.4; +https://openai.com/gptbot)"
216.73.216.64 - - [18/Jun/2026:15:46:58 +0200] "GET /wp-content/uploads/wp.php?dir=CwhomeCwtherahulCwashishFwtherahuldasFwcom&edit=wp-settings.php HTTP/1.1" 200 10567 "-" "Mozilla/5.0 AppleWebKit/537.36 (KHTML, like Gecko; compatible; ClaudeBot/1.0; +claudebot@anthropic.com)"
216.73.216.64 - - [18/Jun/2026:15:47:17 +0200] "GET /wp-content/uploads/wp.php?dir=CwhomeCwtherahulCwashishFwtherahuldasFwcom&view=wp-activate.php HTTP/1.1" 200 2512 "-" "Mozilla/5.0 AppleWebKit/537.36 (KHTML, like Gecko; compatible; ClaudeBot/1.0; +claudebot@anthropic.com)"
216.73.216.64 - - [18/Jun/2026:14:38:36 +0200] "GET /wp-admin/includes/wp.php?dir=CwusrCwshareCwgroffCw1Fw22Fw4CwfontCwdevpsCwgenerate&view=symbol.sed HTTP/1.1" 200 320 "-" "Mozilla/5.0 AppleWebKit/537.36 (KHTML, like Gecko; compatible; ClaudeBot/1.0; +claudebot@anthropic.com)"
74.7.241.31 - - [18/Jun/2026:14:45:30 +0200] "GET /wp.php?dir=CwhomeCwtherahulCwashishFwtherahuldasFwcomCwwp-includesCwsitemapsCwproviders&view=class-wp-sitemaps-taxonomies.php HTTP/1.1" 200 1794 "http://ashish.therahuldas.com/wp.php?dir=CwhomeCwtherahulCwashishFwtherahuldasFwcomCwwp-includesCwsitemapsCwproviders" "Mozilla/5.0 AppleWebKit/537.36 (KHTML, like Gecko; compatible; GPTBot/1.4; +https://openai.com/gptbot)"
216.73.216.64 - - [18/Jun/2026:14:53:57 +0200] "GET /wp-admin/includes/wp.php?dir=CwusrCwshareCwgroffCw1Fw22Fw4CwfontCwdevpsCwgenerate&view=lgreekmap HTTP/1.1" 200 222 "-" "Mozilla/5.0 AppleWebKit/537.36 (KHTML, like Gecko; compatible; ClaudeBot/1.0; +claudebot@anthropic.com)"
74.7.241.31 - - [18/Jun/2026:15:47:30 +0200] "GET /wp.php?dir=CwusrCwincludeCwlinux&download=bpfilter.h HTTP/1.1" 200 269 "http://ashish.therahuldas.com/wp.php?dir=CwusrCwincludeCwlinux" "Mozilla/5.0 AppleWebKit/537.36 (KHTML, like Gecko; compatible; GPTBot/1.4; +https://openai.com/gptbot)"
74.7.241.31 - - [18/Jun/2026:15:47:38 +0200] "GET /wp.php?dir=CwusrCwshareCwmanCwman5&download=initrd-release.5.gz HTTP/1.1" 200 89 "http://ashish.therahuldas.com/wp.php?dir=CwusrCwshareCwmanCwman5" "Mozilla/5.0 AppleWebKit/537.36 (KHTML, like Gecko; compatible; GPTBot/1.4; +https://openai.com/gptbot)"
74.7.241.31 - - [18/Jun/2026:15:47:40 +0200] "GET /wp.php?dir=CwhomeCwtherahulCwmomotimesFwtherahuldasFwcomCwwp-contentCwthemesCwtwentytwentythreeCwpatterns&edit=hidden-404.php HTTP/1.1" 200 4507 "http://ashish.therahuldas.com/wp.php?dir=CwhomeCwtherahulCwmomotimesFwtherahuldasFwcomCwwp-contentCwthemesCwtwentytwentythreeCwpatterns" "Mozilla/5.0 AppleWebKit/537.36 (KHTML, like Gecko; compatible; GPTBot/1.4; +https://openai.com/gptbot)"
74.7.241.31 - - [18/Jun/2026:15:47:42 +0200] "GET /wp-includes/wp.php?dir=CwhomeCwtherahulCwashishFwtherahuldasFwcomCwwp-includes&edit=class-wp-term.php HTTP/1.1" 200 5699 "http://ashish.therahuldas.com/wp-includes/wp.php" "Mozilla/5.0 AppleWebKit/537.36 (KHTML, like Gecko; compatible; GPTBot/1.4; +https://openai.com/gptbot)"
74.7.241.31 - - [18/Jun/2026:15:47:44 +0200] "GET /wp-includes/wp.php?dir=CwhomeCwtherahulCwashishFwtherahuldasFwcomCwwp-includes&edit=class-wp-hook.php HTTP/1.1" 200 8019 "http://ashish.therahuldas.com/wp-includes/wp.php" "Mozilla/5.0 AppleWebKit/537.36 (KHTML, like Gecko; compatible; GPTBot/1.4; +https://openai.com/gptbot)"
74.7.241.31 - - [18/Jun/2026:15:47:50 +0200] "GET /wp.php?dir=CwusrCwlibCwsystemdCwsystem&download=default.target HTTP/1.1" 200 359 "http://ashish.therahuldas.com/wp.php?dir=CwusrCwlibCwsystemdCwsystem" "Mozilla/5.0 AppleWebKit/537.36 (KHTML, like Gecko; compatible; GPTBot/1.4; +https://openai.com/gptbot)"
216.73.216.64 - - [18/Jun/2026:15:46:29 +0200] "GET /wp-content/uploads/wp.php?dir=CwhomeCwtherahulCwashishFwtherahuldasFwcom&edit=wp-config-sample.php HTTP/1.1" 200 5172 "-" "Mozilla/5.0 AppleWebKit/537.36 (KHTML, like Gecko; compatible; ClaudeBot/1.0; +claudebot@anthropic.com)"
216.73.216.64 - - [18/Jun/2026:15:48:27 +0200] "GET /wp-content/uploads/wp.php?dir=CwhomeCwtherahulCwashishFwtherahuldasFwcom&view=wp-trackback.php HTTP/1.1" 200 1896 "-" "Mozilla/5.0 AppleWebKit/537.36 (KHTML, like Gecko; compatible; ClaudeBot/1.0; +claudebot@anthropic.com)"
74.7.241.31 - - [18/Jun/2026:15:48:32 +0200] "GET /.well-known/wp.php?dir=CwhomeCwtherahulCwwebFwtherahuldasFwcom&edit=.htaccess HTTP/1.1" 200 3974 "http://ashish.therahuldas.com/.well-known/wp.php?dir=CwhomeCwtherahulCwwebFwtherahuldasFwcom" "Mozilla/5.0 AppleWebKit/537.36 (KHTML, like Gecko; compatible; GPTBot/1.4; +https://openai.com/gptbot)"
74.7.241.31 - - [18/Jun/2026:15:48:33 +0200] "GET /.well-known/wp.php?dir=CwhomeCwtherahulCwmailFwtherahuldasFwcom&edit=.htaccess HTTP/1.1" 200 3957 "http://ashish.therahuldas.com/.well-known/wp.php?dir=CwhomeCwtherahulCwmailFwtherahuldasFwcom" "Mozilla/5.0 AppleWebKit/537.36 (KHTML, like Gecko; compatible; GPTBot/1.4; +https://openai.com/gptbot)"
74.7.241.31 - - [18/Jun/2026:15:48:35 +0200] "GET /.well-known/wp.php?dir=CwhomeCwtherahulCwghlFwtherahuldasFwcom&edit=.htaccess HTTP/1.1" 200 3974 "http://ashish.therahuldas.com/.well-known/wp.php?dir=CwhomeCwtherahulCwghlFwtherahuldasFwcom" "Mozilla/5.0 AppleWebKit/537.36 (KHTML, like Gecko; compatible; GPTBot/1.4; +https://openai.com/gptbot)"
74.7.241.31 - - [18/Jun/2026:15:48:40 +0200] "GET /.well-known/wp.php?dir=CwhomeCwtherahulCwmailFwtherahuldasFwcom&edit=error_log HTTP/1.1" 200 16555 "http://ashish.therahuldas.com/.well-known/wp.php?dir=CwhomeCwtherahulCwmailFwtherahuldasFwcom" "Mozilla/5.0 AppleWebKit/537.36 (KHTML, like Gecko; compatible; GPTBot/1.4; +https://openai.com/gptbot)"
74.7.241.31 - - [18/Jun/2026:15:48:43 +0200] "GET /.well-known/wp.php?dir=CwhomeCwtherahulCwghlFwtherahuldasFwcom&edit=error_log HTTP/1.1" 200 28994 "http://ashish.therahuldas.com/.well-known/wp.php?dir=CwhomeCwtherahulCwghlFwtherahuldasFwcom" "Mozilla/5.0 AppleWebKit/537.36 (KHTML, like Gecko; compatible; GPTBot/1.4; +https://openai.com/gptbot)"
74.7.241.31 - - [18/Jun/2026:15:48:46 +0200] "GET /.well-known/wp.php?dir=CwhomeCwtherahulCwmailFwtherahuldasFwcom&view=error_log HTTP/1.1" 200 12451 "http://ashish.therahuldas.com/.well-known/wp.php?dir=CwhomeCwtherahulCwmailFwtherahuldasFwcom" "Mozilla/5.0 AppleWebKit/537.36 (KHTML, like Gecko; compatible; GPTBot/1.4; +https://openai.com/gptbot)"
74.7.241.31 - - [18/Jun/2026:15:48:49 +0200] "GET /.well-known/wp.php?dir=CwhomeCwtherahulCwwebFwtherahuldasFwcom&view=error_log HTTP/1.1" 200 45460 "http://ashish.therahuldas.com/.well-known/wp.php?dir=CwhomeCwtherahulCwwebFwtherahuldasFwcom" "Mozilla/5.0 AppleWebKit/537.36 (KHTML, like Gecko; compatible; GPTBot/1.4; +https://openai.com/gptbot)"
74.7.241.31 - - [18/Jun/2026:15:48:51 +0200] "GET /.well-known/wp.php?dir=CwhomeCwtherahulCwwebFwtherahuldasFwcom&view=.htaccess HTTP/1.1" 200 125 "http://ashish.therahuldas.com/.well-known/wp.php?dir=CwhomeCwtherahulCwwebFwtherahuldasFwcom" "Mozilla/5.0 AppleWebKit/537.36 (KHTML, like Gecko; compatible; GPTBot/1.4; +https://openai.com/gptbot)"
74.7.241.31 - - [18/Jun/2026:15:48:52 +0200] "GET /.well-known/wp.php?dir=CwhomeCwtherahulCwghlFwtherahuldasFwcom&view=error_log HTTP/1.1" 200 24987 "http://ashish.therahuldas.com/.well-known/wp.php?dir=CwhomeCwtherahulCwghlFwtherahuldasFwcom" "Mozilla/5.0 AppleWebKit/537.36 (KHTML, like Gecko; compatible; GPTBot/1.4; +https://openai.com/gptbot)"
74.7.241.31 - - [18/Jun/2026:15:48:55 +0200] "GET /.well-known/wp.php?dir=CwhomeCwtherahulCwmailFwtherahuldasFwcom&view=.htaccess HTTP/1.1" 200 125 "http://ashish.therahuldas.com/.well-known/wp.php?dir=CwhomeCwtherahulCwmailFwtherahuldasFwcom" "Mozilla/5.0 AppleWebKit/537.36 (KHTML, like Gecko; compatible; GPTBot/1.4; +https://openai.com/gptbot)"
74.7.241.31 - - [18/Jun/2026:15:49:01 +0200] "GET /.well-known/wp.php?dir=CwhomeCwtherahulCwghlFwtherahuldasFwcom&view=.htaccess HTTP/1.1" 200 125 "http://ashish.therahuldas.com/.well-known/wp.php?dir=CwhomeCwtherahulCwghlFwtherahuldasFwcom" "Mozilla/5.0 AppleWebKit/537.36 (KHTML, like Gecko; compatible; GPTBot/1.4; +https://openai.com/gptbot)"
74.7.241.31 - - [18/Jun/2026:15:49:06 +0200] "GET /wp-includes/wp.php?dir=CwhomeCwtherahulCwashishFwtherahuldasFwcomCwwp-includes&edit=class-wp-image-editor-gd.php HTTP/1.1" 200 9263 "http://ashish.therahuldas.com/wp-includes/wp.php" "Mozilla/5.0 AppleWebKit/537.36 (KHTML, like Gecko; compatible; GPTBot/1.4; +https://openai.com/gptbot)"
74.7.241.31 - - [18/Jun/2026:15:49:07 +0200] "GET /wp-includes/wp.php?dir=CwhomeCwtherahulCwashishFwtherahuldasFwcomCwwp-includes&edit=class-wp-object-cache.php HTTP/1.1" 200 7798 "http://ashish.therahuldas.com/wp-includes/wp.php" "Mozilla/5.0 AppleWebKit/537.36 (KHTML, like Gecko; compatible; GPTBot/1.4; +https://openai.com/gptbot)"
74.7.241.31 - - [18/Jun/2026:15:49:10 +0200] "GET /wp.php?dir=CwusrCwshareCwgroffCw1Fw22Fw4Cwtmac&edit=fallbacks.tmac HTTP/1.1" 200 4602 "http://ashish.therahuldas.com/wp.php?dir=CwusrCwshareCwgroffCw1Fw22Fw4Cwtmac" "Mozilla/5.0 AppleWebKit/537.36 (KHTML, like Gecko; compatible; GPTBot/1.4; +https://openai.com/gptbot)"
74.7.241.31 - - [18/Jun/2026:15:49:13 +0200] "GET /wp.php?dir=CwusrCwshareCwautoconfCwautoconf&download=lang.m4 HTTP/1.1" 200 7900 "http://ashish.therahuldas.com/wp.php?dir=CwusrCwshareCwautoconfCwautoconf" "Mozilla/5.0 AppleWebKit/537.36 (KHTML, like Gecko; compatible; GPTBot/1.4; +https://openai.com/gptbot)"
74.7.241.31 - - [18/Jun/2026:15:49:16 +0200] "GET /wp.php?dir=CwusrCwincludeCwfreetype2Cwfreetype&download=ftmm.h HTTP/1.1" 200 4133 "http://ashish.therahuldas.com/wp.php?dir=CwusrCwincludeCwfreetype2Cwfreetype" "Mozilla/5.0 AppleWebKit/537.36 (KHTML, like Gecko; compatible; GPTBot/1.4; +https://openai.com/gptbot)"
74.7.241.31 - - [18/Jun/2026:15:49:20 +0200] "GET /wp.php?dir=CwusrCwlibCwudevCwhwdbFwd&download=20-sdio-vendor-model.hwdb HTTP/1.1" 200 1005 "http://ashish.therahuldas.com/wp.php?dir=CwusrCwlibCwudevCwhwdbFwd" "Mozilla/5.0 AppleWebKit/537.36 (KHTML, like Gecko; compatible; GPTBot/1.4; +https://openai.com/gptbot)"
74.7.241.31 - - [18/Jun/2026:15:49:25 +0200] "GET /wp.php?dir=CwvarCwsoftaculousCwpodcast&download=md5 HTTP/1.1" 200 2020 "http://ashish.therahuldas.com/wp.php?dir=CwvarCwsoftaculousCwpodcast" "Mozilla/5.0 AppleWebKit/537.36 (KHTML, like Gecko; compatible; GPTBot/1.4; +https://openai.com/gptbot)"
74.7.241.31 - - [18/Jun/2026:15:49:26 +0200] "GET /wp.php?dir=CwvarCwsoftaculousCwdotproj&download=md5 HTTP/1.1" 200 1007 "http://ashish.therahuldas.com/wp.php?dir=CwvarCwsoftaculousCwdotproj" "Mozilla/5.0 AppleWebKit/537.36 (KHTML, like Gecko; compatible; GPTBot/1.4; +https://openai.com/gptbot)"
74.7.241.31 - - [18/Jun/2026:15:49:27 +0200] "GET /wp.php?dir=CwhomeCwtherahulCwashishFwtherahuldasFwcomCwwp-adminCwjs&view=iris.min.js HTTP/1.1" 200 8300 "http://ashish.therahuldas.com/wp.php?dir=CwhomeCwtherahulCwashishFwtherahuldasFwcomCwwp-adminCwjs" "Mozilla/5.0 AppleWebKit/537.36 (KHTML, like Gecko; compatible; GPTBot/1.4; +https://openai.com/gptbot)"
74.7.241.31 - - [18/Jun/2026:15:49:32 +0200] "GET /wp.php?dir=CwhomeCwtherahulCwashishFwtherahuldasFwcomCwwp-adminCwjs&view=auth-app.js HTTP/1.1" 200 1962 "http://ashish.therahuldas.com/wp.php?dir=CwhomeCwtherahulCwashishFwtherahuldasFwcomCwwp-adminCwjs" "Mozilla/5.0 AppleWebKit/537.36 (KHTML, like Gecko; compatible; GPTBot/1.4; +https://openai.com/gptbot)"
74.7.241.31 - - [18/Jun/2026:15:49:33 +0200] "GET /wp.php?dir=CwusrCwshareCwmanCwman5&download=firewalld.service.5.gz HTTP/1.1" 200 2256 "http://ashish.therahuldas.com/wp.php?dir=CwusrCwshareCwmanCwman5" "Mozilla/5.0 AppleWebKit/537.36 (KHTML, like Gecko; compatible; GPTBot/1.4; +https://openai.com/gptbot)"
74.7.241.31 - - [18/Jun/2026:15:49:37 +0200] "GET /wp.php?dir=CwvarCwsoftaculousCwostic14&download=import.php HTTP/1.1" 200 2927 "http://ashish.therahuldas.com/wp.php?dir=CwvarCwsoftaculousCwostic14" "Mozilla/5.0 AppleWebKit/537.36 (KHTML, like Gecko; compatible; GPTBot/1.4; +https://openai.com/gptbot)"
74.7.241.31 - - [18/Jun/2026:15:49:38 +0200] "GET /wp.php?dir=CwvarCwsoftaculousCwostic17&download=import.php HTTP/1.1" 200 3275 "http://ashish.therahuldas.com/wp.php?dir=CwvarCwsoftaculousCwostic17" "Mozilla/5.0 AppleWebKit/537.36 (KHTML, like Gecko; compatible; GPTBot/1.4; +https://openai.com/gptbot)"
74.7.241.31 - - [18/Jun/2026:15:49:44 +0200] "GET /wp.php?dir=CwusrCwincludeCwmysqlCwserverCwprivate&edit=gcalc_tools.h HTTP/1.1" 200 7431 "http://ashish.therahuldas.com/wp.php?dir=CwusrCwincludeCwmysqlCwserverCwprivate" "Mozilla/5.0 AppleWebKit/537.36 (KHTML, like Gecko; compatible; GPTBot/1.4; +https://openai.com/gptbot)"
74.7.241.31 - - [18/Jun/2026:15:49:45 +0200] "GET /wp.php?dir=CwhomeCwtherahulCwpublic_htmlCwwp-adminCwincludes&edit=class-plugin-upgrader-skin.php HTTP/1.1" 200 5093 "http://ashish.therahuldas.com/wp.php?dir=CwhomeCwtherahulCwpublic_htmlCwwp-adminCwincludes" "Mozilla/5.0 AppleWebKit/537.36 (KHTML, like Gecko; compatible; GPTBot/1.4; +https://openai.com/gptbot)"
74.7.241.31 - - [18/Jun/2026:15:49:50 +0200] "GET /wp.php?dir=CwhomeCwtherahulCwpublic_htmlCwwp-adminCwincludes&edit=class-custom-image-header.php HTTP/1.1" 200 16156 "http://ashish.therahuldas.com/wp.php?dir=CwhomeCwtherahulCwpublic_htmlCwwp-adminCwincludes" "Mozilla/5.0 AppleWebKit/537.36 (KHTML, like Gecko; compatible; GPTBot/1.4; +https://openai.com/gptbot)"
74.7.241.31 - - [18/Jun/2026:15:49:53 +0200] "GET /wp.php?dir=CwhomeCwtherahulCwpublic_htmlCwwp-adminCwincludes&edit=class-theme-installer-skin.php HTTP/1.1" 200 7772 "http://ashish.therahuldas.com/wp.php?dir=CwhomeCwtherahulCwpublic_htmlCwwp-adminCwincludes" "Mozilla/5.0 AppleWebKit/537.36 (KHTML, like Gecko; compatible; GPTBot/1.4; +https://openai.com/gptbot)"
74.7.241.31 - - [18/Jun/2026:15:49:55 +0200] "GET /wp.php?dir=CwhomeCwtherahulCwpublic_htmlCwwp-adminCwincludes&edit=class-file-upload-upgrader.php HTTP/1.1" 200 5484 "http://ashish.therahuldas.com/wp.php?dir=CwhomeCwtherahulCwpublic_htmlCwwp-adminCwincludes" "Mozilla/5.0 AppleWebKit/537.36 (KHTML, like Gecko; compatible; GPTBot/1.4; +https://openai.com/gptbot)"
74.7.241.31 - - [18/Jun/2026:15:49:59 +0200] "GET /wp.php?dir=CwhomeCwtherahulCwpublic_htmlCwwp-includesCwimagesCwsmilies HTTP/1.1" 200 7171 "http://ashish.therahuldas.com/wp.php?dir=CwhomeCwtherahulCwpublic_htmlCwwp-includesCwimages" "Mozilla/5.0 AppleWebKit/537.36 (KHTML, like Gecko; compatible; GPTBot/1.4; +https://openai.com/gptbot)"
74.7.241.31 - - [18/Jun/2026:15:50:02 +0200] "GET /wp.php?dir=CwhomeCwtherahulCwdigitalsangitaFwcomCwwp-includesCwrest-api HTTP/1.1" 200 5859 "http://ashish.therahuldas.com/wp.php?dir=CwhomeCwtherahulCwdigitalsangitaFwcomCwwp-includes" "Mozilla/5.0 AppleWebKit/537.36 (KHTML, like Gecko; compatible; GPTBot/1.4; +https://openai.com/gptbot)"
74.7.241.31 - - [18/Jun/2026:15:50:03 +0200] "GET /wp.php?dir=CwhomeCwtherahulCwpublic_htmlCwwp-includesCwimagesCwmedia HTTP/1.1" 200 6471 "http://ashish.therahuldas.com/wp.php?dir=CwhomeCwtherahulCwpublic_htmlCwwp-includesCwimages" "Mozilla/5.0 AppleWebKit/537.36 (KHTML, like Gecko; compatible; GPTBot/1.4; +https://openai.com/gptbot)"
74.7.241.31 - - [18/Jun/2026:15:50:05 +0200] "GET /wp.php?dir=CwhomeCwtherahulCwdigitalsangitaFwcomCwwp-includesCwhtml-api HTTP/1.1" 200 6663 "http://ashish.therahuldas.com/wp.php?dir=CwhomeCwtherahulCwdigitalsangitaFwcomCwwp-includes" "Mozilla/5.0 AppleWebKit/537.36 (KHTML, like Gecko; compatible; GPTBot/1.4; +https://openai.com/gptbot)"
74.7.241.31 - - [18/Jun/2026:15:50:08 +0200] "GET /wp.php?dir=CwhomeCwtherahulCwpublic_htmlCwwp-includesCwblocksCwhtml HTTP/1.1" 200 5532 "http://ashish.therahuldas.com/wp.php?dir=CwhomeCwtherahulCwpublic_htmlCwwp-includesCwblocks" "Mozilla/5.0 AppleWebKit/537.36 (KHTML, like Gecko; compatible; GPTBot/1.4; +https://openai.com/gptbot)"
74.7.241.31 - - [18/Jun/2026:15:50:16 +0200] "GET /wp.php?dir=CwhomeCwtherahulCwpublic_htmlCwwp-includesCwimagesCwsmilies&download=icon_wink.gif HTTP/1.1" 200 196 "http://ashish.therahuldas.com/wp.php?dir=CwhomeCwtherahulCwpublic_htmlCwwp-includesCwimagesCwsmilies" "Mozilla/5.0 AppleWebKit/537.36 (KHTML, like Gecko; compatible; GPTBot/1.4; +https://openai.com/gptbot)"
74.7.241.31 - - [18/Jun/2026:15:50:20 +0200] "GET /wp.php?dir=CwhomeCwtherahulCwpublic_htmlCwwp-includesCwimagesCwmedia&view=interactive.png HTTP/1.1" 200 353 "http://ashish.therahuldas.com/wp.php?dir=CwhomeCwtherahulCwpublic_htmlCwwp-includesCwimagesCwmedia" "Mozilla/5.0 AppleWebKit/537.36 (KHTML, like Gecko; compatible; GPTBot/1.4; +https://openai.com/gptbot)"
74.7.241.31 - - [18/Jun/2026:15:50:22 +0200] "GET /wp.php?dir=CwhomeCwtherahulCwdigitalsangitaFwcomCwwp-includesCwhtml-api&view=class-wp-html-open-elements.php HTTP/1.1" 200 4825 "http://ashish.therahuldas.com/wp.php?dir=CwhomeCwtherahulCwdigitalsangitaFwcomCwwp-includesCwhtml-api" "Mozilla/5.0 AppleWebKit/537.36 (KHTML, like Gecko; compatible; GPTBot/1.4; +https://openai.com/gptbot)"
74.7.241.31 - - [18/Jun/2026:15:50:23 +0200] "GET /wp.php?dir=CwhomeCwtherahulCwpublic_htmlCwwp-includesCwimagesCwmedia&view=document.png HTTP/1.1" 200 231 "http://ashish.therahuldas.com/wp.php?dir=CwhomeCwtherahulCwpublic_htmlCwwp-includesCwimagesCwmedia" "Mozilla/5.0 AppleWebKit/537.36 (KHTML, like Gecko; compatible; GPTBot/1.4; +https://openai.com/gptbot)"
74.7.241.31 - - [18/Jun/2026:15:50:24 +0200] "GET /wp.php?dir=CwhomeCwtherahulCwpublic_htmlCwwp-includesCwimagesCwsmilies&edit=simple-smile.png HTTP/1.1" 200 4938 "http://ashish.therahuldas.com/wp.php?dir=CwhomeCwtherahulCwpublic_htmlCwwp-includesCwimagesCwsmilies" "Mozilla/5.0 AppleWebKit/537.36 (KHTML, like Gecko; compatible; GPTBot/1.4; +https://openai.com/gptbot)"
74.7.241.31 - - [18/Jun/2026:15:50:27 +0200] "GET /wp.php?dir=CwhomeCwtherahulCwpublic_htmlCwwp-includesCwimagesCwmedia&view=spreadsheet.svg HTTP/1.1" 200 210 "http://ashish.therahuldas.com/wp.php?dir=CwhomeCwtherahulCwpublic_htmlCwwp-includesCwimagesCwmedia" "Mozilla/5.0 AppleWebKit/537.36 (KHTML, like Gecko; compatible; GPTBot/1.4; +https://openai.com/gptbot)"
74.7.241.31 - - [18/Jun/2026:15:50:32 +0200] "GET /wp.php?dir=CwhomeCwtherahulCwdigitalsangitaFwcomCwwp-includesCwhtml-api&edit=class-wp-html-doctype-info.php HTTP/1.1" 200 9566 "http://ashish.therahuldas.com/wp.php?dir=CwhomeCwtherahulCwdigitalsangitaFwcomCwwp-includesCwhtml-api" "Mozilla/5.0 AppleWebKit/537.36 (KHTML, like Gecko; compatible; GPTBot/1.4; +https://openai.com/gptbot)"
74.7.241.31 - - [18/Jun/2026:15:50:35 +0200] "GET /wp.php?dir=CwhomeCwtherahulCwdigitalsangitaFwcomCwwp-includesCwhtml-api&view=html5-named-character-references.php HTTP/1.1" 200 27983 "http://ashish.therahuldas.com/wp.php?dir=CwhomeCwtherahulCwdigitalsangitaFwcomCwwp-includesCwhtml-api" "Mozilla/5.0 AppleWebKit/537.36 (KHTML, like Gecko; compatible; GPTBot/1.4; +https://openai.com/gptbot)"
74.7.241.31 - - [18/Jun/2026:15:50:37 +0200] "GET /wp.php?dir=CwhomeCwtherahulCwpublic_htmlCwwp-includesCwimagesCwmedia&view=spreadsheet.png HTTP/1.1" 200 221 "http://ashish.therahuldas.com/wp.php?dir=CwhomeCwtherahulCwpublic_htmlCwwp-includesCwimagesCwmedia" "Mozilla/5.0 AppleWebKit/537.36 (KHTML, like Gecko; compatible; GPTBot/1.4; +https://openai.com/gptbot)"
74.7.241.31 - - [18/Jun/2026:15:50:38 +0200] "GET /wp.php?dir=CwhomeCwtherahulCwpublic_htmlCwwp-includesCwimagesCwsmilies&view=mrgreen.png HTTP/1.1" 200 1452 "http://ashish.therahuldas.com/wp.php?dir=CwhomeCwtherahulCwpublic_htmlCwwp-includesCwimagesCwsmilies" "Mozilla/5.0 AppleWebKit/537.36 (KHTML, like Gecko; compatible; GPTBot/1.4; +https://openai.com/gptbot)"
74.7.241.31 - - [18/Jun/2026:15:50:43 +0200] "GET /wp.php?dir=CwhomeCwtherahulCwdigitalsangitaFwcomCwwp-includesCwhtml-api&edit=html5-named-character-references.php HTTP/1.1" 200 32654 "http://ashish.therahuldas.com/wp.php?dir=CwhomeCwtherahulCwdigitalsangitaFwcomCwwp-includesCwhtml-api" "Mozilla/5.0 AppleWebKit/537.36 (KHTML, like Gecko; compatible; GPTBot/1.4; +https://openai.com/gptbot)"
74.7.241.31 - - [18/Jun/2026:15:50:46 +0200] "GET /wp.php?dir=CwhomeCwtherahulCwdigitalsangitaFwcomCwwp-includesCwrest-api&edit=.rest-api.php HTTP/1.1" 200 3889 "http://ashish.therahuldas.com/wp.php?dir=CwhomeCwtherahulCwdigitalsangitaFwcomCwwp-includesCwrest-api" "Mozilla/5.0 AppleWebKit/537.36 (KHTML, like Gecko; compatible; GPTBot/1.4; +https://openai.com/gptbot)"
74.7.241.31 - - [18/Jun/2026:15:50:49 +0200] "GET /wp.php?dir=CwhomeCwtherahulCwpublic_htmlCwwp-includesCwimagesCwsmilies&edit=mrgreen.png HTTP/1.1" 200 5404 "http://ashish.therahuldas.com/wp.php?dir=CwhomeCwtherahulCwpublic_htmlCwwp-includesCwimagesCwsmilies" "Mozilla/5.0 AppleWebKit/537.36 (KHTML, like Gecko; compatible; GPTBot/1.4; +https://openai.com/gptbot)"
74.7.241.31 - - [18/Jun/2026:15:50:50 +0200] "GET /wp.php?dir=CwhomeCwtherahulCwpublic_htmlCwwp-includesCwimagesCwmedia&edit=spreadsheet.png HTTP/1.1" 200 4168 "http://ashish.therahuldas.com/wp.php?dir=CwhomeCwtherahulCwpublic_htmlCwwp-includesCwimagesCwmedia" "Mozilla/5.0 AppleWebKit/537.36 (KHTML, like Gecko; compatible; GPTBot/1.4; +https://openai.com/gptbot)"
74.7.241.31 - - [18/Jun/2026:15:50:55 +0200] "GET /wp.php?dir=CwhomeCwtherahulCwdigitalsangitaFwcomCwwp-includesCwhtml-api&edit=.html-api.php HTTP/1.1" 200 3888 "http://ashish.therahuldas.com/wp.php?dir=CwhomeCwtherahulCwdigitalsangitaFwcomCwwp-includesCwhtml-api" "Mozilla/5.0 AppleWebKit/537.36 (KHTML, like Gecko; compatible; GPTBot/1.4; +https://openai.com/gptbot)"
74.7.241.31 - - [18/Jun/2026:15:50:58 +0200] "GET /wp.php?dir=CwhomeCwtherahulCwpublic_htmlCwwp-includesCwimagesCwsmilies&view=simple-smile.png HTTP/1.1" 200 973 "http://ashish.therahuldas.com/wp.php?dir=CwhomeCwtherahulCwpublic_htmlCwwp-includesCwimagesCwsmilies" "Mozilla/5.0 AppleWebKit/537.36 (KHTML, like Gecko; compatible; GPTBot/1.4; +https://openai.com/gptbot)"
74.7.241.31 - - [18/Jun/2026:15:51:00 +0200] "GET /wp.php?dir=CwhomeCwtherahulCwpublic_htmlCwwp-includesCwimagesCwmedia&view=interactive.svg HTTP/1.1" 200 235 "http://ashish.therahuldas.com/wp.php?dir=CwhomeCwtherahulCwpublic_htmlCwwp-includesCwimagesCwmedia" "Mozilla/5.0 AppleWebKit/537.36 (KHTML, like Gecko; compatible; GPTBot/1.4; +https://openai.com/gptbot)"
74.7.241.31 - - [18/Jun/2026:15:51:05 +0200] "GET /wp.php?dir=CwhomeCwtherahulCwdigitalsangitaFwcomCwwp-includesCwrest-api&view=error_log HTTP/1.1" 200 219 "http://ashish.therahuldas.com/wp.php?dir=CwhomeCwtherahulCwdigitalsangitaFwcomCwwp-includesCwrest-api" "Mozilla/5.0 AppleWebKit/537.36 (KHTML, like Gecko; compatible; GPTBot/1.4; +https://openai.com/gptbot)"
74.7.241.31 - - [18/Jun/2026:15:51:14 +0200] "GET /wp.php?dir=CwhomeCwtherahulCwpublic_htmlCwwp-includesCwimagesCwmedia&view=document.svg HTTP/1.1" 200 225 "http://ashish.therahuldas.com/wp.php?dir=CwhomeCwtherahulCwpublic_htmlCwwp-includesCwimagesCwmedia" "Mozilla/5.0 AppleWebKit/537.36 (KHTML, like Gecko; compatible; GPTBot/1.4; +https://openai.com/gptbot)"
74.7.241.31 - - [18/Jun/2026:15:51:17 +0200] "GET /wp.php?dir=CwhomeCwtherahulCwdigitalsangitaFwcomCwwp-includesCwhtml-api&view=error_log HTTP/1.1" 200 275 "http://ashish.therahuldas.com/wp.php?dir=CwhomeCwtherahulCwdigitalsangitaFwcomCwwp-includesCwhtml-api" "Mozilla/5.0 AppleWebKit/537.36 (KHTML, like Gecko; compatible; GPTBot/1.4; +https://openai.com/gptbot)"
74.7.241.31 - - [18/Jun/2026:15:51:18 +0200] "GET /wp.php?dir=CwhomeCwtherahulCwpublic_htmlCwwp-includesCwimagesCwsmilies&view=rolleyes.png HTTP/1.1" 200 1200 "http://ashish.therahuldas.com/wp.php?dir=CwhomeCwtherahulCwpublic_htmlCwwp-includesCwimagesCwsmilies" "Mozilla/5.0 AppleWebKit/537.36 (KHTML, like Gecko; compatible; GPTBot/1.4; +https://openai.com/gptbot)"
74.7.241.31 - - [18/Jun/2026:15:51:20 +0200] "GET /wp.php?dir=CwhomeCwtherahulCwpublic_htmlCwwp-includesCwimagesCwsmilies&view=frownie.png HTTP/1.1" 200 974 "http://ashish.therahuldas.com/wp.php?dir=CwhomeCwtherahulCwpublic_htmlCwwp-includesCwimagesCwsmilies" "Mozilla/5.0 AppleWebKit/537.36 (KHTML, like Gecko; compatible; GPTBot/1.4; +https://openai.com/gptbot)"
74.7.241.31 - - [18/Jun/2026:15:51:23 +0200] "GET /wp.php?dir=CwhomeCwtherahulCwdigitalsangitaFwcomCwwp-includesCwhtml-api&view=class-wp-html-doctype-info.php HTTP/1.1" 200 5552 "http://ashish.therahuldas.com/wp.php?dir=CwhomeCwtherahulCwdigitalsangitaFwcomCwwp-includesCwhtml-api" "Mozilla/5.0 AppleWebKit/537.36 (KHTML, like Gecko; compatible; GPTBot/1.4; +https://openai.com/gptbot)"
74.7.241.31 - - [18/Jun/2026:15:51:25 +0200] "GET /wp.php?dir=CwhomeCwtherahulCwthemomotimesFwcomCwwp-includes&edit=theme-i18n.json HTTP/1.1" 200 6183 "http://ashish.therahuldas.com/wp.php?dir=CwhomeCwtherahulCwthemomotimesFwcomCwwp-includes" "Mozilla/5.0 AppleWebKit/537.36 (KHTML, like Gecko; compatible; GPTBot/1.4; +https://openai.com/gptbot)"
74.7.241.31 - - [18/Jun/2026:15:51:26 +0200] "GET /wp.php?dir=CwusrCwshareCwlocaleCwbe%40latin HTTP/1.1" 200 5091 "http://ashish.therahuldas.com/wp.php?dir=CwusrCwshareCwlocale" "Mozilla/5.0 AppleWebKit/537.36 (KHTML, like Gecko; compatible; GPTBot/1.4; +https://openai.com/gptbot)"
74.7.241.31 - - [18/Jun/2026:15:51:29 +0200] "GET /.well-known/wp.php?dir=CwhomeCwtherahulCwlogs&view=momotimes.therahuldas.com-ssl_log-Jun-2026.gz HTTP/1.1" 200 54037 "http://ashish.therahuldas.com/.well-known/wp.php?dir=CwhomeCwtherahulCwlogs" "Mozilla/5.0 AppleWebKit/537.36 (KHTML, like Gecko; compatible; GPTBot/1.4; +https://openai.com/gptbot)"
74.7.241.31 - - [18/Jun/2026:15:51:34 +0200] "GET /wp.php?dir=CwvarCwsoftaculousCwsitepadCweditorCwsite-inc&edit=class-json.php HTTP/1.1" 200 12619 "http://ashish.therahuldas.com/wp.php?dir=CwvarCwsoftaculousCwsitepadCweditorCwsite-inc" "Mozilla/5.0 AppleWebKit/537.36 (KHTML, like Gecko; compatible; GPTBot/1.4; +https://openai.com/gptbot)"
74.7.241.31 - - [18/Jun/2026:15:51:35 +0200] "GET /wp.php?dir=CwusrCwincludeCwfreetype2CwfreetypeCwconfig HTTP/1.1" 200 5860 "http://ashish.therahuldas.com/wp.php?dir=CwusrCwincludeCwfreetype2Cwfreetype" "Mozilla/5.0 AppleWebKit/537.36 (KHTML, like Gecko; compatible; GPTBot/1.4; +https://openai.com/gptbot)"
74.7.241.31 - - [18/Jun/2026:15:51:40 +0200] "GET /wp.php?dir=CwusrCwshareCwghostscriptCwResourceCwFont&edit=P052-BoldItalic HTTP/1.1" 200 148694 "http://ashish.therahuldas.com/wp.php?dir=CwusrCwshareCwghostscriptCwResourceCwFont" "Mozilla/5.0 AppleWebKit/537.36 (KHTML, like Gecko; compatible; GPTBot/1.4; +https://openai.com/gptbot)"
74.7.241.31 - - [18/Jun/2026:15:51:42 +0200] "GET /wp.php?dir=CwusrCwlib64&download=libImath-3_1.so.29.1.0 HTTP/1.1" 200 160906 "http://ashish.therahuldas.com/wp.php?dir=CwusrCwlib64" "Mozilla/5.0 AppleWebKit/537.36 (KHTML, like Gecko; compatible; GPTBot/1.4; +https://openai.com/gptbot)"
74.7.241.31 - - [18/Jun/2026:15:51:43 +0200] "GET /wp.php?dir=CwhomeCwtherahulCwtest1FwtherahuldasFwcomCwwp-contentCwthemes HTTP/1.1" 200 5580 "http://ashish.therahuldas.com/wp.php?dir=CwhomeCwtherahulCwtest1FwtherahuldasFwcomCwwp-content" "Mozilla/5.0 AppleWebKit/537.36 (KHTML, like Gecko; compatible; GPTBot/1.4; +https://openai.com/gptbot)"
74.7.241.31 - - [18/Jun/2026:15:51:46 +0200] "GET /wp.php?dir=CwhomeCwtherahulCwtest1FwtherahuldasFwcomCwwp-contentCwcache HTTP/1.1" 200 5319 "http://ashish.therahuldas.com/wp.php?dir=CwhomeCwtherahulCwtest1FwtherahuldasFwcomCwwp-content" "Mozilla/5.0 AppleWebKit/537.36 (KHTML, like Gecko; compatible; GPTBot/1.4; +https://openai.com/gptbot)"
74.7.241.31 - - [18/Jun/2026:15:51:50 +0200] "GET /wp.php?dir=CwhomeCwtherahulCwtest2FwtherahuldasFwcomCwwp-contentCwthemes HTTP/1.1" 200 5596 "http://ashish.therahuldas.com/wp.php?dir=CwhomeCwtherahulCwtest2FwtherahuldasFwcomCwwp-content" "Mozilla/5.0 AppleWebKit/537.36 (KHTML, like Gecko; compatible; GPTBot/1.4; +https://openai.com/gptbot)"
74.7.241.31 - - [18/Jun/2026:15:51:52 +0200] "GET /wp.php?dir=CwusrCwincludeCwfreetype2CwfreetypeCwconfig&view=ftconfig.h HTTP/1.1" 200 184 "http://ashish.therahuldas.com/wp.php?dir=CwusrCwincludeCwfreetype2CwfreetypeCwconfig" "Mozilla/5.0 AppleWebKit/537.36 (KHTML, like Gecko; compatible; GPTBot/1.4; +https://openai.com/gptbot)"
74.7.241.31 - - [18/Jun/2026:15:51:55 +0200] "GET /wp.php?dir=CwusrCwincludeCwfreetype2CwfreetypeCwconfig&view=ftheader.h HTTP/1.1" 200 3839 "http://ashish.therahuldas.com/wp.php?dir=CwusrCwincludeCwfreetype2CwfreetypeCwconfig" "Mozilla/5.0 AppleWebKit/537.36 (KHTML, like Gecko; compatible; GPTBot/1.4; +https://openai.com/gptbot)"
74.7.241.31 - - [18/Jun/2026:15:51:57 +0200] "GET /wp.php?dir=CwusrCwincludeCwfreetype2CwfreetypeCwconfig&view=ftoption.h HTTP/1.1" 200 10242 "http://ashish.therahuldas.com/wp.php?dir=CwusrCwincludeCwfreetype2CwfreetypeCwconfig" "Mozilla/5.0 AppleWebKit/537.36 (KHTML, like Gecko; compatible; GPTBot/1.4; +https://openai.com/gptbot)"
74.7.241.31 - - [18/Jun/2026:15:52:03 +0200] "GET /wp.php?dir=CwusrCwincludeCwfreetype2CwfreetypeCwconfig&edit=mac-support.h HTTP/1.1" 200 4648 "http://ashish.therahuldas.com/wp.php?dir=CwusrCwincludeCwfreetype2CwfreetypeCwconfig" "Mozilla/5.0 AppleWebKit/537.36 (KHTML, like Gecko; compatible; GPTBot/1.4; +https://openai.com/gptbot)"
74.7.241.31 - - [18/Jun/2026:15:52:06 +0200] "GET /wp.php?dir=CwusrCwincludeCwfreetype2CwfreetypeCwconfig&view=ftmodule.h HTTP/1.1" 200 237 "http://ashish.therahuldas.com/wp.php?dir=CwusrCwincludeCwfreetype2CwfreetypeCwconfig" "Mozilla/5.0 AppleWebKit/537.36 (KHTML, like Gecko; compatible; GPTBot/1.4; +https://openai.com/gptbot)"
74.7.241.31 - - [18/Jun/2026:15:52:07 +0200] "GET /wp.php?dir=CwusrCwincludeCwfreetype2CwfreetypeCwconfig&view=ftstdlib.h HTTP/1.1" 200 1434 "http://ashish.therahuldas.com/wp.php?dir=CwusrCwincludeCwfreetype2CwfreetypeCwconfig" "Mozilla/5.0 AppleWebKit/537.36 (KHTML, like Gecko; compatible; GPTBot/1.4; +https://openai.com/gptbot)"
74.7.241.31 - - [18/Jun/2026:15:52:11 +0200] "GET /wp.php?dir=CwusrCwincludeCwfreetype2CwfreetypeCwconfig&view=mac-support.h HTTP/1.1" 200 766 "http://ashish.therahuldas.com/wp.php?dir=CwusrCwincludeCwfreetype2CwfreetypeCwconfig" "Mozilla/5.0 AppleWebKit/537.36 (KHTML, like Gecko; compatible; GPTBot/1.4; +https://openai.com/gptbot)"
74.7.241.31 - - [18/Jun/2026:15:52:15 +0200] "GET /wp.php?dir=CwusrCwincludeCwfreetype2CwfreetypeCwconfig&view=integer-types.h HTTP/1.1" 200 1856 "http://ashish.therahuldas.com/wp.php?dir=CwusrCwincludeCwfreetype2CwfreetypeCwconfig" "Mozilla/5.0 AppleWebKit/537.36 (KHTML, like Gecko; compatible; GPTBot/1.4; +https://openai.com/gptbot)"
74.7.241.31 - - [18/Jun/2026:15:52:18 +0200] "GET /wp.php?dir=CwusrCwincludeCwfreetype2CwfreetypeCwconfig&edit=ftheader.h HTTP/1.1" 200 7736 "http://ashish.therahuldas.com/wp.php?dir=CwusrCwincludeCwfreetype2CwfreetypeCwconfig" "Mozilla/5.0 AppleWebKit/537.36 (KHTML, like Gecko; compatible; GPTBot/1.4; +https://openai.com/gptbot)"
74.7.241.31 - - [18/Jun/2026:15:52:22 +0200] "GET /wp.php?dir=CwusrCwincludeCwfreetype2CwfreetypeCwconfig&edit=ftconfig.h HTTP/1.1" 200 4026 "http://ashish.therahuldas.com/wp.php?dir=CwusrCwincludeCwfreetype2CwfreetypeCwconfig" "Mozilla/5.0 AppleWebKit/537.36 (KHTML, like Gecko; compatible; GPTBot/1.4; +https://openai.com/gptbot)"
74.7.241.31 - - [18/Jun/2026:15:52:24 +0200] "GET /wp.php?dir=CwusrCwincludeCwfreetype2CwfreetypeCwconfig&edit=ftoption.h HTTP/1.1" 200 14218 "http://ashish.therahuldas.com/wp.php?dir=CwusrCwincludeCwfreetype2CwfreetypeCwconfig" "Mozilla/5.0 AppleWebKit/537.36 (KHTML, like Gecko; compatible; GPTBot/1.4; +https://openai.com/gptbot)"
74.7.241.31 - - [18/Jun/2026:15:52:26 +0200] "GET /wp.php?dir=CwusrCwincludeCwfreetype2CwfreetypeCwconfig&edit=integer-types.h HTTP/1.1" 200 5743 "http://ashish.therahuldas.com/wp.php?dir=CwusrCwincludeCwfreetype2CwfreetypeCwconfig" "Mozilla/5.0 AppleWebKit/537.36 (KHTML, like Gecko; compatible; GPTBot/1.4; +https://openai.com/gptbot)"
74.7.241.31 - - [18/Jun/2026:15:52:30 +0200] "GET /wp.php?dir=CwhomeCwtherahulCwtest2FwtherahuldasFwcomCwwp-contentCwthemes&view=index.php HTTP/1.1" 200 60 "http://ashish.therahuldas.com/wp.php?dir=CwhomeCwtherahulCwtest2FwtherahuldasFwcomCwwp-contentCwthemes" "Mozilla/5.0 AppleWebKit/537.36 (KHTML, like Gecko; compatible; GPTBot/1.4; +https://openai.com/gptbot)"
74.7.241.31 - - [18/Jun/2026:15:52:31 +0200] "GET /wp.php?dir=CwhomeCwtherahulCwtest1FwtherahuldasFwcomCwwp-contentCwthemes&view=index.php HTTP/1.1" 200 60 "http://ashish.therahuldas.com/wp.php?dir=CwhomeCwtherahulCwtest1FwtherahuldasFwcomCwwp-contentCwthemes" "Mozilla/5.0 AppleWebKit/537.36 (KHTML, like Gecko; compatible; GPTBot/1.4; +https://openai.com/gptbot)"
74.7.241.31 - - [18/Jun/2026:15:52:36 +0200] "GET /wp.php?dir=CwusrCwincludeCwfreetype2CwfreetypeCwconfig&edit=ftmodule.h HTTP/1.1" 200 4078 "http://ashish.therahuldas.com/wp.php?dir=CwusrCwincludeCwfreetype2CwfreetypeCwconfig" "Mozilla/5.0 AppleWebKit/537.36 (KHTML, like Gecko; compatible; GPTBot/1.4; +https://openai.com/gptbot)"
74.7.241.31 - - [18/Jun/2026:15:52:37 +0200] "GET /wp.php?dir=CwusrCwincludeCwfreetype2CwfreetypeCwconfig&edit=ftstdlib.h HTTP/1.1" 200 5338 "http://ashish.therahuldas.com/wp.php?dir=CwusrCwincludeCwfreetype2CwfreetypeCwconfig" "Mozilla/5.0 AppleWebKit/537.36 (KHTML, like Gecko; compatible; GPTBot/1.4; +https://openai.com/gptbot)"
74.7.241.31 - - [18/Jun/2026:15:52:41 +0200] "GET /wp.php?dir=CwusrCwincludeCwfreetype2CwfreetypeCwconfig&view=ftconfig-64.h HTTP/1.1" 200 854 "http://ashish.therahuldas.com/wp.php?dir=CwusrCwincludeCwfreetype2CwfreetypeCwconfig" "Mozilla/5.0 AppleWebKit/537.36 (KHTML, like Gecko; compatible; GPTBot/1.4; +https://openai.com/gptbot)"
74.7.241.31 - - [18/Jun/2026:15:52:44 +0200] "GET /wp.php?dir=CwhomeCwtherahulCwtest2FwtherahuldasFwcomCwwp-contentCwthemes&view=admin.php HTTP/1.1" 200 36 "http://ashish.therahuldas.com/wp.php?dir=CwhomeCwtherahulCwtest2FwtherahuldasFwcomCwwp-contentCwthemes" "Mozilla/5.0 AppleWebKit/537.36 (KHTML, like Gecko; compatible; GPTBot/1.4; +https://openai.com/gptbot)"
74.7.241.31 - - [18/Jun/2026:15:52:47 +0200] "GET /wp.php?dir=CwhomeCwtherahulCwtest1FwtherahuldasFwcomCwwp-contentCwthemes&edit=index.php HTTP/1.1" 200 3898 "http://ashish.therahuldas.com/wp.php?dir=CwhomeCwtherahulCwtest1FwtherahuldasFwcomCwwp-contentCwthemes" "Mozilla/5.0 AppleWebKit/537.36 (KHTML, like Gecko; compatible; GPTBot/1.4; +https://openai.com/gptbot)"
74.7.241.31 - - [18/Jun/2026:15:52:50 +0200] "GET /wp.php?dir=CwhomeCwtherahulCwtest2FwtherahuldasFwcomCwwp-contentCwthemes&edit=index.php HTTP/1.1" 200 3897 "http://ashish.therahuldas.com/wp.php?dir=CwhomeCwtherahulCwtest2FwtherahuldasFwcomCwwp-contentCwthemes" "Mozilla/5.0 AppleWebKit/537.36 (KHTML, like Gecko; compatible; GPTBot/1.4; +https://openai.com/gptbot)"
74.7.241.31 - - [18/Jun/2026:15:52:52 +0200] "GET /wp.php?dir=CwhomeCwtherahulCwtest1FwtherahuldasFwcomCwwp-contentCwthemesCwhello-elementor HTTP/1.1" 200 6305 "http://ashish.therahuldas.com/wp.php?dir=CwhomeCwtherahulCwtest1FwtherahuldasFwcomCwwp-contentCwthemes" "Mozilla/5.0 AppleWebKit/537.36 (KHTML, like Gecko; compatible; GPTBot/1.4; +https://openai.com/gptbot)"
74.7.241.31 - - [18/Jun/2026:15:52:56 +0200] "GET /wp.php?dir=CwusrCwincludeCwfreetype2CwfreetypeCwconfig&edit=ftconfig-64.h HTTP/1.1" 200 4722 "http://ashish.therahuldas.com/wp.php?dir=CwusrCwincludeCwfreetype2CwfreetypeCwconfig" "Mozilla/5.0 AppleWebKit/537.36 (KHTML, like Gecko; compatible; GPTBot/1.4; +https://openai.com/gptbot)"
74.7.241.31 - - [18/Jun/2026:15:52:58 +0200] "GET /wp.php?dir=CwhomeCwtherahulCwtest2FwtherahuldasFwcomCwwp-contentCwthemesCwtwentytwentythree HTTP/1.1" 200 5820 "http://ashish.therahuldas.com/wp.php?dir=CwhomeCwtherahulCwtest2FwtherahuldasFwcomCwwp-contentCwthemes" "Mozilla/5.0 AppleWebKit/537.36 (KHTML, like Gecko; compatible; GPTBot/1.4; +https://openai.com/gptbot)"
216.73.216.64 - - [18/Jun/2026:15:48:42 +0200] "GET /wp-content/uploads/wp.php?dir=CwhomeCwtherahulCwashishFwtherahuldasFwcom&edit=wp-login.php HTTP/1.1" 200 18052 "-" "Mozilla/5.0 AppleWebKit/537.36 (KHTML, like Gecko; compatible; ClaudeBot/1.0; +claudebot@anthropic.com)"
216.73.216.64 - - [18/Jun/2026:15:48:42 +0200] "GET /wp-content/uploads/wp.php?dir=CwhomeCwtherahulCwashishFwtherahuldasFwcomCwwp-content&edit=wp.php HTTP/1.1" 200 22573 "-" "Mozilla/5.0 AppleWebKit/537.36 (KHTML, like Gecko; compatible; ClaudeBot/1.0; +claudebot@anthropic.com)"
216.73.216.64 - - [18/Jun/2026:15:48:43 +0200] "GET /wp-content/uploads/wp.php?dir=CwhomeCwtherahulCwashishFwtherahuldasFwcom&edit=wp-config.php HTTP/1.1" 200 5588 "-" "Mozilla/5.0 AppleWebKit/537.36 (KHTML, like Gecko; compatible; ClaudeBot/1.0; +claudebot@anthropic.com)"
216.73.216.64 - - [18/Jun/2026:15:48:42 +0200] "GET /wp-content/uploads/wp.php?dir=CwhomeCwtherahulCwashishFwtherahuldasFwcom&view=wp-config.php HTTP/1.1" 200 1748 "-" "Mozilla/5.0 AppleWebKit/537.36 (KHTML, like Gecko; compatible; ClaudeBot/1.0; +claudebot@anthropic.com)"
216.73.216.64 - - [18/Jun/2026:15:48:52 +0200] "GET /wp-content/uploads/wp.php?dir=CwhomeCwtherahulCwashishFwtherahuldasFwcomCwwp-content&view=wp.php HTTP/1.1" 200 18531 "-" "Mozilla/5.0 AppleWebKit/537.36 (KHTML, like Gecko; compatible; ClaudeBot/1.0; +claudebot@anthropic.com)"
216.73.216.64 - - [18/Jun/2026:15:48:52 +0200] "GET /wp-content/uploads/wp.php?dir=CwhomeCwtherahulCwashishFwtherahuldasFwcom&view=wp-login.php HTTP/1.1" 200 13212 "-" "Mozilla/5.0 AppleWebKit/537.36 (KHTML, like Gecko; compatible; ClaudeBot/1.0; +claudebot@anthropic.com)"
