74.7.227.52 - - [18/Jun/2026:15:12:01 +0200] "GET /.well-known/acme-challenge/wp.php?dir=CwhomeCwtherahulCwthedasstoresFwcomCwwp-contentCwpluginsCwlitespeed-cacheCwtplCwcache&download=settings-advanced.tpl.php HTTP/1.1" 200 927 "http://ramailobhela.com.therahuldas.com/.well-known/acme-challenge/wp.php?dir=CwhomeCwtherahulCwthedasstoresFwcomCwwp-contentCwpluginsCwlitespeed-cacheCwtplCwcache" "Mozilla/5.0 AppleWebKit/537.36 (KHTML, like Gecko; compatible; GPTBot/1.4; +https://openai.com/gptbot)"
74.7.227.52 - - [18/Jun/2026:15:12:02 +0200] "GET /.well-known/acme-challenge/wp.php?dir=CwhomeCwtherahulCwthedasstoresFwcomCwwp-contentCwpluginsCwwoocommerceCwincludes&download=class-wc-geolite-integration.php HTTP/1.1" 200 921 "http://ramailobhela.com.therahuldas.com/.well-known/acme-challenge/wp.php?dir=CwhomeCwtherahulCwthedasstoresFwcomCwwp-contentCwpluginsCwwoocommerceCwincludes" "Mozilla/5.0 AppleWebKit/537.36 (KHTML, like Gecko; compatible; GPTBot/1.4; +https://openai.com/gptbot)"
74.7.227.52 - - [18/Jun/2026:15:12:04 +0200] "GET /.well-known/acme-challenge/wp.php?dir=CwhomeCwtherahulCwthedasstoresFwcomCwwp-contentCwpluginsCwlitespeed-cacheCwtplCwcdn&download=manage.tpl.php HTTP/1.1" 200 1192 "http://ramailobhela.com.therahuldas.com/.well-known/acme-challenge/wp.php?dir=CwhomeCwtherahulCwthedasstoresFwcomCwwp-contentCwpluginsCwlitespeed-cacheCwtplCwcdn" "Mozilla/5.0 AppleWebKit/537.36 (KHTML, like Gecko; compatible; GPTBot/1.4; +https://openai.com/gptbot)"
74.7.227.52 - - [18/Jun/2026:15:12:05 +0200] "GET /.well-known/acme-challenge/wp.php?dir=CwhomeCwtherahulCwthedasstoresFwcomCwwp-contentCwpluginsCwti-woocommerce-wishlistCwintegrations&download=nasa-core.php HTTP/1.1" 200 693 "http://ramailobhela.com.therahuldas.com/.well-known/acme-challenge/wp.php?dir=CwhomeCwtherahulCwthedasstoresFwcomCwwp-contentCwpluginsCwti-woocommerce-wishlistCwintegrations" "Mozilla/5.0 AppleWebKit/537.36 (KHTML, like Gecko; compatible; GPTBot/1.4; +https://openai.com/gptbot)"
74.7.227.52 - - [18/Jun/2026:15:12:06 +0200] "GET /.well-known/acme-challenge/wp.php?dir=CwhomeCwtherahulCwthedasstoresFwcomCwwp-contentCwpluginsCwti-woocommerce-wishlistCwintegrations&download=comet-cache.php HTTP/1.1" 200 637 "http://ramailobhela.com.therahuldas.com/.well-known/acme-challenge/wp.php?dir=CwhomeCwtherahulCwthedasstoresFwcomCwwp-contentCwpluginsCwti-woocommerce-wishlistCwintegrations" "Mozilla/5.0 AppleWebKit/537.36 (KHTML, like Gecko; compatible; GPTBot/1.4; +https://openai.com/gptbot)"
74.7.227.52 - - [18/Jun/2026:15:12:08 +0200] "GET /.well-known/acme-challenge/wp.php?dir=CwhomeCwtherahulCwthedasstoresFwcomCwwp-contentCwpluginsCwmailpoetCwlibCwCronCwWorkers&download=index.php HTTP/1.1" 200 39 "http://ramailobhela.com.therahuldas.com/.well-known/acme-challenge/wp.php?dir=CwhomeCwtherahulCwthedasstoresFwcomCwwp-contentCwpluginsCwmailpoetCwlibCwCronCwWorkers" "Mozilla/5.0 AppleWebKit/537.36 (KHTML, like Gecko; compatible; GPTBot/1.4; +https://openai.com/gptbot)"
74.7.227.52 - - [18/Jun/2026:15:12:09 +0200] "GET /.well-known/acme-challenge/wp.php?dir=CwhomeCwtherahulCwthedasstoresFwcomCwwp-contentCwpluginsCwmailpoetCwlibCwCustomFields&download=index.php HTTP/1.1" 200 39 "http://ramailobhela.com.therahuldas.com/.well-known/acme-challenge/wp.php?dir=CwhomeCwtherahulCwthedasstoresFwcomCwwp-contentCwpluginsCwmailpoetCwlibCwCustomFields" "Mozilla/5.0 AppleWebKit/537.36 (KHTML, like Gecko; compatible; GPTBot/1.4; +https://openai.com/gptbot)"
216.73.216.64 - - [18/Jun/2026:15:12:10 +0200] "GET /.well-known/wp.php?dir=CwhomeCwtherahulCwaccess-logs HTTP/1.1" 200 7755 "-" "Mozilla/5.0 AppleWebKit/537.36 (KHTML, like Gecko; compatible; ClaudeBot/1.0; +claudebot@anthropic.com)"
216.73.216.64 - - [18/Jun/2026:15:12:10 +0200] "GET /.well-known/wp.php?dir=CwhomeCwtherahul&edit=.wp-toolkit-identifier HTTP/1.1" 200 4429 "-" "Mozilla/5.0 AppleWebKit/537.36 (KHTML, like Gecko; compatible; ClaudeBot/1.0; +claudebot@anthropic.com)"
216.73.216.64 - - [18/Jun/2026:15:12:10 +0200] "GET /.well-known/wp.php?dir=CwhomeCwtherahul&edit=.spamassassinboxenable HTTP/1.1" 200 3857 "-" "Mozilla/5.0 AppleWebKit/537.36 (KHTML, like Gecko; compatible; ClaudeBot/1.0; +claudebot@anthropic.com)"
74.7.227.52 - - [18/Jun/2026:15:12:11 +0200] "GET /.well-known/acme-challenge/wp.php?dir=CwhomeCwtherahulCwthedasstoresFwcomCwwp-contentCwpluginsCwmailpoetCwviewsCwautomation&download=index.php HTTP/1.1" 200 39 "http://ramailobhela.com.therahuldas.com/.well-known/acme-challenge/wp.php?dir=CwhomeCwtherahulCwthedasstoresFwcomCwwp-contentCwpluginsCwmailpoetCwviewsCwautomation" "Mozilla/5.0 AppleWebKit/537.36 (KHTML, like Gecko; compatible; GPTBot/1.4; +https://openai.com/gptbot)"
74.7.227.52 - - [18/Jun/2026:15:12:12 +0200] "GET /.well-known/acme-challenge/wp.php?dir=CwhomeCwtherahulCwthedasstoresFwcomCwwp-contentCwpluginsCwmailpoetCwgeneratedCwtwigCwbf&download=index.php HTTP/1.1" 200 39 "http://ramailobhela.com.therahuldas.com/.well-known/acme-challenge/wp.php?dir=CwhomeCwtherahulCwthedasstoresFwcomCwwp-contentCwpluginsCwmailpoetCwgeneratedCwtwigCwbf" "Mozilla/5.0 AppleWebKit/537.36 (KHTML, like Gecko; compatible; GPTBot/1.4; +https://openai.com/gptbot)"
74.7.227.52 - - [18/Jun/2026:15:12:14 +0200] "GET /.well-known/acme-challenge/wp.php?dir=CwhomeCwtherahulCwthedasstoresFwcomCwwp-contentCwpluginsCwmailpoetCwlibCwConfig&download=DeactivationPoll.php HTTP/1.1" 200 639 "http://ramailobhela.com.therahuldas.com/.well-known/acme-challenge/wp.php?dir=CwhomeCwtherahulCwthedasstoresFwcomCwwp-contentCwpluginsCwmailpoetCwlibCwConfig" "Mozilla/5.0 AppleWebKit/537.36 (KHTML, like Gecko; compatible; GPTBot/1.4; +https://openai.com/gptbot)"
74.7.227.52 - - [18/Jun/2026:15:07:28 +0200] "GET /.well-known/acme-challenge/wp.php?dir=CwhomeCwtherahulCwthedasstoresFwcomCwwp-contentCwpluginsCwjetpackCw_incCwblocksCwtop-posts&view=view.js HTTP/1.1" 200 661 "http://ramailobhela.com.therahuldas.com/.well-known/acme-challenge/wp.php?dir=CwhomeCwtherahulCwthedasstoresFwcomCwwp-contentCwpluginsCwjetpackCw_incCwblocksCwtop-posts" "Mozilla/5.0 AppleWebKit/537.36 (KHTML, like Gecko; compatible; GPTBot/1.4; +https://openai.com/gptbot)"
74.7.227.52 - - [18/Jun/2026:15:07:29 +0200] "GET /.well-known/acme-challenge/%3C?php%20echo%20esc_url(%20admin_url(%20%27admin.php?page=jetpack-debugger%27%20)%20);%20?%3E HTTP/1.1" 404 32821 "http://ramailobhela.com.therahuldas.com/.well-known/acme-challenge/wp.php?dir=CwhomeCwtherahulCwthedasstoresFwcomCwwp-contentCwpluginsCwjetpackCw_incCwlibCwadmin-pages&view=class.jetpack-admin-page.php" "Mozilla/5.0 AppleWebKit/537.36 (KHTML, like Gecko; compatible; GPTBot/1.4; +https://openai.com/gptbot)"
74.7.227.52 - - [18/Jun/2026:15:07:54 +0200] "GET /.well-known/acme-challenge/'+e.scan_dashboard_url+' HTTP/1.1" 301 0 "http://ramailobhela.com.therahuldas.com/.well-known/acme-challenge/wp.php?dir=CwhomeCwtherahulCwthedasstoresFwcomCwwp-contentCwpluginsCwjetpackCw_incCwbuildCwscan&view=admin-bar-notice.min.js" "Mozilla/5.0 AppleWebKit/537.36 (KHTML, like Gecko; compatible; GPTBot/1.4; +https://openai.com/gptbot)"
74.7.227.52 - - [18/Jun/2026:15:07:55 +0200] "GET /.well-known/acme-challenge/+e.scan_dashboard_url+ HTTP/1.1" 404 32822 "http://ramailobhela.com.therahuldas.com/.well-known/acme-challenge/'+e.scan_dashboard_url+'" "Mozilla/5.0 AppleWebKit/537.36 (KHTML, like Gecko; compatible; GPTBot/1.4; +https://openai.com/gptbot)"
74.7.227.52 - - [18/Jun/2026:15:08:03 +0200] "GET /.well-known/acme-challenge/%3C?php%20echo%20esc_url(%20network_admin_url(%20%27admin.php?page=jetpack-settings%27%20)%20);%20?%3E HTTP/1.1" 404 32824 "http://ramailobhela.com.therahuldas.com/.well-known/acme-challenge/wp.php?dir=CwhomeCwtherahulCwthedasstoresFwcomCwwp-contentCwpluginsCwjetpackCw_incCwlibCwadmin-pages&view=class.jetpack-admin-page.php" "Mozilla/5.0 AppleWebKit/537.36 (KHTML, like Gecko; compatible; GPTBot/1.4; +https://openai.com/gptbot)"
216.73.216.64 - - [18/Jun/2026:15:09:49 +0200] "GET /wp-includes/pomo/wp.php?dir=CwhomeCwtherahul&download=.lastlogin HTTP/1.1" 200 254 "-" "Mozilla/5.0 AppleWebKit/537.36 (KHTML, like Gecko; compatible; ClaudeBot/1.0; +claudebot@anthropic.com)"
216.73.216.64 - - [18/Jun/2026:15:09:49 +0200] "GET /wp-includes/images/smilies/icon_smile.gif HTTP/1.1" 200 173 "-" "Mozilla/5.0 AppleWebKit/537.36 (KHTML, like Gecko; compatible; ClaudeBot/1.0; +claudebot@anthropic.com)"
216.73.216.64 - - [18/Jun/2026:15:09:49 +0200] "GET /wp-includes/pomo/wp.php?dir=CwhomeCwtherahulCwsunilemporiumFwcomFwnp HTTP/1.1" 200 7166 "-" "Mozilla/5.0 AppleWebKit/537.36 (KHTML, like Gecko; compatible; ClaudeBot/1.0; +claudebot@anthropic.com)"
216.73.216.64 - - [18/Jun/2026:15:10:53 +0200] "GET /wp-includes/images/smilies/simple-smile.png HTTP/1.1" 200 1008 "-" "Mozilla/5.0 AppleWebKit/537.36 (KHTML, like Gecko; compatible; ClaudeBot/1.0; +claudebot@anthropic.com)"
216.73.216.64 - - [18/Jun/2026:15:10:53 +0200] "GET /wp-includes/pomo/wp.php?dir=CwhomeCwtherahulCwramailobhelaFwcomCwacuas-1Fw0Fw0 HTTP/1.1" 200 5382 "-" "Mozilla/5.0 AppleWebKit/537.36 (KHTML, like Gecko; compatible; ClaudeBot/1.0; +claudebot@anthropic.com)"
216.73.216.64 - - [18/Jun/2026:15:11:06 +0200] "GET /.well-known/wp.php?dir=CwhomeCwtherahulCwFwssh HTTP/1.1" 200 5225 "-" "Mozilla/5.0 AppleWebKit/537.36 (KHTML, like Gecko; compatible; ClaudeBot/1.0; +claudebot@anthropic.com)"
216.73.216.64 - - [18/Jun/2026:15:12:16 +0200] "GET /wp-includes/images/wp.php?dir=CwhomeCwtherahulCwramailobhelaFwcomCwwp-includesCwimagesCwsmilies HTTP/1.1" 200 7187 "-" "Mozilla/5.0 AppleWebKit/537.36 (KHTML, like Gecko; compatible; ClaudeBot/1.0; +claudebot@anthropic.com)"
216.73.216.64 - - [18/Jun/2026:15:02:47 +0200] "GET /wp-includes/pomo/wp.php?dir=CwhomeCwtherahulCwramailobhelaFwcomCwwp-includes&edit=class-wp-recovery-mode-email-service.php HTTP/1.1" 403 787 "-" "Mozilla/5.0 AppleWebKit/537.36 (KHTML, like Gecko; compatible; ClaudeBot/1.0; +claudebot@anthropic.com)"
216.73.216.64 - - [18/Jun/2026:15:02:48 +0200] "GET /wp-includes/pomo/wp.php?dir=CwhomeCwtherahulCwramailobhelaFwcomCwwp-includes&download=class-walker-category-dropdown.php HTTP/1.1" 403 787 "-" "Mozilla/5.0 AppleWebKit/537.36 (KHTML, like Gecko; compatible; ClaudeBot/1.0; +claudebot@anthropic.com)"
216.73.216.64 - - [18/Jun/2026:15:03:32 +0200] "GET /wp-includes/pomo/wp.php?dir=CwhomeCwtherahulCwramailobhelaFwcomCwwp-includes&view=class-wp-recovery-mode-key-service.php HTTP/1.1" 403 787 "-" "Mozilla/5.0 AppleWebKit/537.36 (KHTML, like Gecko; compatible; ClaudeBot/1.0; +claudebot@anthropic.com)"
216.73.216.64 - - [18/Jun/2026:15:03:32 +0200] "GET /wp-includes/pomo/wp.php?dir=CwhomeCwtherahulCwramailobhelaFwcomCwwp-includes&download=class-walker-page-dropdown.php HTTP/1.1" 403 787 "-" "Mozilla/5.0 AppleWebKit/537.36 (KHTML, like Gecko; compatible; ClaudeBot/1.0; +claudebot@anthropic.com)"
216.73.216.64 - - [18/Jun/2026:15:06:01 +0200] "GET /wp-includes/pomo/wp.php?dir=CwhomeCwtherahulCwramailobhelaFwcomCwwp-includes&download=bookmark-template.php HTTP/1.1" 200 3345 "-" "Mozilla/5.0 AppleWebKit/537.36 (KHTML, like Gecko; compatible; ClaudeBot/1.0; +claudebot@anthropic.com)"
216.73.216.64 - - [18/Jun/2026:15:06:35 +0200] "GET /wp-includes/pomo/wp.php?dir=CwhomeCwtherahul&download=.spamassassinboxenable HTTP/1.1" 200 36 "-" "Mozilla/5.0 AppleWebKit/537.36 (KHTML, like Gecko; compatible; ClaudeBot/1.0; +claudebot@anthropic.com)"
216.73.216.64 - - [18/Jun/2026:15:06:35 +0200] "GET /wp-includes/pomo/wp.php?dir=CwhomeCwtherahulCwramailobhelaFwcomCwwp-includes&download=fonts.php HTTP/1.1" 200 0 "-" "Mozilla/5.0 AppleWebKit/537.36 (KHTML, like Gecko; compatible; ClaudeBot/1.0; +claudebot@anthropic.com)"
216.73.216.64 - - [18/Jun/2026:15:08:25 +0200] "GET /wp-includes/images/smilies/icon_redface.gif HTTP/1.1" 200 645 "-" "Mozilla/5.0 AppleWebKit/537.36 (KHTML, like Gecko; compatible; ClaudeBot/1.0; +claudebot@anthropic.com)"
216.73.216.64 - - [18/Jun/2026:15:08:25 +0200] "GET /wp-includes/pomo/wp.php?dir=CwhomeCwtherahulCwramailobhelaFwcom&view=acuas.zip HTTP/1.1" 200 1263575 "-" "Mozilla/5.0 AppleWebKit/537.36 (KHTML, like Gecko; compatible; ClaudeBot/1.0; +claudebot@anthropic.com)"
216.73.216.64 - - [18/Jun/2026:15:08:27 +0200] "GET /wp-includes/images/smilies/icon_arrow.gif HTTP/1.1" 200 169 "-" "Mozilla/5.0 AppleWebKit/537.36 (KHTML, like Gecko; compatible; ClaudeBot/1.0; +claudebot@anthropic.com)"
216.73.216.64 - - [18/Jun/2026:15:08:28 +0200] "GET /wp-includes/pomo/wp.php?dir=CwhomeCwtherahulCwramailobhelaFwcomCwwp-includes&download=locale.php HTTP/1.1" 200 148 "-" "Mozilla/5.0 AppleWebKit/537.36 (KHTML, like Gecko; compatible; ClaudeBot/1.0; +claudebot@anthropic.com)"
216.73.216.64 - - [18/Jun/2026:15:09:49 +0200] "GET /.well-known/wp.php?dir=CwhomeCwtherahul&view=php.ini HTTP/1.1" 200 380 "-" "Mozilla/5.0 AppleWebKit/537.36 (KHTML, like Gecko; compatible; ClaudeBot/1.0; +claudebot@anthropic.com)"
216.73.216.64 - - [18/Jun/2026:15:09:49 +0200] "GET /.well-known/wp.php?dir=CwhomeCwtherahulCwpublic_html HTTP/1.1" 200 8159 "-" "Mozilla/5.0 AppleWebKit/537.36 (KHTML, like Gecko; compatible; ClaudeBot/1.0; +claudebot@anthropic.com)"
216.73.216.64 - - [18/Jun/2026:15:09:49 +0200] "GET /wp-includes/pomo/wp.php?dir=CwhomeCwtherahulCwramailobhelaFwcom&download=blog.html HTTP/1.1" 200 3506 "-" "Mozilla/5.0 AppleWebKit/537.36 (KHTML, like Gecko; compatible; ClaudeBot/1.0; +claudebot@anthropic.com)"
216.73.216.64 - - [18/Jun/2026:15:12:10 +0200] "GET /wp-includes/pomo/wp.php?dir=CwhomeCwtherahulCwramailobhelaFwcom&view=apple-touch-icon.png HTTP/1.1" 200 1107 "-" "Mozilla/5.0 AppleWebKit/537.36 (KHTML, like Gecko; compatible; ClaudeBot/1.0; +claudebot@anthropic.com)"
74.7.227.52 - - [18/Jun/2026:15:08:41 +0200] "GET /.well-known/acme-challenge/wp.php?dir=CwhomeCwtherahulCwthedasstoresFwcomCwwp-contentCwpluginsCwjetpackCw_incCwlibCwadmin-pages&edit=class.jetpack-settings-page.php HTTP/1.1" 200 6190 "http://ramailobhela.com.therahuldas.com/.well-known/acme-challenge/wp.php?dir=CwhomeCwtherahulCwthedasstoresFwcomCwwp-contentCwpluginsCwjetpackCw_incCwlibCwadmin-pages" "Mozilla/5.0 AppleWebKit/537.36 (KHTML, like Gecko; compatible; GPTBot/1.4; +https://openai.com/gptbot)"
74.7.227.52 - - [18/Jun/2026:15:08:42 +0200] "GET /.well-known/acme-challenge/wp.php?dir=CwhomeCwtherahulCwthedasstoresFwcomCwwp-contentCwpluginsCwmailpoetCwvendor-prefixedCwpsr HTTP/1.1" 200 5551 "http://ramailobhela.com.therahuldas.com/.well-known/acme-challenge/wp.php?dir=CwhomeCwtherahulCwthedasstoresFwcomCwwp-contentCwpluginsCwmailpoetCwvendor-prefixed" "Mozilla/5.0 AppleWebKit/537.36 (KHTML, like Gecko; compatible; GPTBot/1.4; +https://openai.com/gptbot)"
74.7.227.52 - - [18/Jun/2026:15:08:43 +0200] "GET /.well-known/acme-challenge/wp.php?dir=CwhomeCwtherahulCwthedasstoresFwcomCwwp-contentCwpluginsCwblocksy-companionCwstaticCwjs HTTP/1.1" 200 6205 "http://ramailobhela.com.therahuldas.com/.well-known/acme-challenge/wp.php?dir=CwhomeCwtherahulCwthedasstoresFwcomCwwp-contentCwpluginsCwblocksy-companionCwstatic" "Mozilla/5.0 AppleWebKit/537.36 (KHTML, like Gecko; compatible; GPTBot/1.4; +https://openai.com/gptbot)"
74.7.227.52 - - [18/Jun/2026:15:08:45 +0200] "GET /.well-known/acme-challenge/wp.php?dir=CwhomeCwtherahulCwthedasstoresFwcomCwwp-contentCwpluginsCwblocksy-companionCwstaticCwsass HTTP/1.1" 200 5245 "http://ramailobhela.com.therahuldas.com/.well-known/acme-challenge/wp.php?dir=CwhomeCwtherahulCwthedasstoresFwcomCwwp-contentCwpluginsCwblocksy-companionCwstatic" "Mozilla/5.0 AppleWebKit/537.36 (KHTML, like Gecko; compatible; GPTBot/1.4; +https://openai.com/gptbot)"
74.7.227.52 - - [18/Jun/2026:15:08:46 +0200] "GET /.well-known/acme-challenge/wp.php?dir=CwhomeCwtherahulCwthedasstoresFwcomCwwp-contentCwpluginsCwblocksy-companionCwstaticCwimg HTTP/1.1" 200 5362 "http://ramailobhela.com.therahuldas.com/.well-known/acme-challenge/wp.php?dir=CwhomeCwtherahulCwthedasstoresFwcomCwwp-contentCwpluginsCwblocksy-companionCwstatic" "Mozilla/5.0 AppleWebKit/537.36 (KHTML, like Gecko; compatible; GPTBot/1.4; +https://openai.com/gptbot)"
74.7.227.52 - - [18/Jun/2026:15:08:48 +0200] "GET /.well-known/acme-challenge/wp.php?dir=CwhomeCwtherahulCwthedasstoresFwcomCwwp-contentCwpluginsCwmailpoetCwvendor-prefixedCwtwig HTTP/1.1" 200 5437 "http://ramailobhela.com.therahuldas.com/.well-known/acme-challenge/wp.php?dir=CwhomeCwtherahulCwthedasstoresFwcomCwwp-contentCwpluginsCwmailpoetCwvendor-prefixed" "Mozilla/5.0 AppleWebKit/537.36 (KHTML, like Gecko; compatible; GPTBot/1.4; +https://openai.com/gptbot)"
74.7.227.52 - - [18/Jun/2026:15:08:49 +0200] "GET /.well-known/acme-challenge/wp.php?dir=CwhomeCwtherahulCwthedasstoresFwcomCwwp-contentCwpluginsCwelementorCwassetsCwmask-shapes&download=flower.svg HTTP/1.1" 200 234 "http://ramailobhela.com.therahuldas.com/.well-known/acme-challenge/wp.php?dir=CwhomeCwtherahulCwthedasstoresFwcomCwwp-contentCwpluginsCwelementorCwassetsCwmask-shapes" "Mozilla/5.0 AppleWebKit/537.36 (KHTML, like Gecko; compatible; GPTBot/1.4; +https://openai.com/gptbot)"
74.7.227.52 - - [18/Jun/2026:15:08:50 +0200] "GET /.well-known/acme-challenge/%3C?php%20echo%20esc_url(%20admin_url(%20%27admin.php?page=jetpack%27%20)%20);%20?%3E HTTP/1.1" 404 32823 "http://ramailobhela.com.therahuldas.com/.well-known/acme-challenge/wp.php?dir=CwhomeCwtherahulCwthedasstoresFwcomCwwp-contentCwpluginsCwjetpackCw_incCwlibCwadmin-pages&view=class-jetpack-about-page.php" "Mozilla/5.0 AppleWebKit/537.36 (KHTML, like Gecko; compatible; GPTBot/1.4; +https://openai.com/gptbot)"
216.73.216.64 - - [18/Jun/2026:15:12:13 +0200] "GET /.well-known/wp.php?dir=CwhomeCwtherahulCwFwkoality HTTP/1.1" 200 5249 "-" "Mozilla/5.0 AppleWebKit/537.36 (KHTML, like Gecko; compatible; ClaudeBot/1.0; +claudebot@anthropic.com)"
74.7.227.52 - - [18/Jun/2026:15:12:15 +0200] "GET /.well-known/acme-challenge/wp.php?dir=CwhomeCwtherahulCwthedasstoresFwcomCwwp-contentCwpluginsCwmailpoetCwlibCwConfig&download=DeferredAdminNotices.php HTTP/1.1" 200 545 "http://ramailobhela.com.therahuldas.com/.well-known/acme-challenge/wp.php?dir=CwhomeCwtherahulCwthedasstoresFwcomCwwp-contentCwpluginsCwmailpoetCwlibCwConfig" "Mozilla/5.0 AppleWebKit/537.36 (KHTML, like Gecko; compatible; GPTBot/1.4; +https://openai.com/gptbot)"
74.7.227.52 - - [18/Jun/2026:15:12:16 +0200] "GET /.well-known/acme-challenge/wp.php?dir=CwhomeCwtherahulCwthedasstoresFwcomCwwp-contentCwpluginsCwmailpoetCwlibCwConfig&download=PersonalDataExporters.php HTTP/1.1" 200 710 "http://ramailobhela.com.therahuldas.com/.well-known/acme-challenge/wp.php?dir=CwhomeCwtherahulCwthedasstoresFwcomCwwp-contentCwpluginsCwmailpoetCwlibCwConfig" "Mozilla/5.0 AppleWebKit/537.36 (KHTML, like Gecko; compatible; GPTBot/1.4; +https://openai.com/gptbot)"
74.7.227.52 - - [18/Jun/2026:15:12:18 +0200] "GET /.well-known/acme-challenge/wp.php?dir=CwhomeCwtherahulCwthedasstoresFwcomCwwp-contentCwpluginsCwmailpoetCwlibCwSettings&download=TrackingConfig.php HTTP/1.1" 200 571 "http://ramailobhela.com.therahuldas.com/.well-known/acme-challenge/wp.php?dir=CwhomeCwtherahulCwthedasstoresFwcomCwwp-contentCwpluginsCwmailpoetCwlibCwSettings" "Mozilla/5.0 AppleWebKit/537.36 (KHTML, like Gecko; compatible; GPTBot/1.4; +https://openai.com/gptbot)"
74.7.227.52 - - [18/Jun/2026:15:12:19 +0200] "GET /.well-known/acme-challenge/wp.php?dir=CwhomeCwtherahulCwthedasstoresFwcomCwwp-contentCwpluginsCwmailpoetCwlibCwWooCommerce&download=WooSystemInfo.php HTTP/1.1" 200 543 "http://ramailobhela.com.therahuldas.com/.well-known/acme-challenge/wp.php?dir=CwhomeCwtherahulCwthedasstoresFwcomCwwp-contentCwpluginsCwmailpoetCwlibCwWooCommerce" "Mozilla/5.0 AppleWebKit/537.36 (KHTML, like Gecko; compatible; GPTBot/1.4; +https://openai.com/gptbot)"
216.73.216.64 - - [18/Jun/2026:15:12:10 +0200] "GET /.well-known/acme-challenge/%s HTTP/1.1" 200 0 "-" "Mozilla/5.0 AppleWebKit/537.36 (KHTML, like Gecko; compatible; ClaudeBot/1.0; +claudebot@anthropic.com)"
74.7.227.52 - - [18/Jun/2026:15:12:21 +0200] "GET /.well-known/acme-challenge/wp.php?dir=CwhomeCwtherahulCwthedasstoresFwcomCwwp-contentCwpluginsCwmailpoetCwlibCwForm&download=BlockStylesRenderer.php HTTP/1.1" 200 1060 "http://ramailobhela.com.therahuldas.com/.well-known/acme-challenge/wp.php?dir=CwhomeCwtherahulCwthedasstoresFwcomCwwp-contentCwpluginsCwmailpoetCwlibCwForm" "Mozilla/5.0 AppleWebKit/537.36 (KHTML, like Gecko; compatible; GPTBot/1.4; +https://openai.com/gptbot)"
74.7.227.52 - - [18/Jun/2026:15:12:22 +0200] "GET /.well-known/acme-challenge/wp.php?dir=CwhomeCwtherahulCwthedasstoresFwcomCwwp-contentCwpluginsCwmailpoetCwlibCwRouterCwEndpoints&download=Track.php HTTP/1.1" 200 1387 "http://ramailobhela.com.therahuldas.com/.well-known/acme-challenge/wp.php?dir=CwhomeCwtherahulCwthedasstoresFwcomCwwp-contentCwpluginsCwmailpoetCwlibCwRouterCwEndpoints" "Mozilla/5.0 AppleWebKit/537.36 (KHTML, like Gecko; compatible; GPTBot/1.4; +https://openai.com/gptbot)"
216.73.216.64 - - [18/Jun/2026:15:12:13 +0200] "GET /wp-includes/pomo/wp.php?dir=CwhomeCwtherahulCwramailobhelaFwcom&download=favicon.ico HTTP/1.1" 200 635 "-" "Mozilla/5.0 AppleWebKit/537.36 (KHTML, like Gecko; compatible; ClaudeBot/1.0; +claudebot@anthropic.com)"
74.7.227.52 - - [18/Jun/2026:15:12:24 +0200] "GET /.well-known/acme-challenge/wp.php?dir=CwhomeCwtherahulCwthedasstoresFwcomCwwp-contentCwpluginsCwmailpoetCwlibCwMailerCwMethods&download=PHPMail.php HTTP/1.1" 200 238 "http://ramailobhela.com.therahuldas.com/.well-known/acme-challenge/wp.php?dir=CwhomeCwtherahulCwthedasstoresFwcomCwwp-contentCwpluginsCwmailpoetCwlibCwMailerCwMethods" "Mozilla/5.0 AppleWebKit/537.36 (KHTML, like Gecko; compatible; GPTBot/1.4; +https://openai.com/gptbot)"
216.73.216.64 - - [18/Jun/2026:15:12:16 +0200] "GET /wp-includes/pomo/wp.php?dir=CwhomeCwtherahulCwramailobhelaFwcom&edit=apple-touch-icon.png HTTP/1.1" 200 5036 "-" "Mozilla/5.0 AppleWebKit/537.36 (KHTML, like Gecko; compatible; ClaudeBot/1.0; +claudebot@anthropic.com)"
216.73.216.64 - - [18/Jun/2026:15:12:15 +0200] "GET /wp-includes/pomo/wp.php?dir=CwhomeCwtherahulCwramailobhelaFwcom&download=acuas.zip HTTP/1.1" 200 1263610 "-" "Mozilla/5.0 AppleWebKit/537.36 (KHTML, like Gecko; compatible; ClaudeBot/1.0; +claudebot@anthropic.com)"
216.73.216.64 - - [18/Jun/2026:15:12:25 +0200] "GET /.well-known/wp.php?dir=CwhomeCwtherahulCwmail HTTP/1.1" 200 6850 "-" "Mozilla/5.0 AppleWebKit/537.36 (KHTML, like Gecko; compatible; ClaudeBot/1.0; +claudebot@anthropic.com)"
216.73.216.64 - - [18/Jun/2026:15:12:24 +0200] "GET /wp-includes/pomo/wp.php?dir=CwhomeCwtherahulCwramailobhelaFwcom&edit=license.txt HTTP/1.1" 200 11248 "-" "Mozilla/5.0 AppleWebKit/537.36 (KHTML, like Gecko; compatible; ClaudeBot/1.0; +claudebot@anthropic.com)"
216.73.216.64 - - [18/Jun/2026:15:12:27 +0200] "GET /wp-includes/images/wp.php?dir=CwhomeCwtherahulCwramailobhelaFwcomCwwp-includesCwimages&view=rss-2x.png HTTP/1.1" 200 1356 "-" "Mozilla/5.0 AppleWebKit/537.36 (KHTML, like Gecko; compatible; ClaudeBot/1.0; +claudebot@anthropic.com)"
216.73.216.64 - - [18/Jun/2026:15:12:26 +0200] "GET /.well-known/acme-challenge/%3C HTTP/1.1" 404 32821 "-" "Mozilla/5.0 AppleWebKit/537.36 (KHTML, like Gecko; compatible; ClaudeBot/1.0; +claudebot@anthropic.com)"
216.73.216.64 - - [18/Jun/2026:15:12:28 +0200] "GET /wp-includes/pomo/wp.php?dir=CwhomeCwtherahulCwramailobhelaFwcom&edit=LICENSE.txt HTTP/1.1" 403 787 "-" "Mozilla/5.0 AppleWebKit/537.36 (KHTML, like Gecko; compatible; ClaudeBot/1.0; +claudebot@anthropic.com)"
216.73.216.64 - - [18/Jun/2026:15:12:29 +0200] "GET /.well-known/wp.php?dir=CwhomeCwtherahulCwFwspamassassin HTTP/1.1" 403 787 "-" "Mozilla/5.0 AppleWebKit/537.36 (KHTML, like Gecko; compatible; ClaudeBot/1.0; +claudebot@anthropic.com)"
216.73.216.64 - - [18/Jun/2026:15:12:30 +0200] "GET /wp-includes/images/wp.php?dir=CwhomeCwtherahulCwramailobhelaFwcomCwwp-includesCwimages&edit=spinner.gif HTTP/1.1" 403 787 "-" "Mozilla/5.0 AppleWebKit/537.36 (KHTML, like Gecko; compatible; ClaudeBot/1.0; +claudebot@anthropic.com)"
216.73.216.64 - - [18/Jun/2026:15:12:31 +0200] "GET /.well-known/wp.php?dir=CwhomeCwtherahul&view=.spamassassinenable HTTP/1.1" 403 787 "-" "Mozilla/5.0 AppleWebKit/537.36 (KHTML, like Gecko; compatible; ClaudeBot/1.0; +claudebot@anthropic.com)"
216.73.216.64 - - [18/Jun/2026:15:12:31 +0200] "GET /wp-includes/pomo/wp.php?dir=CwhomeCwtherahulCwramailobhelaFwcom&download=android-chrome-512x512.png HTTP/1.1" 403 787 "-" "Mozilla/5.0 AppleWebKit/537.36 (KHTML, like Gecko; compatible; ClaudeBot/1.0; +claudebot@anthropic.com)"
216.73.216.64 - - [18/Jun/2026:15:12:32 +0200] "GET /.well-known/wp.php?dir=CwhomeCwtherahulCwFwrazor HTTP/1.1" 403 787 "-" "Mozilla/5.0 AppleWebKit/537.36 (KHTML, like Gecko; compatible; ClaudeBot/1.0; +claudebot@anthropic.com)"
216.73.216.64 - - [18/Jun/2026:15:12:32 +0200] "GET /wp-includes/images/wp.php?dir=CwhomeCwtherahulCwramailobhelaFwcomCwwp-includesCwimages&edit=arrow-pointer-blue.png HTTP/1.1" 403 787 "-" "Mozilla/5.0 AppleWebKit/537.36 (KHTML, like Gecko; compatible; ClaudeBot/1.0; +claudebot@anthropic.com)"
216.73.216.64 - - [18/Jun/2026:15:12:33 +0200] "GET /.well-known/wp.php?dir=CwhomeCwtherahulCwFwcaldav HTTP/1.1" 403 787 "-" "Mozilla/5.0 AppleWebKit/537.36 (KHTML, like Gecko; compatible; ClaudeBot/1.0; +claudebot@anthropic.com)"
216.73.216.64 - - [18/Jun/2026:15:12:33 +0200] "GET /wp-includes/pomo/wp.php?dir=CwhomeCwtherahulCwramailobhelaFwcom&edit=drinking-water-website-template.jpg HTTP/1.1" 403 787 "-" "Mozilla/5.0 AppleWebKit/537.36 (KHTML, like Gecko; compatible; ClaudeBot/1.0; +claudebot@anthropic.com)"
74.7.227.52 - - [18/Jun/2026:15:12:25 +0200] "GET /.well-known/acme-challenge/wp.php?dir=CwhomeCwtherahulCwthedasstoresFwcomCwwp-contentCwpluginsCwmailpoetCwlibCwRouterCwEndpoints&download=FormPreview.php HTTP/1.1" 200 678 "http://ramailobhela.com.therahuldas.com/.well-known/acme-challenge/wp.php?dir=CwhomeCwtherahulCwthedasstoresFwcomCwwp-contentCwpluginsCwmailpoetCwlibCwRouterCwEndpoints" "Mozilla/5.0 AppleWebKit/537.36 (KHTML, like Gecko; compatible; GPTBot/1.4; +https://openai.com/gptbot)"
74.7.227.52 - - [18/Jun/2026:15:12:27 +0200] "GET /.well-known/acme-challenge/wp.php?dir=CwhomeCwtherahulCwthedasstoresFwcomCwwp-contentCwpluginsCwmailpoetCwlibCwWooCommerce&download=MailPoetTask.php HTTP/1.1" 200 787 "http://ramailobhela.com.therahuldas.com/.well-known/acme-challenge/wp.php?dir=CwhomeCwtherahulCwthedasstoresFwcomCwwp-contentCwpluginsCwmailpoetCwlibCwWooCommerce" "Mozilla/5.0 AppleWebKit/537.36 (KHTML, like Gecko; compatible; GPTBot/1.4; +https://openai.com/gptbot)"
74.7.227.52 - - [18/Jun/2026:15:12:28 +0200] "GET /.well-known/acme-challenge/wp.php?dir=CwhomeCwtherahulCwthedasstoresFwcomCwwp-contentCwpluginsCwmailpoetCwlibCwRouterCwEndpoints&download=ViewInBrowser.php HTTP/1.1" 200 713 "http://ramailobhela.com.therahuldas.com/.well-known/acme-challenge/wp.php?dir=CwhomeCwtherahulCwthedasstoresFwcomCwwp-contentCwpluginsCwmailpoetCwlibCwRouterCwEndpoints" "Mozilla/5.0 AppleWebKit/537.36 (KHTML, like Gecko; compatible; GPTBot/1.4; +https://openai.com/gptbot)"
74.7.227.52 - - [18/Jun/2026:15:12:30 +0200] "GET /.well-known/acme-challenge/wp.php?dir=CwhomeCwtherahulCwthedasstoresFwcomCwwp-contentCwpluginsCwwoocommerceCwsrcCwProxies&download=ActionsProxy.php HTTP/1.1" 200 494 "http://ramailobhela.com.therahuldas.com/.well-known/acme-challenge/wp.php?dir=CwhomeCwtherahulCwthedasstoresFwcomCwwp-contentCwpluginsCwwoocommerceCwsrcCwProxies" "Mozilla/5.0 AppleWebKit/537.36 (KHTML, like Gecko; compatible; GPTBot/1.4; +https://openai.com/gptbot)"
74.7.227.52 - - [18/Jun/2026:15:12:31 +0200] "GET /.well-known/acme-challenge/wp.php?dir=CwhomeCwtherahulCwthedasstoresFwcomCwwp-contentCwpluginsCwwoocommerceCwsrcCwAdmin&download=ReportCSVExporter.php HTTP/1.1" 200 2966 "http://ramailobhela.com.therahuldas.com/.well-known/acme-challenge/wp.php?dir=CwhomeCwtherahulCwthedasstoresFwcomCwwp-contentCwpluginsCwwoocommerceCwsrcCwAdmin" "Mozilla/5.0 AppleWebKit/537.36 (KHTML, like Gecko; compatible; GPTBot/1.4; +https://openai.com/gptbot)"
74.7.227.52 - - [18/Jun/2026:15:12:32 +0200] "GET /.well-known/acme-challenge/wp.php?dir=CwhomeCwtherahulCwthedasstoresFwcomCwwp-contentCwpluginsCwwoocommerceCwsrcCwBlocksCwUtils&download=BlocksWpQuery.php HTTP/1.1" 200 996 "http://ramailobhela.com.therahuldas.com/.well-known/acme-challenge/wp.php?dir=CwhomeCwtherahulCwthedasstoresFwcomCwwp-contentCwpluginsCwwoocommerceCwsrcCwBlocksCwUtils" "Mozilla/5.0 AppleWebKit/537.36 (KHTML, like Gecko; compatible; GPTBot/1.4; +https://openai.com/gptbot)"
74.7.227.52 - - [18/Jun/2026:15:12:34 +0200] "GET /.well-known/acme-challenge/wp.php?dir=CwhomeCwtherahulCwthedasstoresFwcomCwwp-contentCwpluginsCwmailpoetCwlibCwNewsletter&download=ApiDataSanitizer.php HTTP/1.1" 200 645 "http://ramailobhela.com.therahuldas.com/.well-known/acme-challenge/wp.php?dir=CwhomeCwtherahulCwthedasstoresFwcomCwwp-contentCwpluginsCwmailpoetCwlibCwNewsletter" "Mozilla/5.0 AppleWebKit/537.36 (KHTML, like Gecko; compatible; GPTBot/1.4; +https://openai.com/gptbot)"
74.7.227.52 - - [18/Jun/2026:15:12:35 +0200] "GET /.well-known/acme-challenge/wp.php?dir=CwhomeCwtherahulCwthedasstoresFwcomCwwp-contentCwpluginsCwmailpoetCwlibCwNewsletterTemplates&download=BrandStyles.php HTTP/1.1" 200 274 "http://ramailobhela.com.therahuldas.com/.well-known/acme-challenge/wp.php?dir=CwhomeCwtherahulCwthedasstoresFwcomCwwp-contentCwpluginsCwmailpoetCwlibCwNewsletterTemplates" "Mozilla/5.0 AppleWebKit/537.36 (KHTML, like Gecko; compatible; GPTBot/1.4; +https://openai.com/gptbot)"
216.73.216.64 - - [18/Jun/2026:15:12:34 +0200] "GET /.well-known/wp.php?dir=CwhomeCwtherahulCwFwcagefs HTTP/1.1" 403 787 "-" "Mozilla/5.0 AppleWebKit/537.36 (KHTML, like Gecko; compatible; ClaudeBot/1.0; +claudebot@anthropic.com)"
216.73.216.64 - - [18/Jun/2026:15:12:34 +0200] "GET /wp-includes/images/wp.php?dir=CwhomeCwtherahulCwramailobhelaFwcomCwwp-includesCwimages&edit=rss-2x.png HTTP/1.1" 403 787 "-" "Mozilla/5.0 AppleWebKit/537.36 (KHTML, like Gecko; compatible; ClaudeBot/1.0; +claudebot@anthropic.com)"
216.73.216.64 - - [18/Jun/2026:15:12:35 +0200] "GET /wp-includes/images/wp.php?dir=CwhomeCwtherahulCwramailobhelaFwcomCwwp-includesCwimages&view=icon-pointer-flag.png HTTP/1.1" 403 787 "-" "Mozilla/5.0 AppleWebKit/537.36 (KHTML, like Gecko; compatible; ClaudeBot/1.0; +claudebot@anthropic.com)"
216.73.216.64 - - [18/Jun/2026:15:12:35 +0200] "GET /.well-known/wp.php?dir=CwhomeCwtherahulCwthedasstoresFwcom HTTP/1.1" 403 787 "-" "Mozilla/5.0 AppleWebKit/537.36 (KHTML, like Gecko; compatible; ClaudeBot/1.0; +claudebot@anthropic.com)"
216.73.216.64 - - [18/Jun/2026:15:12:36 +0200] "GET /.well-known/wp.php?dir=CwhomeCwtherahul&view=.imunify_patch_id HTTP/1.1" 403 787 "-" "Mozilla/5.0 AppleWebKit/537.36 (KHTML, like Gecko; compatible; ClaudeBot/1.0; +claudebot@anthropic.com)"
216.73.216.64 - - [18/Jun/2026:15:12:36 +0200] "GET /.well-known/wp.php?dir=CwhomeCwtherahul&edit=.spamassassinenable HTTP/1.1" 403 787 "-" "Mozilla/5.0 AppleWebKit/537.36 (KHTML, like Gecko; compatible; ClaudeBot/1.0; +claudebot@anthropic.com)"
216.73.216.64 - - [18/Jun/2026:15:12:36 +0200] "GET /.well-known/wp.php?dir=CwhomeCwtherahulCwwww HTTP/1.1" 403 787 "-" "Mozilla/5.0 AppleWebKit/537.36 (KHTML, like Gecko; compatible; ClaudeBot/1.0; +claudebot@anthropic.com)"
216.73.216.64 - - [18/Jun/2026:15:12:37 +0200] "GET /.well-known/wp.php?dir=CwhomeCwtherahul&view=.user.ini HTTP/1.1" 403 787 "-" "Mozilla/5.0 AppleWebKit/537.36 (KHTML, like Gecko; compatible; ClaudeBot/1.0; +claudebot@anthropic.com)"
216.73.216.64 - - [18/Jun/2026:15:12:37 +0200] "GET /.well-known/wp.php?dir=CwhomeCwtherahul&view=.bash_logout HTTP/1.1" 403 787 "-" "Mozilla/5.0 AppleWebKit/537.36 (KHTML, like Gecko; compatible; ClaudeBot/1.0; +claudebot@anthropic.com)"
216.73.216.64 - - [18/Jun/2026:15:12:37 +0200] "GET /.well-known/wp.php?dir=CwhomeCwtherahulCwetc HTTP/1.1" 403 787 "-" "Mozilla/5.0 AppleWebKit/537.36 (KHTML, like Gecko; compatible; ClaudeBot/1.0; +claudebot@anthropic.com)"
216.73.216.64 - - [18/Jun/2026:15:12:37 +0200] "GET /wp-includes/images/wp.php?dir=CwhomeCwtherahulCwramailobhelaFwcomCwwp-includesCwimages&edit=icon-pointer-flag.png HTTP/1.1" 403 787 "-" "Mozilla/5.0 AppleWebKit/537.36 (KHTML, like Gecko; compatible; ClaudeBot/1.0; +claudebot@anthropic.com)"
216.73.216.64 - - [18/Jun/2026:15:12:38 +0200] "GET /.well-known/wp.php?dir=CwhomeCwtherahulCwlogs HTTP/1.1" 403 787 "-" "Mozilla/5.0 AppleWebKit/537.36 (KHTML, like Gecko; compatible; ClaudeBot/1.0; +claudebot@anthropic.com)"
216.73.216.64 - - [18/Jun/2026:15:12:38 +0200] "GET /wp-includes/images/wp.php?dir=CwhomeCwtherahulCwramailobhelaFwcomCwwp-includesCwimages&view=rss.png HTTP/1.1" 403 787 "-" "Mozilla/5.0 AppleWebKit/537.36 (KHTML, like Gecko; compatible; ClaudeBot/1.0; +claudebot@anthropic.com)"
216.73.216.64 - - [18/Jun/2026:15:12:38 +0200] "GET /.well-known/wp.php?dir=CwhomeCwtherahulCwFwwp-toolkit HTTP/1.1" 403 787 "-" "Mozilla/5.0 AppleWebKit/537.36 (KHTML, like Gecko; compatible; ClaudeBot/1.0; +claudebot@anthropic.com)"
216.73.216.64 - - [18/Jun/2026:15:12:38 +0200] "GET /.well-known/wp.php?dir=CwhomeCwtherahulCwFwtrash HTTP/1.1" 403 787 "-" "Mozilla/5.0 AppleWebKit/537.36 (KHTML, like Gecko; compatible; ClaudeBot/1.0; +claudebot@anthropic.com)"
216.73.216.64 - - [18/Jun/2026:15:12:39 +0200] "GET /.well-known/wp.php?dir=CwhomeCwtherahulCwFwclFwselector HTTP/1.1" 403 787 "-" "Mozilla/5.0 AppleWebKit/537.36 (KHTML, like Gecko; compatible; ClaudeBot/1.0; +claudebot@anthropic.com)"
74.7.227.52 - - [18/Jun/2026:15:12:36 +0200] "GET /.well-known/acme-challenge/wp.php?dir=CwhomeCwtherahulCwthedasstoresFwcomCwwp-contentCwpluginsCwmailpoetCwlibCwEntities&download=SubscriberEntity.php HTTP/1.1" 200 3184 "http://ramailobhela.com.therahuldas.com/.well-known/acme-challenge/wp.php?dir=CwhomeCwtherahulCwthedasstoresFwcomCwwp-contentCwpluginsCwmailpoetCwlibCwEntities" "Mozilla/5.0 AppleWebKit/537.36 (KHTML, like Gecko; compatible; GPTBot/1.4; +https://openai.com/gptbot)"
74.7.227.52 - - [18/Jun/2026:15:12:38 +0200] "GET /.well-known/acme-challenge/wp.php?dir=CwhomeCwtherahulCwthedasstoresFwcomCwwp-contentCwpluginsCwmailpoetCwlibCwConfig&download=RequirementsChecker.php HTTP/1.1" 200 1435 "http://ramailobhela.com.therahuldas.com/.well-known/acme-challenge/wp.php?dir=CwhomeCwtherahulCwthedasstoresFwcomCwwp-contentCwpluginsCwmailpoetCwlibCwConfig" "Mozilla/5.0 AppleWebKit/537.36 (KHTML, like Gecko; compatible; GPTBot/1.4; +https://openai.com/gptbot)"
74.7.227.52 - - [18/Jun/2026:15:12:39 +0200] "GET /.well-known/acme-challenge/wp.php?dir=CwhomeCwtherahulCwthedasstoresFwcomCwwp-contentCwpluginsCwmailpoetCwlibCwEntities&download=UserFlagEntity.php HTTP/1.1" 200 530 "http://ramailobhela.com.therahuldas.com/.well-known/acme-challenge/wp.php?dir=CwhomeCwtherahulCwthedasstoresFwcomCwwp-contentCwpluginsCwmailpoetCwlibCwEntities" "Mozilla/5.0 AppleWebKit/537.36 (KHTML, like Gecko; compatible; GPTBot/1.4; +https://openai.com/gptbot)"
74.7.227.52 - - [18/Jun/2026:15:12:41 +0200] "GET /.well-known/acme-challenge/wp.php?dir=CwhomeCwtherahulCwthedasstoresFwcomCwwp-contentCwpluginsCwmailpoetCwlibCwDoctrine&download=CacheOnlyMappingDriver.php HTTP/1.1" 200 770 "http://ramailobhela.com.therahuldas.com/.well-known/acme-challenge/wp.php?dir=CwhomeCwtherahulCwthedasstoresFwcomCwwp-contentCwpluginsCwmailpoetCwlibCwDoctrine" "Mozilla/5.0 AppleWebKit/537.36 (KHTML, like Gecko; compatible; GPTBot/1.4; +https://openai.com/gptbot)"
74.7.227.52 - - [18/Jun/2026:15:12:42 +0200] "GET /.well-known/acme-challenge/wp.php?dir=CwhomeCwtherahulCwthedasstoresFwcomCwwp-contentCwpluginsCwmailpoetCwlibCwConfig&download=TwigFileSystemCache.php HTTP/1.1" 200 504 "http://ramailobhela.com.therahuldas.com/.well-known/acme-challenge/wp.php?dir=CwhomeCwtherahulCwthedasstoresFwcomCwwp-contentCwpluginsCwmailpoetCwlibCwConfig" "Mozilla/5.0 AppleWebKit/537.36 (KHTML, like Gecko; compatible; GPTBot/1.4; +https://openai.com/gptbot)"
74.7.227.52 - - [18/Jun/2026:15:12:43 +0200] "GET /.well-known/acme-challenge/wp.php?dir=CwhomeCwtherahulCwthedasstoresFwcomCwwp-contentCwpluginsCwmailpoetCwlibCwRouterCwEndpoints&download=Subscription.php HTTP/1.1" 200 883 "http://ramailobhela.com.therahuldas.com/.well-known/acme-challenge/wp.php?dir=CwhomeCwtherahulCwthedasstoresFwcomCwwp-contentCwpluginsCwmailpoetCwlibCwRouterCwEndpoints" "Mozilla/5.0 AppleWebKit/537.36 (KHTML, like Gecko; compatible; GPTBot/1.4; +https://openai.com/gptbot)"
74.7.227.52 - - [18/Jun/2026:15:12:45 +0200] "GET /.well-known/acme-challenge/wp.php?dir=CwhomeCwtherahulCwthedasstoresFwcomCwwp-contentCwpluginsCwmailpoetCwlibCwCronCwWorkers&download=UnsubscribeTokens.php HTTP/1.1" 200 1055 "http://ramailobhela.com.therahuldas.com/.well-known/acme-challenge/wp.php?dir=CwhomeCwtherahulCwthedasstoresFwcomCwwp-contentCwpluginsCwmailpoetCwlibCwCronCwWorkers" "Mozilla/5.0 AppleWebKit/537.36 (KHTML, like Gecko; compatible; GPTBot/1.4; +https://openai.com/gptbot)"
74.7.227.52 - - [18/Jun/2026:15:12:47 +0200] "GET /.well-known/acme-challenge/wp.php?dir=CwhomeCwtherahulCwthedasstoresFwcomCwwp-contentCwpluginsCwmailpoetCwlibCwCustomFields&download=ApiDataSanitizer.php HTTP/1.1" 200 1636 "http://ramailobhela.com.therahuldas.com/.well-known/acme-challenge/wp.php?dir=CwhomeCwtherahulCwthedasstoresFwcomCwwp-contentCwpluginsCwmailpoetCwlibCwCustomFields" "Mozilla/5.0 AppleWebKit/537.36 (KHTML, like Gecko; compatible; GPTBot/1.4; +https://openai.com/gptbot)"
74.7.227.52 - - [18/Jun/2026:15:12:48 +0200] "GET /.well-known/acme-challenge/wp.php?dir=CwhomeCwtherahulCwthedasstoresFwcomCwwp-contentCwpluginsCwmailpoetCwlibCwNewsletterCwEditor&download=LayoutHelper.php HTTP/1.1" 200 334 "http://ramailobhela.com.therahuldas.com/.well-known/acme-challenge/wp.php?dir=CwhomeCwtherahulCwthedasstoresFwcomCwwp-contentCwpluginsCwmailpoetCwlibCwNewsletterCwEditor" "Mozilla/5.0 AppleWebKit/537.36 (KHTML, like Gecko; compatible; GPTBot/1.4; +https://openai.com/gptbot)"
74.7.227.52 - - [18/Jun/2026:15:12:50 +0200] "GET /.well-known/acme-challenge/wp.php?dir=CwhomeCwtherahulCwthedasstoresFwcomCwwp-contentCwpluginsCwmailpoetCwlibCwEntities&download=SendingQueueEntity.php HTTP/1.1" 200 1532 "http://ramailobhela.com.therahuldas.com/.well-known/acme-challenge/wp.php?dir=CwhomeCwtherahulCwthedasstoresFwcomCwwp-contentCwpluginsCwmailpoetCwlibCwEntities" "Mozilla/5.0 AppleWebKit/537.36 (KHTML, like Gecko; compatible; GPTBot/1.4; +https://openai.com/gptbot)"
74.7.227.52 - - [18/Jun/2026:15:12:51 +0200] "GET /.well-known/acme-challenge/wp.php?dir=CwhomeCwtherahulCwthedasstoresFwcomCwwp-contentCwpluginsCwmailpoetCwlibCwEntities&download=UserAgentEntity.php HTTP/1.1" 200 606 "http://ramailobhela.com.therahuldas.com/.well-known/acme-challenge/wp.php?dir=CwhomeCwtherahulCwthedasstoresFwcomCwwp-contentCwpluginsCwmailpoetCwlibCwEntities" "Mozilla/5.0 AppleWebKit/537.36 (KHTML, like Gecko; compatible; GPTBot/1.4; +https://openai.com/gptbot)"
74.7.227.52 - - [18/Jun/2026:15:12:53 +0200] "GET /.well-known/acme-challenge/wp.php?dir=CwhomeCwtherahulCwthedasstoresFwcomCwwp-contentCwpluginsCwmailpoetCwlibCwEntities&download=NewsletterLinkEntity.php HTTP/1.1" 200 1096 "http://ramailobhela.com.therahuldas.com/.well-known/acme-challenge/wp.php?dir=CwhomeCwtherahulCwthedasstoresFwcomCwwp-contentCwpluginsCwmailpoetCwlibCwEntities" "Mozilla/5.0 AppleWebKit/537.36 (KHTML, like Gecko; compatible; GPTBot/1.4; +https://openai.com/gptbot)"
74.7.227.52 - - [18/Jun/2026:15:12:54 +0200] "GET /.well-known/acme-challenge/wp.php?dir=CwhomeCwtherahulCwthedasstoresFwcomCwwp-contentCwpluginsCwwoocommerceCwsrcCwInternalCwAdmin&download=Survey.php HTTP/1.1" 200 464 "http://ramailobhela.com.therahuldas.com/.well-known/acme-challenge/wp.php?dir=CwhomeCwtherahulCwthedasstoresFwcomCwwp-contentCwpluginsCwwoocommerceCwsrcCwInternalCwAdmin" "Mozilla/5.0 AppleWebKit/537.36 (KHTML, like Gecko; compatible; GPTBot/1.4; +https://openai.com/gptbot)"
74.7.227.52 - - [18/Jun/2026:15:12:56 +0200] "GET /.well-known/acme-challenge/wp.php?dir=CwhomeCwtherahulCwthedasstoresFwcomCwwp-contentCwpluginsCwmailpoetCwlibCwForm&download=BlockWrapperRenderer.php HTTP/1.1" 200 398 "http://ramailobhela.com.therahuldas.com/.well-known/acme-challenge/wp.php?dir=CwhomeCwtherahulCwthedasstoresFwcomCwwp-contentCwpluginsCwmailpoetCwlibCwForm" "Mozilla/5.0 AppleWebKit/537.36 (KHTML, like Gecko; compatible; GPTBot/1.4; +https://openai.com/gptbot)"
74.7.227.52 - - [18/Jun/2026:15:12:57 +0200] "GET /.well-known/acme-challenge/wp.php?dir=CwhomeCwtherahulCwthedasstoresFwcomCwwp-contentCwpluginsCwmailpoetCwlibCwEntities&download=ScheduledTaskEntity.php HTTP/1.1" 200 1568 "http://ramailobhela.com.therahuldas.com/.well-known/acme-challenge/wp.php?dir=CwhomeCwtherahulCwthedasstoresFwcomCwwp-contentCwpluginsCwmailpoetCwlibCwEntities" "Mozilla/5.0 AppleWebKit/537.36 (KHTML, like Gecko; compatible; GPTBot/1.4; +https://openai.com/gptbot)"
74.7.227.52 - - [18/Jun/2026:15:12:59 +0200] "GET /.well-known/acme-challenge/wp.php?dir=CwhomeCwtherahulCwthedasstoresFwcomCwwp-contentCwpluginsCwmailpoetCwlibCwSegments&download=SubscribersFinder.php HTTP/1.1" 200 1952 "http://ramailobhela.com.therahuldas.com/.well-known/acme-challenge/wp.php?dir=CwhomeCwtherahulCwthedasstoresFwcomCwwp-contentCwpluginsCwmailpoetCwlibCwSegments" "Mozilla/5.0 AppleWebKit/537.36 (KHTML, like Gecko; compatible; GPTBot/1.4; +https://openai.com/gptbot)"
74.7.227.52 - - [18/Jun/2026:15:13:00 +0200] "GET /.well-known/acme-challenge/wp.php?dir=CwhomeCwtherahulCwthedasstoresFwcomCwwp-contentCwpluginsCwmailpoetCwlibCwSettings&download=UserFlagsRepository.php HTTP/1.1" 200 273 "http://ramailobhela.com.therahuldas.com/.well-known/acme-challenge/wp.php?dir=CwhomeCwtherahulCwthedasstoresFwcomCwwp-contentCwpluginsCwmailpoetCwlibCwSettings" "Mozilla/5.0 AppleWebKit/537.36 (KHTML, like Gecko; compatible; GPTBot/1.4; +https://openai.com/gptbot)"
74.7.227.52 - - [18/Jun/2026:15:13:01 +0200] "GET /.well-known/acme-challenge/wp.php?dir=CwhomeCwtherahulCwthedasstoresFwcomCwwp-contentCwpluginsCwwoocommerceCwsrcCwInternalCwTraits&download=ScriptDebug.php HTTP/1.1" 200 347 "http://ramailobhela.com.therahuldas.com/.well-known/acme-challenge/wp.php?dir=CwhomeCwtherahulCwthedasstoresFwcomCwwp-contentCwpluginsCwwoocommerceCwsrcCwInternalCwTraits" "Mozilla/5.0 AppleWebKit/537.36 (KHTML, like Gecko; compatible; GPTBot/1.4; +https://openai.com/gptbot)"
74.7.227.52 - - [18/Jun/2026:15:13:03 +0200] "GET /.well-known/acme-challenge/wp.php?dir=CwhomeCwtherahulCwthedasstoresFwcomCwwp-contentCwpluginsCwmailpoetCwlibCwWP&download=AutocompletePostListLoader.php HTTP/1.1" 200 1016 "http://ramailobhela.com.therahuldas.com/.well-known/acme-challenge/wp.php?dir=CwhomeCwtherahulCwthedasstoresFwcomCwwp-contentCwpluginsCwmailpoetCwlibCwWP" "Mozilla/5.0 AppleWebKit/537.36 (KHTML, like Gecko; compatible; GPTBot/1.4; +https://openai.com/gptbot)"
74.7.227.52 - - [18/Jun/2026:15:13:04 +0200] "GET /.well-known/acme-challenge/wp.php?dir=CwhomeCwtherahulCwthedasstoresFwcomCwwp-contentCwpluginsCwmailpoetCwlibCwRouterCwEndpoints&download=TemplateImage.php HTTP/1.1" 200 557 "http://ramailobhela.com.therahuldas.com/.well-known/acme-challenge/wp.php?dir=CwhomeCwtherahulCwthedasstoresFwcomCwwp-contentCwpluginsCwmailpoetCwlibCwRouterCwEndpoints" "Mozilla/5.0 AppleWebKit/537.36 (KHTML, like Gecko; compatible; GPTBot/1.4; +https://openai.com/gptbot)"
74.7.227.52 - - [18/Jun/2026:15:13:06 +0200] "GET /.well-known/acme-challenge/wp.php?dir=CwhomeCwtherahulCwthedasstoresFwcomCwwp-contentCwpluginsCwmailpoetCwlibCwNewsletter&download=BlockPostQuery.php HTTP/1.1" 200 1953 "http://ramailobhela.com.therahuldas.com/.well-known/acme-challenge/wp.php?dir=CwhomeCwtherahulCwthedasstoresFwcomCwwp-contentCwpluginsCwmailpoetCwlibCwNewsletter" "Mozilla/5.0 AppleWebKit/537.36 (KHTML, like Gecko; compatible; GPTBot/1.4; +https://openai.com/gptbot)"
74.7.227.52 - - [18/Jun/2026:15:13:07 +0200] "GET /.well-known/acme-challenge/wp.php?dir=CwhomeCwtherahulCwthedasstoresFwcomCwwp-contentCwpluginsCwmailpoetCwlibCwDoctrine&download=PSRMetadataCache.php HTTP/1.1" 200 800 "http://ramailobhela.com.therahuldas.com/.well-known/acme-challenge/wp.php?dir=CwhomeCwtherahulCwthedasstoresFwcomCwwp-contentCwpluginsCwmailpoetCwlibCwDoctrine" "Mozilla/5.0 AppleWebKit/537.36 (KHTML, like Gecko; compatible; GPTBot/1.4; +https://openai.com/gptbot)"
74.7.227.52 - - [18/Jun/2026:15:13:09 +0200] "GET /.well-known/acme-challenge/wp.php?dir=CwhomeCwtherahulCwthedasstoresFwcomCwwp-contentCwpluginsCwwoocommerceCwsrcCwAdmin&download=ReportCSVEmail.php HTTP/1.1" 200 1220 "http://ramailobhela.com.therahuldas.com/.well-known/acme-challenge/wp.php?dir=CwhomeCwtherahulCwthedasstoresFwcomCwwp-contentCwpluginsCwwoocommerceCwsrcCwAdmin" "Mozilla/5.0 AppleWebKit/537.36 (KHTML, like Gecko; compatible; GPTBot/1.4; +https://openai.com/gptbot)"
74.7.227.52 - - [18/Jun/2026:15:13:10 +0200] "GET /.well-known/acme-challenge/wp.php?dir=CwhomeCwtherahulCwthedasstoresFwcomCwwp-contentCwpluginsCwwoocommerceCwsrcCwBlocks&download=InboxNotifications.php HTTP/1.1" 200 339 "http://ramailobhela.com.therahuldas.com/.well-known/acme-challenge/wp.php?dir=CwhomeCwtherahulCwthedasstoresFwcomCwwp-contentCwpluginsCwwoocommerceCwsrcCwBlocks" "Mozilla/5.0 AppleWebKit/537.36 (KHTML, like Gecko; compatible; GPTBot/1.4; +https://openai.com/gptbot)"
216.73.216.64 - - [18/Jun/2026:15:05:05 +0200] "GET /wp-includes/pomo/wp.php?dir=CwhomeCwtherahulCwramailobhelaFwcomCwwp-includes&download=bookmark.php HTTP/1.1" 200 0 "-" "Mozilla/5.0 AppleWebKit/537.36 (KHTML, like Gecko; compatible; ClaudeBot/1.0; +claudebot@anthropic.com)"
74.7.227.52 - - [18/Jun/2026:15:07:43 +0200] "GET /.well-known/acme-challenge/%3C?php%20echo%20esc_url(%20Redirect::get_url(%20%27jetpack%27%20)%20);%20?%3E HTTP/1.1" 404 32822 "http://ramailobhela.com.therahuldas.com/.well-known/acme-challenge/wp.php?dir=CwhomeCwtherahulCwthedasstoresFwcomCwwp-contentCwpluginsCwjetpackCw_incCwlibCwadmin-pages&view=class.jetpack-admin-page.php" "Mozilla/5.0 AppleWebKit/537.36 (KHTML, like Gecko; compatible; GPTBot/1.4; +https://openai.com/gptbot)"
216.73.216.64 - - [18/Jun/2026:15:09:50 +0200] "GET /wp-includes/images/smilies/mrgreen.png HTTP/1.1" 200 1486 "-" "Mozilla/5.0 AppleWebKit/537.36 (KHTML, like Gecko; compatible; ClaudeBot/1.0; +claudebot@anthropic.com)"
216.73.216.64 - - [18/Jun/2026:15:11:07 +0200] "GET /wp-includes/pomo/wp.php?dir=CwhomeCwtherahulCwramailobhelaFwcom&edit=READ-ME.txt HTTP/1.1" 200 4025 "-" "Mozilla/5.0 AppleWebKit/537.36 (KHTML, like Gecko; compatible; ClaudeBot/1.0; +claudebot@anthropic.com)"
216.73.216.64 - - [18/Jun/2026:15:13:19 +0200] "GET /wp-includes/images/wp.php?dir=CwhomeCwtherahulCwramailobhelaFwcomCwwp-includesCwimages&view=toggle-arrow.png HTTP/1.1" 200 308 "-" "Mozilla/5.0 AppleWebKit/537.36 (KHTML, like Gecko; compatible; ClaudeBot/1.0; +claudebot@anthropic.com)"
216.73.216.64 - - [18/Jun/2026:15:13:19 +0200] "GET /wp-includes/images/wp.php?dir=CwhomeCwtherahulCwramailobhelaFwcomCwwp-includesCwimages&edit=xit-2x.gif HTTP/1.1" 403 787 "-" "Mozilla/5.0 AppleWebKit/537.36 (KHTML, like Gecko; compatible; ClaudeBot/1.0; +claudebot@anthropic.com)"
216.73.216.64 - - [18/Jun/2026:15:13:20 +0200] "GET /wp-includes/images/wp.php?dir=CwhomeCwtherahulCwramailobhelaFwcomCwwp-includesCwimages&view=admin-bar-sprite.png HTTP/1.1" 403 787 "-" "Mozilla/5.0 AppleWebKit/537.36 (KHTML, like Gecko; compatible; ClaudeBot/1.0; +claudebot@anthropic.com)"
216.73.216.64 - - [18/Jun/2026:15:13:20 +0200] "GET /wp-includes/images/wp.php?dir=CwhomeCwtherahulCwramailobhelaFwcomCwwp-includesCwimages&view=down_arrow.gif HTTP/1.1" 403 787 "-" "Mozilla/5.0 AppleWebKit/537.36 (KHTML, like Gecko; compatible; ClaudeBot/1.0; +claudebot@anthropic.com)"
216.73.216.64 - - [18/Jun/2026:15:13:20 +0200] "GET /wp-includes/pomo/wp.php?dir=CwhomeCwtherahulCwramailobhelaFwcom&view=favicon-16x16.png HTTP/1.1" 403 787 "-" "Mozilla/5.0 AppleWebKit/537.36 (KHTML, like Gecko; compatible; ClaudeBot/1.0; +claudebot@anthropic.com)"
216.73.216.64 - - [18/Jun/2026:15:13:20 +0200] "GET /.well-known/wp.php?dir=CwhomeCwtherahulCwsoftaculous_backups HTTP/1.1" 403 787 "-" "Mozilla/5.0 AppleWebKit/537.36 (KHTML, like Gecko; compatible; ClaudeBot/1.0; +claudebot@anthropic.com)"
216.73.216.64 - - [18/Jun/2026:15:13:20 +0200] "GET /wp-includes/images/wp.php?dir=CwhomeCwtherahulCwramailobhelaFwcomCwwp-includesCwimages&view=xit.gif HTTP/1.1" 403 787 "-" "Mozilla/5.0 AppleWebKit/537.36 (KHTML, like Gecko; compatible; ClaudeBot/1.0; +claudebot@anthropic.com)"
216.73.216.64 - - [18/Jun/2026:15:13:20 +0200] "GET /wp-includes/images/wp.php?dir=CwhomeCwtherahulCwramailobhelaFwcomCwwp-includesCwimages&edit=down_arrow.gif HTTP/1.1" 403 787 "-" "Mozilla/5.0 AppleWebKit/537.36 (KHTML, like Gecko; compatible; ClaudeBot/1.0; +claudebot@anthropic.com)"
216.73.216.64 - - [18/Jun/2026:15:13:21 +0200] "GET /wp-includes/images/wp.php?dir=CwhomeCwtherahulCwramailobhelaFwcomCwwp-includesCwimages&view=arrow-pointer-blue-2x.png HTTP/1.1" 403 787 "-" "Mozilla/5.0 AppleWebKit/537.36 (KHTML, like Gecko; compatible; ClaudeBot/1.0; +claudebot@anthropic.com)"
216.73.216.64 - - [18/Jun/2026:15:13:21 +0200] "GET /.well-known/img/php-icon.png HTTP/1.1" 403 787 "-" "Mozilla/5.0 AppleWebKit/537.36 (KHTML, like Gecko; compatible; ClaudeBot/1.0; +claudebot@anthropic.com)"
216.73.216.64 - - [18/Jun/2026:15:12:16 +0200] "GET /wp-includes/pomo/wp.php?dir=CwhomeCwtherahulCwramailobhelaFwcom&view=license.txt HTTP/1.1" 200 7307 "-" "Mozilla/5.0 AppleWebKit/537.36 (KHTML, like Gecko; compatible; ClaudeBot/1.0; +claudebot@anthropic.com)"
216.73.216.64 - - [18/Jun/2026:15:13:19 +0200] "GET /.well-known/wp.php?dir=CwhomeCwtherahul&download=.spamassassinboxenable HTTP/1.1" 200 36 "-" "Mozilla/5.0 AppleWebKit/537.36 (KHTML, like Gecko; compatible; ClaudeBot/1.0; +claudebot@anthropic.com)"
216.73.216.64 - - [18/Jun/2026:15:13:19 +0200] "GET /wp-includes/images/wp.php?dir=CwhomeCwtherahulCwramailobhelaFwcomCwwp-includesCwimages&download=rss.png HTTP/1.1" 200 648 "-" "Mozilla/5.0 AppleWebKit/537.36 (KHTML, like Gecko; compatible; ClaudeBot/1.0; +claudebot@anthropic.com)"
